000
CXUS55 KBOU 011000
CF6AKO
PRELIMINARY LOCAL CLIMATOLOGICAL DATA (WS FORM: F-6)
STATION: AKRON CO
MONTH: NOVEMBER
YEAR: 2021
LATITUDE: 40 10 N
LONGITUDE: 103 13 W
TEMPERATURE IN F: :PCPN: SNOW: WIND :SUNSHINE: SKY :PK WND
================================================================================
1 2 3 4 5 6A 6B 7 8 9 10 11 12 13 14 15 16 17 18
12Z AVG MX 2MIN
DY MAX MIN AVG DEP HDD CDD WTR SNW DPTH SPD SPD DIR MIN PSBL S-S WX SPD DR
================================================================================
1 37 29 33 -11 32 0 0.04 M M 7.5 20 140 M M 9 1 34 150
2 44 30 37 -7 28 0 0.01 M M 8.2 16 170 M M 8 1 22 170
3 57 29 43 0 22 0 0.00 M M 7.7 13 260 M M 3 12 18 270
4 65 38 52 9 13 0 0.00 M M 10.5 18 260 M M 1 24 260
5 74 39 57 15 8 0 0.00 M M 9.5 20 260 M M 0 26 250
6 79 39 59 17 6 0 0.00 M M 8.7 15 250 M M 0 20 240
7 77 42 60 18 5 0 0.00 M M 9.1 20 270 M M 0 28 270
8 52 29 41 0 24 0 0.00 M M 9.5 17 350 M M 1 24 360
9 58 27 43 2 22 0 0.00 M M 11.4 22 130 M M 1 31 140
10 54 27 41 1 24 0 0.00 M M 15.3 33 340 M M 1 44 320
11 50 22 36 -4 29 0 T M M 12.0 26 350 M M 5 36 350
12 50 30 40 0 25 0 0.00 M M 15.6 28 330 M M 3 39 350
13 67 30 49 10 16 0 0.00 M M 14.3 36 350 M M 1 47 360
14 65 27 46 7 19 0 0.00 M M 11.7 21 280 M M 0 30 260
15 74 41 58 19 7 0 0.00 M M 10.2 22 290 M M 0 28 290
16 68 34 51 13 14 0 0.00 M M 10.7 28 10 M M 0 39 10
17 39 19 29 -9 36 0 0.00 M M 11.5 25 350 M M 5 33 350
18 52 16 34 -3 31 0 0.00 M M 12.1 22 170 M M 0 31 170
19 63 31 47 10 18 0 0.00 M M 8.6 18 280 M M 2 23 270
20 54 30 42 5 23 0 T M M 7.7 20 10 M M 3 24 20
21 48 24 36 0 29 0 0.00 M M 9.3 15 230 M M 0 19 230
22 64 24 44 8 21 0 0.00 M M 8.2 14 290 M M 0 21 280
23 67 31 49 14 16 0 0.00 M M 10.0 16 270 M M 0 21 260
24 50 16 33 -2 32 0 0.00 M M 16.9 32 340 M M 4 45 330
25 56 17 37 2 28 0 0.00 M M 10.7 16 230 M M 0 23 240
26 68 36 52 18 13 0 0.00 M M 10.3 17 260 M M 0 23 260
27 55 33 44 10 21 0 0.00 M M 9.7 21 360 M M 2 27 360
28 63 31 47 13 18 0 0.00 M M 11.8 17 230 M M 0 23 240
29 69 40 55 22 10 0 0.00 M M 9.8 20 330 M M 0 26 340
30 54 32 43 10 22 0 0.00 M M 9.4 17 340 M M 2 23 350
================================================================================
SM 1773 893 612 0 0.05 M 317.9 M 51
================================================================================
AV 59.1 29.8 10.6 FASTST M M 2 MAX(MPH)
MISC ----> 36 350 47 360
================================================================================
NOTES:
# LAST OF SEVERAL OCCURRENCES
COLUMN 17 PEAK WIND IN M.P.H.
PRELIMINARY LOCAL CLIMATOLOGICAL DATA (WS FORM: F-6) , PAGE 2
STATION: AKRON CO
MONTH: NOVEMBER
YEAR: 2021
LATITUDE: 40 10 N
LONGITUDE: 103 13 W
[TEMPERATURE DATA] [PRECIPITATION DATA] SYMBOLS USED IN COLUMN 16
AVERAGE MONTHLY: 44.4 TOTAL FOR MONTH: 0.05 1 = FOG OR MIST
DPTR FM NORMAL: 6.1 DPTR FM NORMAL: -0.37 2 = FOG REDUCING VISIBILITY
HIGHEST: 79 ON 6 GRTST 24HR 0.05 ON 1- 2 TO 1/4 MILE OR LESS
LOWEST: 16 ON 24,18 3 = THUNDER
SNOW, ICE PELLETS, HAIL 4 = ICE PELLETS
TOTAL MONTH: M 5 = HAIL
GRTST 24HR M ON M 6 = FREEZING RAIN OR DRIZZLE
GRTST DEPTH: M ON M 7 = DUSTSTORM OR SANDSTORM:
VSBY 1/2 MILE OR LESS
8 = SMOKE OR HAZE
[NO. OF DAYS WITH] [WEATHER - DAYS WITH] 9 = BLOWING SNOW
X = TORNADO
MAX 32 OR BELOW: 0 0.01 INCH OR MORE: 2
MAX 90 OR ABOVE: 0 0.10 INCH OR MORE: 0
MIN 32 OR BELOW: 21 0.50 INCH OR MORE: 0
MIN 0 OR BELOW: 0 1.00 INCH OR MORE: 0
[HDD (BASE 65) ]
TOTAL THIS MO. 612 CLEAR (SCALE 0-3) 23
DPTR FM NORMAL -188 PTCLDY (SCALE 4-7) 6
TOTAL FM JUL 1 1018 CLOUDY (SCALE 8-10) 1
DPTR FM NORMAL -385
[CDD (BASE 65) ]
TOTAL THIS MO. 0
DPTR FM NORMAL 0 [PRESSURE DATA]
TOTAL FM JAN 1 1051 HIGHEST SLP 30.54 ON 25
DPTR FM NORMAL 232 LOWEST SLP 29.55 ON 16
[REMARKS]
#FINAL-11-21#