447
CXUS55 KBOU 010735
CF6AKO
PRELIMINARY LOCAL CLIMATOLOGICAL DATA (WS FORM: F-6)
STATION: AKRON CO
MONTH: JUNE
YEAR: 2020
LATITUDE: 40 10 N
LONGITUDE: 103 13 W
TEMPERATURE IN F: :PCPN: SNOW: WIND :SUNSHINE: SKY :PK WND
================================================================================
1 2 3 4 5 6A 6B 7 8 9 10 11 12 13 14 15 16 17 18
12Z AVG MX 2MIN
DY MAX MIN AVG DEP HDD CDD WTR SNW DPTH SPD SPD DIR MIN PSBL S-S WX SPD DR
================================================================================
1 95 60 78 16 0 13 0.00 M M 7.9 17 170 M M 0 24 170
2 85 58 72 10 0 7 T M M 12.4 23 70 M M 1 3 30 80
3 93 54 74 11 0 9 T M M 8.8 39 360 M M 0 3 49 360
4 95 59 77 14 0 12 T M M 12.5 52 280 M M 0 8 71 280
5 98 62 80 16 0 15 T M M 12.7 28 90 M M 0 40 100
6 93 65 79 15 0 14 0.12 M M 19.9 53 230 M M 0 38 76 230
7 97 65 81 17 0 16 T M M 20.7 37 210 M M 0 55 200
8 M M M M M M 0.02 M M 17.0 46 340 M M 1 3 68 340
9 M M M M M M M M M M M M M M M M M
10 76 42 59 -6 6 0 0.00 M M M M M M M 1 M M
11 83 50 67 1 0 2 0.00 M M 7.9 17 10 M M 0 22 10
12 88 52 70 4 0 5 0.00 M M 13.8 23 130 M M 0 33 140
13 95 56 76 10 0 11 0.00 M M 11.8 25 150 M M 0 33 140
14 95 67 81 14 0 16 0.00 M M 18.2 32 180 M M 1 8 48 180
15 93 56 75 8 0 10 0.00 M M 13.2 25 110 M M 0 36 110
16 98 63 81 13 0 16 0.00 M M 19.0 36 160 M M 0 58 160
17 98 57 78 10 0 13 0.00 M M 14.0 45 360 M M 0 8 55 360
18 76 56 66 -2 0 1 0.00 M M 16.2 36 360 M M 4 46 360
19 72 51 62 -7 3 0 T M M 10.9 24 140 M M 3 34 90
20 88 49 69 0 0 4 0.00 M M 10.5 24 300 M M 0 31 310
21 85 54 70 1 0 5 0.00 M M 11.1 39 330 M M 0 49 330
22 83 54 69 -1 0 4 0.05 M M 9.7 28 10 M M 3 1 38 290
23 88 56 72 2 0 7 0.00 M M 8.2 20 170 M M 4 29 160
24 93 53 73 3 0 8 0.00 M M 7.7 23 210 M M 1 34 210
25 98 64 81 10 0 16 0.00 M M 12.1 32 340 M M 0 42 350
26 85 55 70 -1 0 5 0.27 M M 9.8 41 310 M M 2 13 51 300
27 91 57 74 3 0 9 0.00 M M 9.0 17 250 M M 0 22 260
28 95 60 78 6 0 13 T M M 11.5 28 140 M M 0 3 42 220
29 97 57 77 5 0 12 0.00 M M 9.3 18 220 M M 0 25 220
30 82 56 69 -3 0 4 T 0.0 0 17.0 32 340 M M 0 42 340
================================================================================
SM 2515 1588 9 247 0.46 0.0 352.8 M 21
================================================================================
AV 89.8 56.7 12.6 FASTST M M 1 MAX(MPH)
MISC ----> # 53 230 # 76 230
================================================================================
NOTES:
# LAST OF SEVERAL OCCURRENCES
COLUMN 17 PEAK WIND IN M.P.H.
PRELIMINARY LOCAL CLIMATOLOGICAL DATA (WS FORM: F-6) , PAGE 2
STATION: AKRON CO
MONTH: JUNE
YEAR: 2020
LATITUDE: 40 10 N
LONGITUDE: 103 13 W
[TEMPERATURE DATA] [PRECIPITATION DATA] SYMBOLS USED IN COLUMN 16
AVERAGE MONTHLY: 73.3 TOTAL FOR MONTH: 0.46 1 = FOG OR MIST
DPTR FM NORMAL: 6.1 DPTR FM NORMAL: -2.00 2 = FOG REDUCING VISIBILITY
HIGHEST: 98 ON 25,17 GRTST 24HR 0.27 ON 26-26 TO 1/4 MILE OR LESS
LOWEST: 42 ON 10 3 = THUNDER
SNOW, ICE PELLETS, HAIL 4 = ICE PELLETS
TOTAL MONTH: 0.0 INCH 5 = HAIL
GRTST 24HR 0.0 6 = FREEZING RAIN OR DRIZZLE
GRTST DEPTH: 0 7 = DUSTSTORM OR SANDSTORM:
VSBY 1/2 MILE OR LESS
8 = SMOKE OR HAZE
[NO. OF DAYS WITH] [WEATHER - DAYS WITH] 9 = BLOWING SNOW
X = TORNADO
MAX 32 OR BELOW: 0 0.01 INCH OR MORE: 4
MAX 90 OR ABOVE: 16 0.10 INCH OR MORE: 2
MIN 32 OR BELOW: 0 0.50 INCH OR MORE: 0
MIN 0 OR BELOW: 0 1.00 INCH OR MORE: 0
[HDD (BASE 65) ]
TOTAL THIS MO. 9 CLEAR (SCALE 0-3) 27
DPTR FM NORMAL -54 PTCLDY (SCALE 4-7) 2
TOTAL FM JUL 1 6114 CLOUDY (SCALE 8-10) 0
DPTR FM NORMAL -208
[CDD (BASE 65) ]
TOTAL THIS MO. 247
DPTR FM NORMAL 117 [PRESSURE DATA]
TOTAL FM JAN 1 279 HIGHEST SLP M ON M
DPTR FM NORMAL 126 LOWEST SLP 29.28 ON 7
[REMARKS]
#FINAL-06-20#