000
CXUS55 KBOU 010900
CF6AKO
PRELIMINARY LOCAL CLIMATOLOGICAL DATA (WS FORM: F-6)
STATION: AKRON CO
MONTH: JULY
YEAR: 2023
LATITUDE: 40 10 N
LONGITUDE: 103 13 W
TEMPERATURE IN F: :PCPN: SNOW: WIND :SUNSHINE: SKY :PK WND
================================================================================
1 2 3 4 5 6A 6B 7 8 9 10 11 12 13 14 15 16 17 18
12Z AVG MX 2MIN
DY MAX MIN AVG DEP HDD CDD WTR SNW DPTH SPD SPD DIR MIN PSBL S-S WX SPD DR
================================================================================
1 77 52 65 -8 0 0 0.00 M M 9.0 17 350 M M 0 23 360
2 84 59 72 -1 0 7 T M M 8.3 16 280 M M 1 23 250
3 89 57 73 0 0 8 T M M 6.3 16 220 M M 0 21 220
4 81 58 70 -3 0 5 0.66 M M 12.9 33 70 M M 2 13 42 70
5 64 54 59 -15 6 0 0.44 M M 12.1 28 80 M M 10 13 35 80
6 71 55 63 -11 2 0 0.06 M M 12.6 24 170 M M 9 123 35 150
7 75 59 67 -7 0 2 T M M 10.6 18 360 M M 4 1 27 20
8 72 55 64 -10 1 0 0.27 M M 15.3 32 70 M M 9 13 47 60
9 81 51 66 -8 0 1 0.00 M M 6.4 16 200 M M 0 1 20 200
10 90 62 76 2 0 11 0.00 M M 7.8 16 100 M M 0 22 80
11 92 64 78 4 0 13 0.00 M M 9.8 22 240 M M 0 28 190
12 89 64 77 2 0 12 0.00 M M 10.8 26 300 M M 0 36 280
13 83 64 74 -1 0 9 0.07 M M 13.5 23 130 M M 2 13 31 120
14 81 58 70 -5 0 5 T M M 12.7 30 330 M M 2 13 38 330
15 86 58 72 -3 0 7 0.04 M M 7.5 17 210 M M 3 3 23 200
16 87 61 74 -1 0 9 0.00 M M 9.7 23 330 M M 0 30 330
17 94 66 80 5 0 15 0.00 M M 8.7 18 180 M M 0 27 170
18 94 64 79 4 0 14 T M M 10.2 24 250 M M 0 32 250
19 88 66 77 2 0 12 T M M 9.6 24 350 M M 2 33 320
20 73 57 65 -10 0 0 1.97 M M 11.6 44 220 M M 7 123 63 230
21 80 57 69 -6 0 4 T M M 4.4 15 110 M M 5 1 20 110
22 88 58 73 -2 0 8 0.00 M M 6.4 14 270 M M 0 19 240
23 93 65 79 4 0 14 0.00 M M 7.9 18 250 M M 0 3 24 360
24 96 61 79 4 0 14 0.00 M M 7.0 21 210 M M 0 29 200
25 94 63 79 4 0 14 0.13 M M 8.3 26 280 M M 1 3 44 280
26 93 64 79 4 0 14 0.03 M M 9.1 33 280 M M 1 3 47 290
27 94 61 78 3 0 13 0.01 M M 9.1 30 350 M M 0 41 340
28 89 59 74 -1 0 9 T M M 9.6 31 50 M M 1 3 49 300
29 83 57 70 -5 0 5 0.00 M M 12.5 24 130 M M 1 12 35 110
30 91 62 77 2 0 12 0.00 M M 9.2 18 110 M M 0 27 150
31 86 63 75 0 0 10 0.02 M M 11.0 24 50 M M 2 3 33 50
================================================================================
SM 2638 1854 9 247 3.70 M 299.9 M 62
================================================================================
AV 85.1 59.8 9.7 FASTST M M 2 MAX(MPH)
MISC ----> 44 220 63 230
================================================================================
NOTES:
# LAST OF SEVERAL OCCURRENCES
COLUMN 17 PEAK WIND IN M.P.H.
PRELIMINARY LOCAL CLIMATOLOGICAL DATA (WS FORM: F-6) , PAGE 2
STATION: AKRON CO
MONTH: JULY
YEAR: 2023
LATITUDE: 40 10 N
LONGITUDE: 103 13 W
[TEMPERATURE DATA] [PRECIPITATION DATA] SYMBOLS USED IN COLUMN 16
AVERAGE MONTHLY: 72.5 TOTAL FOR MONTH: 3.70 1 = FOG OR MIST
DPTR FM NORMAL: -2.0 DPTR FM NORMAL: 0.92 2 = FOG REDUCING VISIBILITY
HIGHEST: 96 ON 24 GRTST 24HR 1.97 ON 20-20 TO 1/4 MILE OR LESS
LOWEST: 51 ON 9 3 = THUNDER
SNOW, ICE PELLETS, HAIL 4 = ICE PELLETS
TOTAL MONTH: M 5 = HAIL
GRTST 24HR M ON M 6 = FREEZING RAIN OR DRIZZLE
GRTST DEPTH: M ON M 7 = DUSTSTORM OR SANDSTORM:
VSBY 1/2 MILE OR LESS
8 = SMOKE OR HAZE
[NO. OF DAYS WITH] [WEATHER - DAYS WITH] 9 = BLOWING SNOW
X = TORNADO
MAX 32 OR BELOW: 0 0.01 INCH OR MORE: 11
MAX 90 OR ABOVE: 10 0.10 INCH OR MORE: 5
MIN 32 OR BELOW: 0 0.50 INCH OR MORE: 2
MIN 0 OR BELOW: 0 1.00 INCH OR MORE: 1
[HDD (BASE 65) ]
TOTAL THIS MO. 9 CLEAR (SCALE 0-3) 25
DPTR FM NORMAL 3 PTCLDY (SCALE 4-7) 3
TOTAL FM JUL 1 9 CLOUDY (SCALE 8-10) 3
DPTR FM NORMAL 9
[CDD (BASE 65) ]
TOTAL THIS MO. 247
DPTR FM NORMAL -53 [PRESSURE DATA]
TOTAL FM JAN 1 330 HIGHEST SLP M ON M
DPTR FM NORMAL -145 LOWEST SLP 29.73 ON 12
[REMARKS]
#FINAL-07-23#