000
CXUS55 KALY 160114
CF6ALB
PRELIMINARY LOCAL CLIMATOLOGICAL DATA (WS FORM: F-6)
STATION: ALBANY NY
MONTH: JULY
YEAR: 2020
LATITUDE: 42 45 N
LONGITUDE: 73 48 W
TEMPERATURE IN F: :PCPN: SNOW: WIND :SUNSHINE: SKY :PK WND
================================================================================
1 2 3 4 5 6A 6B 7 8 9 10 11 12 13 14 15 16 17 18
12Z AVG MX 2MIN
DY MAX MIN AVG DEP HDD CDD WTR SNW DPTH SPD SPD DIR MIN PSBL S-S WX SPD DR
================================================================================
1 83 64 74 3 0 9 T 0.0 0 4.5 16 310 M M 7 1 20 310
2 93 63 78 7 0 13 0.41 0.0 0 3.9 32 350 M M 5 3 42 360
3 83 68 76 5 0 11 0.49 0.0 0 3.0 30 60 M M 8 13 37 50
4 89 65 77 6 0 12 0.00 0.0 0 2.9 10 20 M M 5 12 13 10
5 91 62 77 6 0 12 0.00 0.0 0 4.6 18 250 M M 5 23 240
6 88 66 77 5 0 12 0.00 0.0 0 4.7 14 160 M M 2 21 160
7 85 69 77 5 0 12 0.00 0.0 0 12.1 20 150 M M 5 27 160
8 89 73 81 9 0 16 0.13 0.0 0 8.3 26 30 M M 7 3 33 20
9 94 73 84 12 0 19 0.00 0.0 0 6.0 13 170 M M 5 19 160
10 88 74 81 9 0 16 0.12 0.0 0 6.7 14 120 M M 7 19 100
11 90 74 82 10 0 17 0.15 0.0 0 13.0 23 160 M M 8 1 30 170
12 90 74 82 10 0 17 0.00 0.0 0 10.4 22 260 M M 7 27 260
13 88 68 78 6 0 13 T 0.0 0 6.9 17 320 M M 7 21 310
14 84 67 76 4 0 11 T 0.0 0 5.7 17 10 M M 6 3 22 360
15 86 65 76 4 0 11 0.00 0.0 0 4.5 13 140 M M 5 1 18 160
16 80 65 73 1 0 8 0.53 0.0 0 12.5 21 160 M M 8 28 150
17 81 62 72 0 0 7 0.28 0.0 0 9.4 18 160 M M 7 138 26 140
18 87 59 73 1 0 8 0.00 0.0 0 2.5 12 260 M M 3 1 15 260
19 93 64 79 7 0 14 T 0.0 0 7.4 17 240 M M 5 1 23 170
20 87 69 78 6 0 13 0.00 0.0 0 8.7 21 280 M M 7 26 270
21 82 64 73 1 0 8 0.00 0.0 0 7.3 15 300 M M 4 21 310
22 85 64 75 3 0 10 0.14 0.0 0 4.5 20 280 M M 9 13 25 260
23 82 67 75 3 0 10 0.91 0.0 0 4.9 14 280 M M 8 13 17 280
24 82 65 74 2 0 9 0.00 0.0 0 3.3 13 350 M M 6 15 360
25 85 63 74 2 0 9 0.00 0.0 0 4.1 15 300 M M 5 1 19 300
26 87 62 75 3 0 10 0.00 0.0 0 6.9 16 260 M M 6 21 270
27 93 64 79 7 0 14 T 0.0 0 7.0 20 280 M M 5 3 24 280
28 81 61 71 -1 0 6 0.35 0.0 0 6.2 22 310 M M 6 13 28 300
29 86 57 72 0 0 7 0.01 0.0 0 3.7 16 280 M M 5 19 280
30 81 63 72 0 0 7 0.05 0.0 0 5.4 18 270 M M 7 1 25 260
31 83 57 70 -2 0 5 0.00 0.0 0 4.3 13 330 M M 4 17 320
================================================================================
SM 2676 2031 0 346 3.57 0.0 195.3 M 184
================================================================================
AV 86.3 65.5 6.3 FASTST M M 6 MAX(MPH)
MISC ----> 32 350 42 360
================================================================================
NOTES:
# LAST OF SEVERAL OCCURRENCES
COLUMN 17 PEAK WIND IN M.P.H.
PRELIMINARY LOCAL CLIMATOLOGICAL DATA (WS FORM: F-6) , PAGE 2
STATION: ALBANY NY
MONTH: JULY
YEAR: 2020
LATITUDE: 42 45 N
LONGITUDE: 73 48 W
[TEMPERATURE DATA] [PRECIPITATION DATA] SYMBOLS USED IN COLUMN 16
AVERAGE MONTHLY: 75.9 TOTAL FOR MONTH: 3.57 1 = FOG OR MIST
DPTR FM NORMAL: 4.1 DPTR FM NORMAL: -0.55 2 = FOG REDUCING VISIBILITY
HIGHEST: 94 ON 9 GRTST 24HR 1.05 ON 22-23 TO 1/4 MILE OR LESS
LOWEST: 57 ON 31,29 3 = THUNDER
SNOW, ICE PELLETS, HAIL 4 = ICE PELLETS
TOTAL MONTH: 0.0 INCH 5 = HAIL
GRTST 24HR 0.0 6 = FREEZING RAIN OR DRIZZLE
GRTST DEPTH: 0 7 = DUSTSTORM OR SANDSTORM:
VSBY 1/2 MILE OR LESS
8 = SMOKE OR HAZE
[NO. OF DAYS WITH] [WEATHER - DAYS WITH] 9 = BLOWING SNOW
X = TORNADO
MAX 32 OR BELOW: 0 0.01 INCH OR MORE: 12
MAX 90 OR ABOVE: 7 0.10 INCH OR MORE: 10
MIN 32 OR BELOW: 0 0.50 INCH OR MORE: 2
MIN 0 OR BELOW: 0 1.00 INCH OR MORE: 0
[HDD (BASE 65) ]
TOTAL THIS MO. 0 CLEAR (SCALE 0-3) 2
DPTR FM NORMAL -5 PTCLDY (SCALE 4-7) 27
TOTAL FM JUL 1 0 CLOUDY (SCALE 8-10) 2
DPTR FM NORMAL 0
[CDD (BASE 65) ]
TOTAL THIS MO. 346
DPTR FM NORMAL 128 [PRESSURE DATA]
TOTAL FM JAN 1 639 HIGHEST SLP 30.29 ON 16
DPTR FM NORMAL 273 LOWEST SLP 29.53 ON 12
[REMARKS]
#FINAL-07-20#