000
CXUS51 KALY 011703
CLSALB
ALBCLMALB 000
TTAA00 KALY 011702
CLIMATE REPORT
NATIONAL WEATHER SERVICE ALBANY NY
1155 AM EST SUN DEC 1 2019
...................................
...THE ALBANY NY CLIMATE SUMMARY FOR THE SEASON, FROM
9/1/2019 TO 11/30/2019...
CLIMATE NORMAL PERIOD 1981 TO 2010
CLIMATE RECORD PERIOD 1874 TO 2019
WEATHER OBSERVED NORMAL DEPART LAST YEAR`S
VALUE DATE(S) VALUE FROM VALUE DATE(S)
NORMAL
................................................................
TEMPERATURE (F)
RECORD
HIGH 100 09/03/1953
09/02/1953
LOW -11 11/26/1938
HIGHEST 87 09/22 MM MM 94 09/03
09/11
LOWEST 14 11/13 MM MM 4 11/23
AVG. MAXIMUM 60.9 60.0 0.9 59.2
AVG. MINIMUM 41.8 40.9 0.9 44.1
MEAN 51.3 50.5 0.8 51.6
DAYS MAX >= 90 0 0.2 -0.2 3
DAYS MAX <= 32 1 1.2 -0.2 3
DAYS MIN <= 32 19 23.4 -4.4 22
DAYS MIN <= 0 0 0.0 0.0 0
PRECIPITATION (INCHES)
RECORD
MAXIMUM 18.39 1869
MINIMUM 2.39 1964
TOTALS 12.53 10.27 2.26 14.98
DAILY AVG. 0.13 0.11 0.02 0.17
DAYS >= .01 31 31.9 -0.9 42
DAYS >= .10 20 19.2 0.8 28
DAYS >= .50 10 6.9 3.1 9
DAYS >= 1.00 3 2.3 0.7 5
GREATEST
24 HR. TOTAL 1.63 10/17 TO 10/17
SNOWFALL (INCHES)
RECORDS
24 HR TOTAL 21.9 11/24/1971 TO 11/25/1971
SNOW DEPTH 18 11/18/1971
TOTALS 2.3 3.1 -0.8 10.4
SNOWDEPTH AVG. 0
DAYS >= TRACE 7 2.6 4.4
DAYS >= 1.0 1 0.9 0.1
GREATEST
SNOW DEPTH 1 11/20 4 11/16
11/14
11/19
24 HR TOTAL 1.5 11/19 TO 11/19
DEGREE_DAYS
HEATING TOTAL 1272 1381 -109 1376
SINCE 7/1 MM 1404 MM MM
COOLING TOTAL 51 55 -4 181
SINCE 1/1 774 598 176 1058
FREEZE DATES
RECORD
EARLIEST 09/24/1963
LATEST 05/27/1969
EARLIEST 10/10
LATEST 04/28
.................................................................
WIND (MPH)
AVERAGE WIND SPEED 6.8
HIGHEST WIND SPEED/DIRECTION 38/280 DATE 11/01
HIGHEST GUST SPEED/DIRECTION 51/280 DATE 11/01
WEATHER CONDITIONS. NUMBER OF DAYS WITH
THUNDERSTORM 4 MIXED PRECIP 0
HEAVY RAIN 5 RAIN 12
LIGHT RAIN 43 FREEZING RAIN 0
LT FREEZING RAIN 1 HAIL 0
HEAVY SNOW 0 SNOW 4
LIGHT SNOW 7 SLEET 2
FOG 46 FOG W/VIS <= 1/4 MILE 6
HAZE 3
- INDICATES NEGATIVE NUMBERS.
R INDICATES RECORD WAS SET OR TIED.
MM INDICATES DATA IS MISSING.
T INDICATES TRACE AMOUNT.
$$