000
CXUS55 KPUB 012029
CLMALS
CLIMATE REPORT
NATIONAL WEATHER SERVICE
129 PM MST MON JAN 01 2024
...................................
...THE ALAMOSA CO CLIMATE SUMMARY FOR THE MONTH OF DECEMBER 2023...
CLIMATE NORMAL PERIOD 1991 TO 2020
CLIMATE RECORD PERIOD 1932 TO 2023
WEATHER OBSERVED NORMAL DEPART LAST YEAR`S
VALUE DATE(S) VALUE FROM VALUE DATE(S)
NORMAL
................................................................
TEMPERATURE (F)
RECORD
HIGH 63 12/30/2017
LOW -42 12/08/1978
12/14/1964
HIGHEST 56 12/07 39 17 53 12/01
12/27
LOWEST -8 12/28 -4 -4 -10 12/17
12/29
12/18
AVG. MAXIMUM 38.8 35.4 3.4 42.3
AVG. MINIMUM 4.4 0.8 3.6 4.6
MEAN 21.6 18.1 3.5 23.5
DAYS MAX >= 90 0 0.0 0.0
DAYS MAX <= 32 5 12.4 -7.4
DAYS MIN <= 32 31 30.9 0.1
DAYS MIN <= 0 11 15.5 -4.5
PRECIPITATION (INCHES)
RECORD
MAXIMUM 1.52 1964
MINIMUM T 1996
TOTALS 0.40 0.34 0.06 0.02
DAILY AVG. 0.01 0.01 -0.00
DAYS >= .01 6 4.3 1.7
DAYS >= .10 1 1.3 -0.3
DAYS >= .50 0 0.0 0.0
DAYS >= 1.00 0 0.0 0.0
GREATEST
24 HR. TOTAL 0.33 12/13 TO 12/14
SNOWFALL (INCHES)
RECORDS
TOTAL 27.7 1967
TOTALS 5.8 4.6 1.2 T
SINCE 7/1 5.9 10.7 -4.8 MM
SNOWDEPTH AVG. 1
DAYS >= 1.0 1 1.7 -0.7
GREATEST
SNOW DEPTH 4 12/13 MM
12/14
24 HR TOTAL 4.2 12/13 TO 12/13 T
DEGREE DAYS
HEATING TOTAL 1338 1454 -116 1277
SINCE 7/1 3177 3533 -356 MM
COOLING TOTAL 0 0 0 0
SINCE 1/1 161 71 90 MM
................................................................
WIND (MPH)
AVERAGE WIND SPEED 4.0
HIGHEST WIND SPEED/DIRECTION 35/310 DATE 12/03
HIGHEST GUST SPEED/DIRECTION 47/310 DATE 12/03
SKY COVER
POSSIBLE SUNSHINE (PERCENT) MM
AVERAGE SKY COVER 0.30
NUMBER OF DAYS FAIR 20
NUMBER OF DAYS PC 6
NUMBER OF DAYS CLOUDY 5
AVERAGE RH (PERCENT) 66
WEATHER CONDITIONS. NUMBER OF DAYS WITH
THUNDERSTORM 0 MIXED PRECIP 0
HEAVY RAIN 0 RAIN 0
LIGHT RAIN 0 FREEZING RAIN 0
LT FREEZING RAIN 0 HAIL 0
HEAVY SNOW 1 SNOW 3
LIGHT SNOW 10 SLEET 0
FOG 13 FOG W/VIS <= 1/4 MILE 8
HAZE 0
- INDICATES NEGATIVE NUMBERS.
R INDICATES RECORD WAS SET OR TIED.
MM INDICATES DATA IS MISSING.
T INDICATES TRACE AMOUNT.
$$