000
CXUS52 KJAX 140901
CF6AMG
PRELIMINARY LOCAL CLIMATOLOGICAL DATA (WS FORM: F-6)
STATION: ALMA
MONTH: FEBRUARY
YEAR: 2021
LATITUDE: 31 32 N
LONGITUDE: 82 30 W
TEMPERATURE IN F: :PCPN: SNOW: WIND :SUNSHINE: SKY :PK WND
================================================================================
1 2 3 4 5 6A 6B 7 8 9 10 11 12 13 14 15 16 17 18
12Z AVG MX 2MIN
DY MAX MIN AVG DEP HDD CDD WTR SNW DPTH SPD SPD DIR MIN PSBL S-S WX SPD DR
================================================================================
1 59 40 50 -2 15 0 0.04 0.0 0 13.9 24 310 M M 10 1 34 320
2 52 35 44 -8 21 0 0.00 0.0 0 13.3 24 300 M M 3 31 320
3 53 30 42 -10 23 0 0.00 0.0 0 6.4 15 320 M M 0 22 300
4 61 27 44 -8 21 0 0.00 0.0 0 2.9 10 160 M M 0 1 13 190
5 63 46 55 2 10 0 0.26 0.0 0 6.3 16 320 M M 9 1 23 180
6 51 45 48 -5 17 0 0.59 0.0 0 3.7 13 100 M M 10 1 18 90
7 57 38 48 -5 17 0 0.00 0.0 0 4.9 13 300 M M 7 1 18 330
8 67 34 51 -2 14 0 0.00 0.0 0 4.0 13 150 M M 3 12 19 150
9 63 53 58 5 7 0 0.88 0.0 0 2.9 12 180 M M 9 13 15 170
10 64 59 62 9 3 0 0.04 0.0 0 1.4 6 150 M M 10 12 8 100
11 80 60 70 16 0 5 0.00 0.0 0 4.2 14 210 M M 7 12 19 210
12 74 50 62 8 3 0 0.05 0.0 0 2.5 10 50 M M 9 12 18 50
13 50 44 47 -7 18 0 0.93 0.0 0 4.5 10 350 M M 10 1 14 60
14 48 44 46 -8 19 0 0.86 0.0 0 4.0 10 360 M M 10 13 17 60
15 67 45 56 2 9 0 0.21 0.0 0 5.9 17 200 M M 10 1 23 150
16 64 36 50 -4 15 0 0.06 0.0 0 8.4 17 300 M M 5 1 24 260
17 58 33 46 -9 19 0 T 0.0 0 5.0 12 90 M M 5 16 100
18 71 49 60 5 5 0 1.40 0.0 0 4.6 15 280 M M 10 12 18 290
19 52 38 45 -10 20 0 0.52 0.0 0 6.6 14 320 M M 8 1 19 330
20 58 33 46 -9 19 0 0.00 0.0 0 4.5 13 310 M M 0 12 17 360
21 65 31 48 -7 17 0 0.00 0.0 0 6.2 16 120 M M 3 1 24 140
22 70 47 59 3 6 0 0.11 0.0 0 5.6 21 180 M M 9 12 27 180
23 70 41 56 0 9 0 0.00 0.0 0 3.7 15 320 M M 1 1 19 320
24 74 38 56 0 9 0 0.00 0.0 0 2.1 12 210 M M 0 16 200
25 81 42 62 6 3 0 0.00 0.0 0 3.0 13 310 M M 0 15 290
26 80 48 64 8 1 0 0.00 0.0 0 2.8 18 170 M M 2 12 23 150
27 84 50 67 10 0 2 0.00 0.0 0 2.7 13 230 M M 2 1 17 200
28 84 58 71 14 0 6 0.00 0.0 0 5.7 16 190 M M 3 12 26 170
================================================================================
SM 1820 1194 320 13 5.95 0.0 141.7 M 155
================================================================================
AV 65.0 42.6 5.1 FASTST M M 6 MAX(MPH)
MISC ----> # 24 310 34 320
================================================================================
NOTES:
# LAST OF SEVERAL OCCURRENCES
COLUMN 17 PEAK WIND IN M.P.H.
PRELIMINARY LOCAL CLIMATOLOGICAL DATA (WS FORM: F-6) , PAGE 2
STATION: ALMA
MONTH: FEBRUARY
YEAR: 2021
LATITUDE: 31 32 N
LONGITUDE: 82 30 W
[TEMPERATURE DATA] [PRECIPITATION DATA] SYMBOLS USED IN COLUMN 16
AVERAGE MONTHLY: 53.8 TOTAL FOR MONTH: 5.95 1 = FOG OR MIST
DPTR FM NORMAL: -0.4 DPTR FM NORMAL: 2.15 2 = FOG REDUCING VISIBILITY
HIGHEST: 84 ON 28,27 GRTST 24HR 1.40 ON 18-18 TO 1/4 MILE OR LESS
LOWEST: 27 ON 4 3 = THUNDER
SNOW, ICE PELLETS, HAIL 4 = ICE PELLETS
TOTAL MONTH: 0.0 INCH 5 = HAIL
GRTST 24HR 0.0 6 = FREEZING RAIN OR DRIZZLE
GRTST DEPTH: 0 7 = DUSTSTORM OR SANDSTORM:
VSBY 1/2 MILE OR LESS
8 = SMOKE OR HAZE
[NO. OF DAYS WITH] [WEATHER - DAYS WITH] 9 = BLOWING SNOW
X = TORNADO
MAX 32 OR BELOW: 0 0.01 INCH OR MORE: 13
MAX 90 OR ABOVE: 0 0.10 INCH OR MORE: 9
MIN 32 OR BELOW: 3 0.50 INCH OR MORE: 6
MIN 0 OR BELOW: 0 1.00 INCH OR MORE: 1
[HDD (BASE 65) ]
TOTAL THIS MO. 320 CLEAR (SCALE 0-3) 11
DPTR FM NORMAL 8 PTCLDY (SCALE 4-7) 5
TOTAL FM JUL 1 1343 CLOUDY (SCALE 8-10) 12
DPTR FM NORMAL -57
[CDD (BASE 65) ]
TOTAL THIS MO. 13
DPTR FM NORMAL 2 [PRESSURE DATA]
TOTAL FM JAN 1 25 HIGHEST SLP 30.46 ON 21
DPTR FM NORMAL 16 LOWEST SLP 29.75 ON 1
[REMARKS]
#FINAL-02-21#