000
CXUS53 KDMX 011349
CF6AMW
PRELIMINARY LOCAL CLIMATOLOGICAL DATA (WS FORM: F-6)
STATION: AMES IA
MONTH: JANUARY
YEAR: 2023
LATITUDE: 41 59 N
LONGITUDE: 93 37 W
TEMPERATURE IN F: :PCPN: SNOW: WIND :SUNSHINE: SKY :PK WND
================================================================================
1 2 3 4 5 6A 6B 7 8 9 10 11 12 13 14 15 16 17 18
12Z AVG MX 2MIN
DY MAX MIN AVG DEP HDD CDD WTR SNW DPTH SPD SPD DIR MIN PSBL S-S WX SPD DR
================================================================================
1 42 24 33 12 32 0 0.00 0.0 M 1.1 7 360 M M 2 12 9 350
2 39 30 35 14 30 0 0.68 0.0 M 9.4 22 40 M M 5 18 31 40
3 40 31 36 15 29 0 0.84 0.0 M 11.6 23 70 M M 10 13 32 70
4 31 27 29 9 36 0 0.02 M M 13.6 20 290 M M 10 18 26 290
5 30 18 24 4 41 0 0.00 0.0 M 11.5 20 300 M M 8 26 310
6 33 14 24 4 41 0 0.00 0.0 M 5.5 13 30 M M 0 18 17 280
7 24 6 15 -5 50 0 T M M 4.7 12 360 M M 1 18 14 360
8 31 10 21 1 44 0 0.00 0.0 M 3.6 8 160 M M 6 128 13 140
9 48 15 32 12 33 0 0.00 0.0 M 4.9 15 160 M M 0 18 19 160
10 38 21 30 10 35 0 0.00 0.0 M 3.9 12 270 M M 1 16 270
11 39 25 32 12 33 0 0.00 0.0 M 8.8 23 350 M M 6 128 30 340
12 28 19 24 4 41 0 T M M 17.9 26 330 M M 10 1 35 330
13 26 11 19 -1 46 0 T M M 7.5 21 330 M M 4 18 28 330
14 41 14 28 9 37 0 0.00 0.0 M 11.5 21 160 M M 0 30 150
15 45 28 37 18 28 0 0.00 0.0 M 10.4 20 150 M M 1 25 130
16 55 36 46 27 19 0 0.24 0.0 M 14.1 24 270 M M 9 1 36 260
17 36 32 34 15 31 0 0.00 0.0 M 13.2 20 290 M M 10 27 290
18 35 29 32 13 33 0 0.51 M M 9.1 18 70 M M 10 18 29 60
19 33 28 31 12 34 0 M M M 14.7 23 300 M M 10 18 34 290
20 29 22 26 7 39 0 0.00 0.0 M 10.4 20 310 M M 10 1 27 310
21 31 24 28 9 37 0 0.03 M M 4.4 12 250 M M 10 128 14 240
22 25 2 14 -5 51 0 0.03 M M 6.8 13 340 M M 10 12 15 340
23 32 2 17 -3 48 0 0.00 0.0 M 8.9 15 260 M M 8 18 20 270
24 36 15 26 6 39 0 0.00 0.0 M 4.5 12 170 M M 9 128 15 170
25 33 13 23 3 42 0 T M M 12.2 24 310 M M 9 18 32 310
26 21 3 12 -8 53 0 0.00 0.0 M 11.9 20 310 M M 2 26 320
27 38 12 25 5 40 0 0.02 M M 14.7 30 300 M M 6 1 41 290
28 19 8 14 -6 51 0 M M M 12.9 24 360 M M 10 18 34 360
29 8 -1 4 -16 61 0 T M M 13.8 25 350 M M 6 8 32 340
30 10 -8 1 -19 64 0 0.00 0.0 M 8.4 20 340 M M 2 25 340
31 18 -10 4 -16 61 0 0.00 0.0 M 6.3 16 220 M M 0 21 220
================================================================================
SM 994 500 1259 0 2.37 0.0 292.2 M 185
================================================================================
AV 32.1 16.1 9.4 FASTST M M 6 MAX(MPH)
MISC ----> 30 300 41 290
================================================================================
NOTES:
# LAST OF SEVERAL OCCURRENCES
COLUMN 17 PEAK WIND IN M.P.H.
PRELIMINARY LOCAL CLIMATOLOGICAL DATA (WS FORM: F-6) , PAGE 2
STATION: AMES IA
MONTH: JANUARY
YEAR: 2023
LATITUDE: 41 59 N
LONGITUDE: 93 37 W
[TEMPERATURE DATA] [PRECIPITATION DATA] SYMBOLS USED IN COLUMN 16
AVERAGE MONTHLY: 24.1 TOTAL FOR MONTH: 2.37 1 = FOG OR MIST
DPTR FM NORMAL: 4.3 DPTR FM NORMAL: 1.76 2 = FOG REDUCING VISIBILITY
HIGHEST: 55 ON 16 GRTST 24HR 0.84 ON 3- 3 TO 1/4 MILE OR LESS
LOWEST: -10 ON 31 3 = THUNDER
SNOW, ICE PELLETS, HAIL 4 = ICE PELLETS
TOTAL MONTH: 0.0 INCH 5 = HAIL
GRTST 24HR 0.0 6 = FREEZING RAIN OR DRIZZLE
GRTST DEPTH: M ON M 7 = DUSTSTORM OR SANDSTORM:
VSBY 1/2 MILE OR LESS
8 = SMOKE OR HAZE
[NO. OF DAYS WITH] [WEATHER - DAYS WITH] 9 = BLOWING SNOW
X = TORNADO
MAX 32 OR BELOW: 15 0.01 INCH OR MORE: 8
MAX 90 OR ABOVE: 0 0.10 INCH OR MORE: 4
MIN 32 OR BELOW: 30 0.50 INCH OR MORE: 3
MIN 0 OR BELOW: 3 1.00 INCH OR MORE: 0
[HDD (BASE 65) ]
TOTAL THIS MO. 1259 CLEAR (SCALE 0-3) 10
DPTR FM NORMAL -142 PTCLDY (SCALE 4-7) 7
TOTAL FM JUL 1 3935 CLOUDY (SCALE 8-10) 14
DPTR FM NORMAL -132
[CDD (BASE 65) ]
TOTAL THIS MO. 0
DPTR FM NORMAL 0 [PRESSURE DATA]
TOTAL FM JAN 1 0 HIGHEST SLP 30.59 ON 30
DPTR FM NORMAL 0 LOWEST SLP 29.28 ON 16
[REMARKS]
#FINAL-01-23#