000
CXAK56 PAFC 050201
CF6ANC
PRELIMINARY LOCAL CLIMATOLOGICAL DATA (WS FORM: F-6)
STATION: ANCHORAGE AK
MONTH: JULY
YEAR: 2020
LATITUDE: 61 10 N
LONGITUDE: 150 2 W
TEMPERATURE IN F: :PCPN: SNOW: WIND :SUNSHINE: SKY :PK WND
================================================================================
1 2 3 4 5 6A 6B 7 8 9 10 11 12 13 14 15 16 17 18
12Z AVG MX 2MIN
DY MAX MIN AVG DEP HDD CDD WTR SNW DPTH SPD SPD DIR MIN PSBL S-S WX SPD DR
================================================================================
1 71 49 60 2 5 0 0.00 0.0 M 4.9 10 250 M M 4 17 340
2 72 51 62 4 3 0 0.00 0.0 M 4.6 12 290 M M 5 16 290
3 75 52 64 6 1 0 0.00 0.0 M 5.0 12 230 M M 6 8 16 220
4 77 53 65 7 0 0 0.00 0.0 M 5.3 13 150 M M 4 17 160
5 68 58 63 5 2 0 0.00 0.0 M 10.6 20 190 M M 7 27 160
6 64 55 60 2 5 0 T 0.0 M 7.3 13 300 M M 9 17 340
7 67 54 61 3 4 0 0.00 0.0 M 4.6 10 250 M M 8 13 340
8 60 52 56 -2 9 0 0.67 0.0 M 5.2 12 350 M M 9 1 15 360
9 67 50 59 0 6 0 0.00 0.0 M 3.7 12 270 M M 8 13 14 280
10 69 53 61 2 4 0 T 0.0 M 6.7 16 290 M M 7 19 290
11 67 56 62 3 3 0 0.08 0.0 M 7.6 20 140 M M 9 13 29 160
12 63 54 59 0 6 0 0.18 0.0 M 12.3 23 150 M M 9 1 36 150
13 70 50 60 1 5 0 T M M 6.6 17 150 M M 6 22 190
14 71 50 61 2 4 0 T M M 5.6 13 220 M M 4 16 240
15 75 52 64 5 1 0 T 0.0 M 4.3 12 160 M M 5 15 160
16 74 53 64 5 1 0 T 0.0 M 8.6 24 150 M M 6 38 150
17 65 58 62 3 3 0 0.01 0.0 M 14.5 23 150 M M 8 36 160
18 67 57 62 3 3 0 0.00 0.0 M 7.5 17 150 M M 9 25 170
19 66 56 61 2 4 0 0.15 0.0 M 4.9 13 160 M M 9 1 23 180
20 72 55 64 5 1 0 0.34 0.0 M 5.1 13 150 M M 8 1 18 180
21 73 54 64 5 1 0 0.04 0.0 M 5.4 13 250 M M 7 15 250
22 62 52 57 -2 8 0 0.03 0.0 M 4.1 10 250 M M 8 14 210
23 70 49 60 1 5 0 0.00 0.0 M 4.5 12 210 M M 4 17 210
24 60 56 58 -1 7 0 0.09 0.0 M 10.6 23 140 M M 8 1 36 150
25 64 55 60 1 5 0 0.03 0.0 M 10.2 21 150 M M 9 32 160
26 66 51 59 0 6 0 T 0.0 M 6.4 12 230 M M 7 20 160
27 66 51 59 0 6 0 0.00 0.0 M 7.8 16 150 M M 6 30 160
28 69 52 61 2 4 0 0.00 0.0 M 3.6 9 330 M M 6 14 190
29 73 52 63 4 2 0 T 0.0 M 6.1 22 150 M M 4 30 160
30 71 60 66 7 0 1 T 0.0 M 18.4 28 150 M M 7 40 140
31 70 56 63 4 2 0 0.03 0.0 M 5.0 20 160 M M 8 27 150
================================================================================
SM 2124 1656 116 1 1.65 0.0 217.0 M 214
================================================================================
AV 68.5 53.4 7.0 FASTST M M 7 MAX(MPH)
MISC ----> 28 150 40 140
================================================================================
NOTES:
# LAST OF SEVERAL OCCURRENCES
COLUMN 17 PEAK WIND IN M.P.H.
PRELIMINARY LOCAL CLIMATOLOGICAL DATA (WS FORM: F-6) , PAGE 2
STATION: ANCHORAGE AK
MONTH: JULY
YEAR: 2020
LATITUDE: 61 10 N
LONGITUDE: 150 2 W
[TEMPERATURE DATA] [PRECIPITATION DATA] SYMBOLS USED IN COLUMN 16
AVERAGE MONTHLY: 61.0 TOTAL FOR MONTH: 1.65 1 = FOG OR MIST
DPTR FM NORMAL: 2.2 DPTR FM NORMAL: -0.18 2 = FOG REDUCING VISIBILITY
HIGHEST: 77 ON 4 GRTST 24HR 0.67 ON 8- 8 TO 1/4 MILE OR LESS
LOWEST: 49 ON 23, 1 3 = THUNDER
SNOW, ICE PELLETS, HAIL 4 = ICE PELLETS
TOTAL MONTH: 0.0 INCH 5 = HAIL
GRTST 24HR 0.0 6 = FREEZING RAIN OR DRIZZLE
GRTST DEPTH: M ON M 7 = DUSTSTORM OR SANDSTORM:
VSBY 1/2 MILE OR LESS
8 = SMOKE OR HAZE
[NO. OF DAYS WITH] [WEATHER - DAYS WITH] 9 = BLOWING SNOW
X = TORNADO
MAX 32 OR BELOW: 0 0.01 INCH OR MORE: 11
MAX 90 OR ABOVE: 0 0.10 INCH OR MORE: 4
MIN 32 OR BELOW: 0 0.50 INCH OR MORE: 1
MIN 0 OR BELOW: 0 1.00 INCH OR MORE: 0
[HDD (BASE 65) ]
TOTAL THIS MO. 116 CLEAR (SCALE 0-3) 0
DPTR FM NORMAL -78 PTCLDY (SCALE 4-7) 20
TOTAL FM JUL 1 116 CLOUDY (SCALE 8-10) 11
DPTR FM NORMAL -79
[CDD (BASE 65) ]
TOTAL THIS MO. 1
DPTR FM NORMAL -1 [PRESSURE DATA]
TOTAL FM JAN 1 1 HIGHEST SLP 30.29 ON 1
DPTR FM NORMAL -1 LOWEST SLP 29.63 ON 24
[REMARKS]
#FINAL-07-20#