000
CXUS52 KGSP 010917
CF6AND
PRELIMINARY LOCAL CLIMATOLOGICAL DATA (WS FORM: F-6)
STATION: ANDERSON SC
MONTH: FEBRUARY
YEAR: 2021
LATITUDE: 34 30 N
LONGITUDE: 82 43 W
TEMPERATURE IN F: :PCPN: SNOW: WIND :SUNSHINE: SKY :PK WND
================================================================================
1 2 3 4 5 6A 6B 7 8 9 10 11 12 13 14 15 16 17 18
12Z AVG MX 2MIN
DY MAX MIN AVG DEP HDD CDD WTR SNW DPTH SPD SPD DIR MIN PSBL S-S WX SPD DR
================================================================================
1 48 38 43 0 22 0 0.00 M M 9.7 21 310 M M 10 1 25 300
2 51 34 43 0 22 0 0.00 M M 12.9 24 280 M M 2 30 270
3 52 25 39 -4 26 0 0.00 M M 5.4 13 290 M M 0 17 250
4 51 23 37 -7 28 0 0.00 M M 2.0 10 220 M M 2 13 190
5 56 37 47 3 18 0 0.05 M M 8.0 25 280 M M 4 1 30 290
6 53 27 40 -4 25 0 0.41 M M 4.6 15 130 M M 6 1 21 130
7 55 35 45 1 20 0 0.07 M M 3.9 12 70 M M 5 1 15 50
8 59 31 45 1 20 0 0.00 M M 4.3 12 130 M M 2 15 140
9 65 47 56 12 9 0 0.00 M M 3.1 12 290 M M 7 15 280
10 71 39 55 11 10 0 0.00 M M 3.1 13 70 M M 1 12 14 60
11 58 47 53 8 12 0 0.15 M M 1.7 14 70 M M 9 12 18 80
12 55 38 47 2 18 0 0.15 M M 11.5 20 70 M M 10 1 28 40
13 42 37 40 -5 25 0 0.64 M M 8.0 15 60 M M 10 1 20 40
14 44 40 42 -3 23 0 0.25 M M 7.8 16 60 M M 10 1 21 50
15 43 40 42 -4 23 0 0.70 M M 9.0 18 70 M M 10 13 22 70
16 43 26 35 -11 30 0 0.00 M M 12.4 28 250 M M 6 1 34 250
17 52 24 38 -8 27 0 T M M 7.5 17 100 M M 2 23 100
18 44 37 41 -5 24 0 0.22 M M 9.6 21 70 M M 10 1 29 80
19 51 40 46 0 19 0 0.01 M M 1.8 9 210 M M 9 1 12 210
20 54 28 41 -5 24 0 0.00 M M 3.5 12 210 M M 0 16 310
21 54 31 43 -4 22 0 0.00 M M 8.7 17 80 M M 2 21 80
22 59 40 50 3 15 0 0.45 M M 5.7 18 320 M M 6 1 21 270
23 69 36 53 6 12 0 0.00 M M 8.6 21 230 M M 0 26 220
24 72 35 54 6 11 0 0.00 M M 5.4 20 220 M M 0 25 220
25 75 41 58 10 7 0 0.00 M M 2.9 10 240 M M 1 13 260
26 56 43 50 2 15 0 0.35 M M 8.8 17 70 M M 8 1 21 60
27 58 41 50 2 15 0 0.02 M M 3.0 13 60 M M 8 1 17 50
28 77 48 63 15 2 0 0.00 M M 6.0 21 210 M M 5 1 26 210
================================================================================
SM 1567 1008 524 0 3.47 M 178.9 M 145
================================================================================
AV 56.0 36.0 6.4 FASTST M M 5 MAX(MPH)
MISC ----> 28 250 34 250
================================================================================
NOTES:
# LAST OF SEVERAL OCCURRENCES
COLUMN 17 PEAK WIND IN M.P.H.
PRELIMINARY LOCAL CLIMATOLOGICAL DATA (WS FORM: F-6) , PAGE 2
STATION: ANDERSON SC
MONTH: FEBRUARY
YEAR: 2021
LATITUDE: 34 30 N
LONGITUDE: 82 43 W
[TEMPERATURE DATA] [PRECIPITATION DATA] SYMBOLS USED IN COLUMN 16
AVERAGE MONTHLY: 46.0 TOTAL FOR MONTH: 3.47 1 = FOG OR MIST
DPTR FM NORMAL: 0.5 DPTR FM NORMAL: -0.43 2 = FOG REDUCING VISIBILITY
HIGHEST: 77 ON 28 GRTST 24HR 0.70 ON 15-15 TO 1/4 MILE OR LESS
LOWEST: 23 ON 4 3 = THUNDER
SNOW, ICE PELLETS, HAIL 4 = ICE PELLETS
TOTAL MONTH: M 5 = HAIL
GRTST 24HR M ON M 6 = FREEZING RAIN OR DRIZZLE
GRTST DEPTH: M ON M 7 = DUSTSTORM OR SANDSTORM:
VSBY 1/2 MILE OR LESS
8 = SMOKE OR HAZE
[NO. OF DAYS WITH] [WEATHER - DAYS WITH] 9 = BLOWING SNOW
X = TORNADO
MAX 32 OR BELOW: 0 0.01 INCH OR MORE: 13
MAX 90 OR ABOVE: 0 0.10 INCH OR MORE: 9
MIN 32 OR BELOW: 8 0.50 INCH OR MORE: 2
MIN 0 OR BELOW: 0 1.00 INCH OR MORE: 0
[HDD (BASE 65) ]
TOTAL THIS MO. 524 CLEAR (SCALE 0-3) 11
DPTR FM NORMAL -22 PTCLDY (SCALE 4-7) 9
TOTAL FM JUL 1 2154 CLOUDY (SCALE 8-10) 8
DPTR FM NORMAL -343
[CDD (BASE 65) ]
TOTAL THIS MO. 0
DPTR FM NORMAL 0 [PRESSURE DATA]
TOTAL FM JAN 1 0 HIGHEST SLP 30.54 ON 21
DPTR FM NORMAL 0 LOWEST SLP 29.73 ON 1
[REMARKS]
#FINAL-02-21#