000
CXUS53 KAPX 010830
CF6ANJ
PRELIMINARY LOCAL CLIMATOLOGICAL DATA (WS FORM: F-6)
STATION: SAULT STE MARIE MI
MONTH: JANUARY
YEAR: 2023
LATITUDE: 46 28 N
LONGITUDE: 84 21 W
TEMPERATURE IN F: :PCPN: SNOW: WIND :SUNSHINE: SKY :PK WND
================================================================================
1 2 3 4 5 6A 6B 7 8 9 10 11 12 13 14 15 16 17 18
12Z AVG MX 2MIN
DY MAX MIN AVG DEP HDD CDD WTR SNW DPTH SPD SPD DIR MIN PSBL S-S WX SPD DR
================================================================================
1 35 32 34 15 31 0 0.08 0.5 20 5.9 12 250 M M 10 1 18 260
2 35 32 34 16 31 0 0.01 T 18 5.4 13 260 M M 10 1 20 270
3 36 32 34 16 31 0 0.27 2.5 17 4.1 9 30 M M 10 1 16 30
4 34 23 29 11 36 0 0.33 5.0 20 8.6 15 60 M M 10 1 25 60
5 26 21 24 6 41 0 0.15 1.5 24 5.4 14 60 M M 10 18 23 70
6 31 17 24 6 41 0 T T 24 3.5 14 310 M M 8 1 18 320
7 22 13 18 1 47 0 T T 22 4.5 9 10 M M 8 8 13 30
8 31 16 24 7 41 0 T T 22 7.3 15 220 M M 10 24 220
9 33 25 29 12 36 0 0.00 0.0 22 9.3 17 300 M M 9 31 300
10 26 14 20 3 45 0 0.00 0.0 22 7.5 12 100 M M 9 21 110
11 30 19 25 9 40 0 0.26 2.2 22 8.6 17 100 M M 10 16 27 100
12 36 22 29 13 36 0 0.02 T 22 6.1 15 10 M M 8 1 23 10
13 22 7 15 -1 50 0 0.00 0.0 20 7.7 15 350 M M 4 22 360
14 22 0 11 -5 54 0 0.00 0.0 20 3.4 10 70 M M 2 15 80
15 34 21 28 12 37 0 0.00 0.0 20 10.4 18 140 M M 5 28 120
16 38 30 34 18 31 0 0.02 0.0 20 10.4 18 120 M M 7 30 120
17 36 34 35 19 30 0 0.42 0.0 18 5.2 14 120 M M 10 12 21 130
18 38 26 32 16 33 0 0.00 0.0 17 5.5 13 70 M M 7 20 40
19 30 19 25 10 40 0 0.49 5.8 24 9.6 18 60 M M 7 12 31 90
20 25 14 20 5 45 0 T 0.1 24 5.7 12 290 M M 5 18 70
21 26 22 24 9 41 0 T T 23 4.5 14 230 M M 10 1 19 220
22 28 22 25 10 40 0 T 0.0 22 2.5 8 20 M M 10 1 10 30
23 30 21 26 11 39 0 0.20 2.0 22 9.3 20 200 M M 10 1 27 240
24 31 25 28 13 37 0 0.03 T 23 4.6 22 300 M M 9 18 33 330
25 31 26 29 14 36 0 0.04 0.5 22 5.7 9 100 M M 10 1 14 40
26 26 9 18 3 47 0 0.01 T 22 4.5 13 290 M M 8 18 19 290
27 28 5 17 2 48 0 0.29 4.0 22 9.3 21 150 M M 9 128 31 280
28 25 13 19 4 46 0 0.09 2.3 28 7.5 24 280 M M 10 18 41 270
29 20 12 16 1 49 0 0.02 T 26 5.5 15 300 M M 9 18 23 290
30 17 4 11 -4 54 0 0.04 1.1 26 7.3 18 260 M M 8 128 30 260
31 19 -5 7 -8 58 0 0.01 0.2 26 6.4 17 230 M M 5 18 24 250
================================================================================
SM 901 571 1271 0 2.78 27.7 201.2 M 257
================================================================================
AV 29.1 18.4 6.5 FASTST M M 8 MAX(MPH)
MISC ----> 24 280 41 270
================================================================================
NOTES:
# LAST OF SEVERAL OCCURRENCES
COLUMN 17 PEAK WIND IN M.P.H.
PRELIMINARY LOCAL CLIMATOLOGICAL DATA (WS FORM: F-6) , PAGE 2
STATION: SAULT STE MARIE MI
MONTH: JANUARY
YEAR: 2023
LATITUDE: 46 28 N
LONGITUDE: 84 21 W
[TEMPERATURE DATA] [PRECIPITATION DATA] SYMBOLS USED IN COLUMN 16
AVERAGE MONTHLY: 23.7 TOTAL FOR MONTH: 2.78 1 = FOG OR MIST
DPTR FM NORMAL: 7.5 DPTR FM NORMAL: 0.57 2 = FOG REDUCING VISIBILITY
HIGHEST: 38 ON 18,16 GRTST 24HR 0.50 ON 19-20 TO 1/4 MILE OR LESS
LOWEST: -5 ON 31 3 = THUNDER
SNOW, ICE PELLETS, HAIL 4 = ICE PELLETS
TOTAL MONTH: 27.7 INCHES 5 = HAIL
GRTST 24HR 5.8 ON 19-19 6 = FREEZING RAIN OR DRIZZLE
GRTST DEPTH: 28 ON 28 7 = DUSTSTORM OR SANDSTORM:
VSBY 1/2 MILE OR LESS
8 = SMOKE OR HAZE
[NO. OF DAYS WITH] [WEATHER - DAYS WITH] 9 = BLOWING SNOW
X = TORNADO
MAX 32 OR BELOW: 21 0.01 INCH OR MORE: 19
MAX 90 OR ABOVE: 0 0.10 INCH OR MORE: 8
MIN 32 OR BELOW: 30 0.50 INCH OR MORE: 0
MIN 0 OR BELOW: 2 1.00 INCH OR MORE: 0
[HDD (BASE 65) ]
TOTAL THIS MO. 1271 CLEAR (SCALE 0-3) 1
DPTR FM NORMAL -242 PTCLDY (SCALE 4-7) 9
TOTAL FM JUL 1 4087 CLOUDY (SCALE 8-10) 21
DPTR FM NORMAL -539
[CDD (BASE 65) ]
TOTAL THIS MO. 0
DPTR FM NORMAL 0 [PRESSURE DATA]
TOTAL FM JAN 1 0 HIGHEST SLP 30.49 ON 7
DPTR FM NORMAL 0 LOWEST SLP 29.39 ON 17
[REMARKS]
#FINAL-01-23#