000
CXUS53 KAPX 091545
CF6ANJ
PRELIMINARY LOCAL CLIMATOLOGICAL DATA (WS FORM: F-6)
STATION: SAULT STE MARIE MI
MONTH: NOVEMBER
YEAR: 2020
LATITUDE: 46 28 N
LONGITUDE: 84 21 W
TEMPERATURE IN F: :PCPN: SNOW: WIND :SUNSHINE: SKY :PK WND
================================================================================
1 2 3 4 5 6A 6B 7 8 9 10 11 12 13 14 15 16 17 18
12Z AVG MX 2MIN
DY MAX MIN AVG DEP HDD CDD WTR SNW DPTH SPD SPD DIR MIN PSBL S-S WX SPD DR
================================================================================
1 48 28 38 -2 27 0 0.44 0.9 0 17.3 29 340 M M 10 18 51 340
2 46 26 36 -3 29 0 T T T 11.7 24 300 M M 7 41 310
3 46 36 41 2 24 0 0.00 0.0 0 8.2 21 150 M M 3 30 140
4 63 36 50 11 15 0 T 0.0 0 6.2 17 200 M M 0 1 24 230
5 63 38 51 13 14 0 T 0.0 0 3.4 12 260 M M 0 1 17 260
6 68 37 53 15 12 0 T 0.0 0 4.7 14 200 M M 1 1 18 220
7 67 45 56 18 9 0 0.00 0.0 0 5.5 20 200 M M 0 8 29 210
8 69 46 58 21 7 0 0.00 0.0 0 5.7 15 200 M M 2 22 220
9 75 57 66 29 0 1 T 0.0 0 7.6 22 200 M M 6 30 210
10 68 42 55 19 10 0 0.92 0.0 0 8.5 21 220 M M 10 18 34 210
11 54 31 43 7 22 0 0.02 T 0 13.4 29 240 M M 9 1 43 240
12 53 30 42 6 23 0 T 0.0 0 5.8 20 220 M M 2 27 200
13 42 33 38 3 27 0 0.16 0.1 T 9.0 18 280 M M 10 1 30 290
14 42 29 36 1 29 0 0.04 0.0 T 9.5 21 120 M M 5 35 120
15 49 36 43 9 22 0 1.52 T 0 12.9 31 290 M M 10 1 54 290
16 38 31 35 1 30 0 0.27 2.7 T 16.6 32 290 M M 10 1 54 280
17 32 21 27 -7 38 0 0.10 1.6 2 11.6 26 320 M M 10 18 41 320
18 38 21 30 -3 35 0 T T 3 7.4 17 130 M M 6 27 120
19 52 36 44 11 21 0 0.00 0.0 2 4.5 14 230 M M 1 21 220
20 43 33 38 6 27 0 0.06 0.3 T 10.4 25 280 M M 9 12 41 280
21 34 28 31 -1 34 0 T T T 6.2 20 290 M M 9 29 300
22 44 29 37 5 28 0 0.01 0.1 T 6.0 15 150 M M 7 1 23 140
23 35 21 28 -3 37 0 0.20 0.8 1 8.7 24 320 M M 10 1 35 310
24 32 19 26 -5 39 0 0.06 0.6 T 7.6 14 100 M M 10 1 22 110
25 40 32 36 6 29 0 0.02 0.2 1 3.7 8 60 M M 10 1 12 100
26 42 37 40 10 25 0 0.00 0.0 T 4.6 10 240 M M 10 1 M M
27 41 33 37 7 28 0 T T 0 6.9 14 260 M M 10 22 290
28 47 29 38 9 27 0 T T 0 4.3 18 270 M M 4 27 260
29 46 32 39 10 26 0 0.00 0.0 0 5.4 13 290 M M 7 12 22 290
30 38 24 31 3 34 0 0.00 0.0 0 10.4 15 10 M M 7 28 10
================================================================================
SM 1455 976 728 1 3.82 7.3 243.7 M 195
================================================================================
AV 48.5 32.5 8.1 FASTST M M 7 MAX(MPH)
MISC ----> 32 290 # 54 280
================================================================================
NOTES:
# LAST OF SEVERAL OCCURRENCES
COLUMN 17 PEAK WIND IN M.P.H.
PRELIMINARY LOCAL CLIMATOLOGICAL DATA (WS FORM: F-6) , PAGE 2
STATION: SAULT STE MARIE MI
MONTH: NOVEMBER
YEAR: 2020
LATITUDE: 46 28 N
LONGITUDE: 84 21 W
[TEMPERATURE DATA] [PRECIPITATION DATA] SYMBOLS USED IN COLUMN 16
AVERAGE MONTHLY: 40.5 TOTAL FOR MONTH: 3.82 1 = FOG OR MIST
DPTR FM NORMAL: 6.4 DPTR FM NORMAL: 0.45 2 = FOG REDUCING VISIBILITY
HIGHEST: 75 ON 9 GRTST 24HR 1.52 ON 15-15 TO 1/4 MILE OR LESS
LOWEST: 19 ON 24 3 = THUNDER
SNOW, ICE PELLETS, HAIL 4 = ICE PELLETS
TOTAL MONTH: 7.3 INCHES 5 = HAIL
GRTST 24HR 2.7 ON 16-16 6 = FREEZING RAIN OR DRIZZLE
GRTST DEPTH: 3 ON 18 7 = DUSTSTORM OR SANDSTORM:
VSBY 1/2 MILE OR LESS
8 = SMOKE OR HAZE
[NO. OF DAYS WITH] [WEATHER - DAYS WITH] 9 = BLOWING SNOW
X = TORNADO
MAX 32 OR BELOW: 2 0.01 INCH OR MORE: 13
MAX 90 OR ABOVE: 0 0.10 INCH OR MORE: 7
MIN 32 OR BELOW: 16 0.50 INCH OR MORE: 2
MIN 0 OR BELOW: 0 1.00 INCH OR MORE: 1
[HDD (BASE 65) ]
TOTAL THIS MO. 728 CLEAR (SCALE 0-3) 8
DPTR FM NORMAL -199 PTCLDY (SCALE 4-7) 8
TOTAL FM JUL 1 1719 CLOUDY (SCALE 8-10) 14
DPTR FM NORMAL -212
[CDD (BASE 65) ]
TOTAL THIS MO. 1
DPTR FM NORMAL 1 [PRESSURE DATA]
TOTAL FM JAN 1 370 HIGHEST SLP 30.55 ON 21
DPTR FM NORMAL 174 LOWEST SLP 28.92 ON 15
[REMARKS]
#FINAL-11-20#