000
CXUS53 KAPX 010624
CLMANJ
CLIMATE REPORT
NATIONAL WEATHER SERVICE
224 AM EDT THU JUN 01 2023
...................................
...THE SAULT STE MARIE MI CLIMATE SUMMARY FOR THE MONTH OF MAY 2023...
CLIMATE NORMAL PERIOD: 1991 TO 2020
CLIMATE RECORD PERIOD: 1888 TO 2023
WEATHER OBSERVED NORMAL DEPART LAST YEAR`S
VALUE DATE(S) VALUE FROM VALUE
NORMAL
..............................................................
TEMPERATURE (F)
RECORD
HIGH 91 05/31/1919
05/30/1919
LOW 18 05/07/1966
HIGHEST 87 05/30 MM MM
05/31
LOWEST 31 05/04 MM MM
AVG. MAXIMUM 66.9 63.2 3.7
AVG. MINIMUM 42.8 41.0 1.8
MEAN 54.8 52.1 2.7
DAYS MAX <= 32 0 0.0 0.0
DAYS MIN <= 0 0 0.0 0.0
DAYS MIN <= -20 0
PRECIPITATION (INCHES)
TOTALS 2.07 2.64 -0.57
DAYS >= .01 9 11.2 -2.2
DAYS >= .10 6 6.1 -0.1
DAYS >= .50 1 1.5 -0.5
DAYS >= 1.00 0 0.3 -0.3
GREATEST
24 HR. TOTAL 0.59 05/06 TO 05/07
SNOWFALL (INCHES)
RECORDS
TOTAL 7.9 1927
TOTALS T 0.4 -0.4 MM
DAYS >= TRACE 2 1.0 MM
GREATEST
SNOW DEPTH 0 MM
DEGREE DAYS
HEATING TOTAL 309 407 -98
SINCE 7/1 7478 8307 -829
COOLING TOTAL 15 7 8
SINCE 1/1 15 7 8
..............................................................
WIND (MPH)
AVERAGE WIND SPEED 6.0
HIGHEST WIND SPEED/DIRECTION 21/310 DATE 05/03
HIGHEST GUST SPEED/DIRECTION 32/310 DATE 05/02
SKY COVER
AVERAGE SKY COVER 0.27
AVERAGE RH (PERCENT) 63
- INDICATES NEGATIVE NUMBERS.
R INDICATES RECORD WAS SET OR TIED.
MM INDICATES DATA IS MISSING.
T INDICATES TRACE AMOUNT.
$$