000
CXUS53 KIWX 010810
CF6AOH
PRELIMINARY LOCAL CLIMATOLOGICAL DATA (WS FORM: F-6)
STATION: LIMA
MONTH: MARCH
YEAR: 2022
LATITUDE: 40 42 N
LONGITUDE: 84 1 W
TEMPERATURE IN F: :PCPN: SNOW: WIND :SUNSHINE: SKY :PK WND
================================================================================
1 2 3 4 5 6A 6B 7 8 9 10 11 12 13 14 15 16 17 18
12Z AVG MX 2MIN
DY MAX MIN AVG DEP HDD CDD WTR SNW DPTH SPD SPD DIR MIN PSBL S-S WX SPD DR
================================================================================
1 57 37 47 13 18 0 0.00 M M 9.8 21 240 M M 6 27 240
2 57 29 43 9 22 0 0.00 M M 7.0 22 360 M M 4 18 29 360
3 40 23 32 -2 33 0 0.00 M M 10.9 21 10 M M 4 18 29 10
4 45 21 33 -2 32 0 0.00 M M 6.9 12 100 M M 1 16 100
5 73 36 55 20 10 0 0.00 M M 13.6 24 210 M M 1 36 190
6 66 42 54 18 11 0 0.20 M M 17.0 40 270 M M 3 13 57 270
7 42 33 38 2 27 0 1.29 M M 14.0 28 290 M M 10 1 37 290
8 39 32 36 0 29 0 T M M 5.5 14 290 M M 8 18 300
9 46 32 39 3 26 0 0.00 M M 6.6 16 310 M M 5 24 290
10 46 27 37 0 28 0 0.00 M M 3.8 12 350 M M 0 16 340
11 35 26 31 -6 34 0 0.01 M M 10.2 26 280 M M 9 18 34 290
12 26 16 21 -17 44 0 T M M 18.3 31 280 M M 8 8 40 280
13 49 15 32 -6 33 0 0.00 M M 14.9 32 240 M M 4 41 230
14 63 33 48 10 17 0 0.00 M M 10.9 23 200 M M 0 34 200
15 64 45 55 16 10 0 0.00 M M 8.6 20 250 M M 6 25 260
16 70 37 54 15 11 0 0.00 M M 6.9 18 160 M M 0 23 160
17 72 42 57 18 8 0 0.00 M M 6.9 16 270 M M 1 22 200
18 70 48 59 19 6 0 0.48 M M 10.6 23 150 M M 5 1 33 150
19 55 38 47 7 18 0 0.30 M M 17.6 31 230 M M 10 18 43 220
20 57 38 48 8 17 0 0.01 M M 10.9 23 280 M M 4 30 270
21 70 42 56 15 9 0 0.00 M M 7.8 20 240 M M 0 24 240
22 60 44 52 11 13 0 0.16 M M 12.5 24 80 M M 7 1 31 80
23 70 47 59 17 6 0 0.29 M M 17.1 33 240 M M 8 13 47 250
24 54 42 48 6 17 0 0.02 M M 15.3 26 210 M M 9 18 38 220
25 46 36 41 -1 24 0 0.06 M M 17.6 32 260 M M 10 18 40 260
26 37 29 33 -10 32 0 0.02 M M 18.1 29 310 M M 10 1 37 300
27 33 22 28 -15 37 0 T M M 16.0 26 300 M M 8 18 34 300
28 34 18 26 -18 39 0 0.00 M M 9.1 21 320 M M 1 30 310
29 44 22 33 -11 32 0 T M M 8.3 20 120 M M 4 26 120
30 75 38 57 13 8 0 0.00 M M 18.2 39 210 M M 5 65 220
31 73 34 54 9 11 0 0.05 M M 21.3 43 220 M M 10 18 64 210
================================================================================
SM 1668 1024 662 0 2.89 M 372.2 M 161
================================================================================
AV 53.8 33.0 12.0 FASTST M M 5 MAX(MPH)
MISC ----> 43 220 65 220
================================================================================
NOTES:
# LAST OF SEVERAL OCCURRENCES
COLUMN 17 PEAK WIND IN M.P.H.
PRELIMINARY LOCAL CLIMATOLOGICAL DATA (WS FORM: F-6) , PAGE 2
STATION: LIMA
MONTH: MARCH
YEAR: 2022
LATITUDE: 40 42 N
LONGITUDE: 84 1 W
[TEMPERATURE DATA] [PRECIPITATION DATA] SYMBOLS USED IN COLUMN 16
AVERAGE MONTHLY: 43.4 TOTAL FOR MONTH: 2.89 1 = FOG OR MIST
DPTR FM NORMAL: 4.3 DPTR FM NORMAL: 0.34 2 = FOG REDUCING VISIBILITY
HIGHEST: 75 ON 30 GRTST 24HR 1.29 ON 7- 7 TO 1/4 MILE OR LESS
LOWEST: 15 ON 13 3 = THUNDER
SNOW, ICE PELLETS, HAIL 4 = ICE PELLETS
TOTAL MONTH: M 5 = HAIL
GRTST 24HR M ON M 6 = FREEZING RAIN OR DRIZZLE
GRTST DEPTH: M ON M 7 = DUSTSTORM OR SANDSTORM:
VSBY 1/2 MILE OR LESS
8 = SMOKE OR HAZE
[NO. OF DAYS WITH] [WEATHER - DAYS WITH] 9 = BLOWING SNOW
X = TORNADO
MAX 32 OR BELOW: 1 0.01 INCH OR MORE: 12
MAX 90 OR ABOVE: 0 0.10 INCH OR MORE: 6
MIN 32 OR BELOW: 13 0.50 INCH OR MORE: 1
MIN 0 OR BELOW: 0 1.00 INCH OR MORE: 1
[HDD (BASE 65) ]
TOTAL THIS MO. 662 CLEAR (SCALE 0-3) 8
DPTR FM NORMAL -143 PTCLDY (SCALE 4-7) 14
TOTAL FM JUL 1 4678 CLOUDY (SCALE 8-10) 9
DPTR FM NORMAL -464
[CDD (BASE 65) ]
TOTAL THIS MO. 0
DPTR FM NORMAL -2 [PRESSURE DATA]
TOTAL FM JAN 1 0 HIGHEST SLP M ON M
DPTR FM NORMAL -2 LOWEST SLP 29.22 ON 31
[REMARKS]
#FINAL-03-22#