000
CXUS53 KIWX 010810
CF6AOH
PRELIMINARY LOCAL CLIMATOLOGICAL DATA (WS FORM: F-6)
STATION: LIMA
MONTH: SEPTEMBER
YEAR: 2023
LATITUDE: 40 42 N
LONGITUDE: 84 1 W
TEMPERATURE IN F: :PCPN: SNOW: WIND :SUNSHINE: SKY :PK WND
================================================================================
1 2 3 4 5 6A 6B 7 8 9 10 11 12 13 14 15 16 17 18
12Z AVG MX 2MIN
DY MAX MIN AVG DEP HDD CDD WTR SNW DPTH SPD SPD DIR MIN PSBL S-S WX SPD DR
================================================================================
1 81 50 66 -3 0 1 0.00 M M 4.5 9 140 M M 0 13 100
2 86 56 71 2 0 6 0.00 M M 6.6 16 230 M M 0 22 230
3 89 67 78 9 0 13 0.00 M M 9.4 20 240 M M 2 1 28 230
4 89 68 79 10 0 14 0.00 M M 7.0 16 240 M M 1 22 220
5 91 67 79 11 0 14 0.00 M M 7.7 16 180 M M 1 21 180
6 83 69 76 8 0 11 0.62 M M 9.6 29 250 M M 3 123 43 240
7 74 66 70 2 0 5 0.08 0.0 0 8.0 15 280 M M 9 18 21 300
8 72 63 68 0 0 3 0.00 0.0 0 6.1 12 20 M M 10 1 15 360
9 70 61 66 -1 0 1 0.00 M M 6.0 13 60 M M 10 1 17 350
10 72 54 63 -4 2 0 0.00 M M 2.1 9 340 M M 7 1 13 330
11 78 50 64 -3 1 0 0.00 M M 3.6 13 260 M M 1 12 18 270
12 72 56 64 -2 1 0 0.04 M M 5.5 15 300 M M 6 1 19 340
13 71 48 60 -6 5 0 0.00 M M 2.8 22 300 M M 3 12 30 310
14 74 43 59 -7 6 0 0.00 0.0 0 4.3 10 80 M M 3 12 15 80
15 74 48 61 -4 4 0 0.00 0.0 0 5.6 12 70 M M 1 19 130
16 75 45 60 -5 5 0 0.00 0.0 0 3.6 8 100 M M 0 15 90
17 74 47 61 -4 4 0 0.00 0.0 0 2.7 10 40 M M 3 12 15 40
18 71 48 60 -4 5 0 0.00 0.0 0 4.4 15 320 M M 4 12 21 310
19 73 44 59 -5 6 0 0.00 0.0 0 3.7 10 270 M M 3 20 320
20 82 58 70 6 0 5 0.00 0.0 0 6.9 13 160 M M 3 20 140
21 82 58 70 7 0 5 0.00 M M 6.7 15 100 M M 0 20 100
22 83 55 69 6 0 4 0.00 M M 7.3 16 120 M M 1 21 120
23 76 46 61 -2 4 0 0.00 M M 7.5 18 70 M M 0 29 30
24 78 50 64 2 1 0 0.00 M M 7.0 17 30 M M 3 1 24 50
25 70 61 66 4 0 1 0.00 M M 4.5 12 20 M M 10 1 16 40
26 75 63 69 7 0 4 0.00 M M 6.7 14 90 M M 8 19 100
27 68 59 64 3 1 0 0.02 M M 7.0 12 110 M M 8 1 18 100
28 74 59 67 6 0 2 0.00 M M 5.2 10 90 M M 9 12 14 90
29 74 57 66 6 0 1 0.00 M M 4.5 8 40 M M 7 128 12 330
30 81 54 68 8 0 3 0.00 M M 3.7 10 30 M M 3 12 15 20
================================================================================
SM 2312 1670 45 93 0.76 0.0 170.2 M 119
================================================================================
AV 77.1 55.7 5.7 FASTST M M 4 MAX(MPH)
MISC ----> 29 250 43 240
================================================================================
NOTES:
# LAST OF SEVERAL OCCURRENCES
COLUMN 17 PEAK WIND IN M.P.H.
PRELIMINARY LOCAL CLIMATOLOGICAL DATA (WS FORM: F-6) , PAGE 2
STATION: LIMA
MONTH: SEPTEMBER
YEAR: 2023
LATITUDE: 40 42 N
LONGITUDE: 84 1 W
[TEMPERATURE DATA] [PRECIPITATION DATA] SYMBOLS USED IN COLUMN 16
AVERAGE MONTHLY: 66.4 TOTAL FOR MONTH: 0.76 1 = FOG OR MIST
DPTR FM NORMAL: 1.4 DPTR FM NORMAL: -2.09 2 = FOG REDUCING VISIBILITY
HIGHEST: 91 ON 5 GRTST 24HR 0.62 ON 6- 6 TO 1/4 MILE OR LESS
LOWEST: 43 ON 14 3 = THUNDER
SNOW, ICE PELLETS, HAIL 4 = ICE PELLETS
TOTAL MONTH: 0.0 INCH 5 = HAIL
GRTST 24HR 0.0 6 = FREEZING RAIN OR DRIZZLE
GRTST DEPTH: 0 7 = DUSTSTORM OR SANDSTORM:
VSBY 1/2 MILE OR LESS
8 = SMOKE OR HAZE
[NO. OF DAYS WITH] [WEATHER - DAYS WITH] 9 = BLOWING SNOW
X = TORNADO
MAX 32 OR BELOW: 0 0.01 INCH OR MORE: 4
MAX 90 OR ABOVE: 1 0.10 INCH OR MORE: 1
MIN 32 OR BELOW: 0 0.50 INCH OR MORE: 1
MIN 0 OR BELOW: 0 1.00 INCH OR MORE: 0
[HDD (BASE 65) ]
TOTAL THIS MO. 45 CLEAR (SCALE 0-3) 14
DPTR FM NORMAL -45 PTCLDY (SCALE 4-7) 10
TOTAL FM JUL 1 58 CLOUDY (SCALE 8-10) 6
DPTR FM NORMAL -43
[CDD (BASE 65) ]
TOTAL THIS MO. 93
DPTR FM NORMAL 2 [PRESSURE DATA]
TOTAL FM JAN 1 758 HIGHEST SLP M ON M
DPTR FM NORMAL -72 LOWEST SLP 29.77 ON 7
[REMARKS]
#FINAL-09-23#