000
CXUS51 KCTP 010800
CF6AOO
PRELIMINARY LOCAL CLIMATOLOGICAL DATA (WS FORM: F-6)
STATION: ALTOONA
MONTH: AUGUST
YEAR: 2020
LATITUDE: 40 17 N
LONGITUDE: 78 19 W
TEMPERATURE IN F: :PCPN: SNOW: WIND :SUNSHINE: SKY :PK WND
================================================================================
1 2 3 4 5 6A 6B 7 8 9 10 11 12 13 14 15 16 17 18
12Z AVG MX 2MIN
DY MAX MIN AVG DEP HDD CDD WTR SNW DPTH SPD SPD DIR MIN PSBL S-S WX SPD DR
================================================================================
1 79 64 72 1 0 7 0.56 M M 2.3 8 230 M M 8 1 12 120
2 85 69 77 6 0 12 0.00 M M 10.8 24 240 M M 4 1 31 240
3 81 65 73 3 0 8 T M M 5.3 14 260 M M 5 20 170
4 81 64 73 3 0 8 0.17 M M 7.2 35 280 M M 8 18 45 280
5 78 59 69 -1 0 4 0.00 M M 5.5 14 270 M M 2 20 290
6 79 57 68 -2 0 3 T M M 3.1 12 10 M M 6 15 20
7 80 64 72 2 0 7 0.14 M M 2.8 12 70 M M 7 13 17 70
8 81 64 73 3 0 8 0.00 M M 2.3 8 140 M M 6 12 11 80
9 87 63 75 5 0 10 0.00 M M 3.1 12 320 M M 3 12 15 310
10 89 62 76 6 0 11 0.00 M M 4.0 13 240 M M 0 1 17 200
11 88 63 76 6 0 11 0.00 M M 5.2 14 250 M M 0 18 210
12 91 66 79 9 0 14 0.00 M M 2.1 9 120 M M 2 18 12 100
13 87 69 78 8 0 13 0.05 M M 4.2 14 160 M M 5 138 18 160
14 87 68 78 8 0 13 0.00 M M 5.0 12 90 M M 3 18 17 80
15 75 64 70 0 0 5 0.06 M M 3.2 10 150 M M 5 1 15 110
16 82 59 71 1 0 6 T M M 2.9 10 230 M M 4 1 13 60
17 85 59 72 3 0 7 0.00 M M 4.7 14 310 M M 4 19 330
18 84 57 71 2 0 6 0.00 M M 5.1 16 290 M M 2 22 350
19 81 55 68 -1 0 3 T M M 4.6 16 20 M M 4 20 10
20 82 50 66 -3 0 1 0.00 M M 4.5 13 220 M M 1 16 220
21 88 61 75 6 0 10 T M M 3.7 16 210 M M 2 3 18 210
22 90 64 77 8 0 12 T M M 4.0 14 180 M M 2 20 180
23 87 65 76 7 0 11 0.27 M M 3.3 23 310 M M 3 13 29 320
24 86 63 75 7 0 10 0.07 M M 5.0 16 270 M M 2 13 20 280
25 88 69 79 11 0 14 0.05 M M 9.3 20 290 M M 2 3 27 330
26 83 64 74 6 0 9 0.00 M M 7.7 16 270 M M 1 22 310
27 86 67 77 9 0 12 0.48 M M 9.7 37 330 M M 7 13 49 320
28 80 68 74 6 0 9 0.78 M M 6.3 29 320 M M 6 13 38 320
29 83 63 73 6 0 8 0.15 M M 8.8 25 300 M M 6 18 36 320
30 76 60 68 1 0 3 0.00 M M 5.8 17 320 M M 5 23 330
31 69 57 63 -4 2 0 0.09 M M 4.5 13 150 M M 8 1 20 140
================================================================================
SM 2578 1942 2 255 2.87 M 156.0 M 123
================================================================================
AV 83.2 62.6 5.0 FASTST M M 4 MAX(MPH)
MISC ----> 37 330 49 320
================================================================================
NOTES:
# LAST OF SEVERAL OCCURRENCES
COLUMN 17 PEAK WIND IN M.P.H.
PRELIMINARY LOCAL CLIMATOLOGICAL DATA (WS FORM: F-6) , PAGE 2
STATION: ALTOONA
MONTH: AUGUST
YEAR: 2020
LATITUDE: 40 17 N
LONGITUDE: 78 19 W
[TEMPERATURE DATA] [PRECIPITATION DATA] SYMBOLS USED IN COLUMN 16
AVERAGE MONTHLY: 72.9 TOTAL FOR MONTH: 2.87 1 = FOG OR MIST
DPTR FM NORMAL: 3.7 DPTR FM NORMAL: -0.14 2 = FOG REDUCING VISIBILITY
HIGHEST: 91 ON 12 GRTST 24HR 0.96 ON 27-28 TO 1/4 MILE OR LESS
LOWEST: 50 ON 20 3 = THUNDER
SNOW, ICE PELLETS, HAIL 4 = ICE PELLETS
TOTAL MONTH: M 5 = HAIL
GRTST 24HR M ON M 6 = FREEZING RAIN OR DRIZZLE
GRTST DEPTH: M ON M 7 = DUSTSTORM OR SANDSTORM:
VSBY 1/2 MILE OR LESS
8 = SMOKE OR HAZE
[NO. OF DAYS WITH] [WEATHER - DAYS WITH] 9 = BLOWING SNOW
X = TORNADO
MAX 32 OR BELOW: 0 0.01 INCH OR MORE: 12
MAX 90 OR ABOVE: 2 0.10 INCH OR MORE: 7
MIN 32 OR BELOW: 0 0.50 INCH OR MORE: 2
MIN 0 OR BELOW: 0 1.00 INCH OR MORE: 0
[HDD (BASE 65) ]
TOTAL THIS MO. 2 CLEAR (SCALE 0-3) 14
DPTR FM NORMAL -20 PTCLDY (SCALE 4-7) 17
TOTAL FM JUL 1 2 CLOUDY (SCALE 8-10) 0
DPTR FM NORMAL -31
[CDD (BASE 65) ]
TOTAL THIS MO. 255
DPTR FM NORMAL 103 [PRESSURE DATA]
TOTAL FM JAN 1 786 HIGHEST SLP 30.21 ON 8
DPTR FM NORMAL 307 LOWEST SLP 29.54 ON 29
[REMARKS]
#FINAL-08-20#