000
CXUS52 KMFL 011030
CF6APF
PRELIMINARY LOCAL CLIMATOLOGICAL DATA (WS FORM: F-6)
STATION: NAPLES
MONTH: JULY
YEAR: 2021
LATITUDE: 26 8 N
LONGITUDE: 81 46 W
TEMPERATURE IN F: :PCPN: SNOW: WIND :SUNSHINE: SKY :PK WND
================================================================================
1 2 3 4 5 6A 6B 7 8 9 10 11 12 13 14 15 16 17 18
12Z AVG MX 2MIN
DY MAX MIN AVG DEP HDD CDD WTR SNW DPTH SPD SPD DIR MIN PSBL S-S WX SPD DR
================================================================================
1 87 73 80 -3 0 15 T 0.0 0 4.8 16 240 M M 2 3 18 240
2 87 75 81 -2 0 16 0.00 0.0 0 6.8 15 290 M M 3 19 260
3 88 81 85 2 0 20 0.00 M M 7.9 15 260 M M 1 20 270
4 92 76 84 1 0 19 0.00 0.0 0 6.0 15 300 M M 1 19 320
5 93 75 84 1 0 19 0.36 0.0 0 8.1 30 130 M M 3 138 36 140
6 80 73 77 -6 0 12 2.49 0.0 M 12.1 29 120 M M 7 13 42 100
7 87 77 82 -1 0 17 T 0.0 0 8.2 16 220 M M 5 3 23 270
8 89 75 82 -1 0 17 0.00 0.0 M 6.1 15 90 M M 1 18 230
9 92 73 83 0 0 18 T 0.0 0 6.3 15 80 M M 2 3 20 50
10 90 73 82 -1 0 17 0.73 0.0 0 5.0 20 110 M M 2 13 30 170
11 90 76 83 0 0 18 0.15 0.0 0 5.5 23 160 M M 1 138 27 160
12 92 75 84 1 0 19 T 0.0 0 9.1 30 140 M M 1 3 35 150
13 89 74 82 -1 0 17 0.27 0.0 0 8.3 22 60 M M 2 13 29 70
14 91 74 83 0 0 18 0.92 0.0 0 6.8 17 80 M M 5 13 21 90
15 91 74 83 0 0 18 0.15 0.0 0 7.3 21 160 M M 2 138 26 150
16 91 74 83 0 0 18 0.21 0.0 0 5.4 25 120 M M 2 13 34 120
17 90 75 83 0 0 18 0.73 0.0 0 4.9 20 80 M M 2 13 23 90
18 90 73 82 -1 0 17 0.25 0.0 0 5.4 23 140 M M 3 138 28 150
19 90 74 82 -1 0 17 0.32 0.0 0 4.9 24 110 M M 3 13 30 120
20 90 75 83 0 0 18 0.00 0.0 0 5.0 17 220 M M 2 3 21 220
21 90 77 84 1 0 19 0.00 0.0 0 5.9 10 230 M M 1 M M
22 92 79 86 3 0 21 0.00 M M 6.2 17 300 M M 0 20 300
23 92 79 86 3 0 21 0.00 M M 6.7 17 300 M M 0 3 23 290
24 92 79 86 3 0 21 0.10 M M 4.6 13 40 M M 3 13 17 270
25 91 76 84 1 0 19 T M M 5.9 14 170 M M 2 3 17 160
26 91 77 84 1 0 19 T 0.0 0 5.2 16 140 M M 4 3 20 140
27 91 76 84 1 0 19 1.02 0.0 0 4.3 23 150 M M 3 13 27 140
28 88 78 83 0 0 18 0.09 M M 3.3 17 250 M M 0 138 23 250
29 89 77 83 0 0 18 0.00 0.0 0 5.4 16 280 M M 0 20 320
30 91 76 84 1 0 19 0.00 M M 5.0 13 260 M M 1 17 240
31 92 80 86 3 0 21 0.00 0.0 0 5.1 15 230 M M 1 20 260
================================================================================
SM 2788 2349 0 563 7.79 0.0 191.5 M 65
================================================================================
AV 89.9 75.8 6.2 FASTST M M 2 MAX(MPH)
MISC ----> # 30 130 42 100
================================================================================
NOTES:
# LAST OF SEVERAL OCCURRENCES
COLUMN 17 PEAK WIND IN M.P.H.
PRELIMINARY LOCAL CLIMATOLOGICAL DATA (WS FORM: F-6) , PAGE 2
STATION: NAPLES
MONTH: JULY
YEAR: 2021
LATITUDE: 26 8 N
LONGITUDE: 81 46 W
[TEMPERATURE DATA] [PRECIPITATION DATA] SYMBOLS USED IN COLUMN 16
AVERAGE MONTHLY: 82.9 TOTAL FOR MONTH: 7.79 1 = FOG OR MIST
DPTR FM NORMAL: -0.2 DPTR FM NORMAL: 0.02 2 = FOG REDUCING VISIBILITY
HIGHEST: 93 ON 5 GRTST 24HR 2.49 ON 6- 6 TO 1/4 MILE OR LESS
LOWEST: 73 ON 18,10 3 = THUNDER
SNOW, ICE PELLETS, HAIL 4 = ICE PELLETS
TOTAL MONTH: 0.0 INCH 5 = HAIL
GRTST 24HR 0.0 6 = FREEZING RAIN OR DRIZZLE
GRTST DEPTH: 0 7 = DUSTSTORM OR SANDSTORM:
VSBY 1/2 MILE OR LESS
8 = SMOKE OR HAZE
[NO. OF DAYS WITH] [WEATHER - DAYS WITH] 9 = BLOWING SNOW
X = TORNADO
MAX 32 OR BELOW: 0 0.01 INCH OR MORE: 14
MAX 90 OR ABOVE: 22 0.10 INCH OR MORE: 13
MIN 32 OR BELOW: 0 0.50 INCH OR MORE: 5
MIN 0 OR BELOW: 0 1.00 INCH OR MORE: 2
[HDD (BASE 65) ]
TOTAL THIS MO. 0 CLEAR (SCALE 0-3) 25
DPTR FM NORMAL 0 PTCLDY (SCALE 4-7) 6
TOTAL FM JUL 1 0 CLOUDY (SCALE 8-10) 0
DPTR FM NORMAL 0
[CDD (BASE 65) ]
TOTAL THIS MO. 563
DPTR FM NORMAL 0 [PRESSURE DATA]
TOTAL FM JAN 1 2367 HIGHEST SLP 30.21 ON 13
DPTR FM NORMAL 169 LOWEST SLP 29.86 ON 25
[REMARKS]
#FINAL-07-21#