000
CXUS54 KEWX 011010
CF6AQO
PRELIMINARY LOCAL CLIMATOLOGICAL DATA (WS FORM: F-6)
STATION: LLANO MUNICIPAL AIRPORT
MONTH: AUGUST
YEAR: 2023
LATITUDE: 30 47 N
LONGITUDE: 98 40 W
TEMPERATURE IN F: :PCPN: SNOW: WIND :SUNSHINE: SKY :PK WND
================================================================================
1 2 3 4 5 6A 6B 7 8 9 10 11 12 13 14 15 16 17 18
12Z AVG MX 2MIN
DY MAX MIN AVG DEP HDD CDD WTR SNW DPTH SPD SPD DIR MIN PSBL S-S WX SPD DR
================================================================================
1 106 73 90 M 0 25 0.00 M M 5.5 13 90 M M 3 21 120
2 106 79 93 M 0 28 0.00 M M 5.4 12 170 M M 1 21 130
3 106 75 91 M 0 26 0.00 M M 6.4 10 160 M M 0 17 99
4 108 77 93 M 0 28 0.00 M M 6.0 12 160 M M 2 18 160
5 108 77 93 M 0 28 0.00 M M 6.5 12 130 M M 0 23 160
6 106 79 93 M 0 28 0.00 M M 6.4 12 160 M M 1 24 140
7 108 81 95 M 0 30 0.00 M M 7.4 12 190 M M 0 18 190
8 108 81 95 M 0 30 0.00 M M 8.9 14 160 M M 2 24 140
9 108 77 93 M 0 28 0.00 M M 9.0 14 180 M M 1 28 170
10 108 79 94 M 0 29 0.00 M M 7.4 14 170 M M 2 23 190
11 108 79 94 M 0 29 0.00 M M 8.7 14 160 M M 2 23 160
12 108 79 94 M 0 29 0.00 M M 8.6 15 190 M M 4 23 190
13 106 79 93 M 0 28 0.00 M M 9.2 15 220 M M 3 22 170
14 106 75 91 M 0 26 0.00 M M 6.0 17 50 M M 1 24 50
15 100 77 89 M 0 24 0.00 M M 7.4 13 80 M M 1 16 80
16 104 72 88 M 0 23 0.00 M M 3.4 8 110 M M 1 8 17 99
17 109 72 91 M 0 26 0.00 M M 3.8 13 210 M M 2 17 70
18 108 72 90 M 0 25 0.00 M M 4.6 13 130 M M 1 24 100
19 108 72 90 M 0 25 0.00 M M 5.1 13 110 M M 0 20 100
20 108 73 91 M 0 26 0.00 M M 4.3 16 70 M M 3 17 70
21 108 77 93 M 0 28 0.00 M M 6.0 16 80 M M 3 28 80
22 102 77 90 M 0 25 0.00 M M 7.7 16 100 M M 5 26 90
23 100 75 88 M 0 23 0.00 M M 6.5 15 160 M M 5 22 160
24 104 75 90 M 0 25 0.00 M M 3.8 10 110 M M 4 17 120
25 108 77 93 M 0 28 0.00 M M 3.7 13 210 M M 4 8 21 150
26 108 75 92 M 0 27 0.00 M M 3.4 10 120 M M 2 17 99
27 104 77 91 M 0 26 0.00 M M 4.4 21 360 M M 3 31 360
28 99 72 86 M 0 21 0.00 M M 5.6 16 10 M M 3 21 360
29 99 68 84 M 0 19 0.00 M M 5.7 14 20 M M 3 20 50
30 100 68 84 M 0 19 0.00 M M 4.6 14 10 M M 3 20 350
31 102 66 84 M 0 19 0.00 M M 3.7 13 140 M M 3 23 140
================================================================================
SM 3271 2335 0 801 0.00 M 184.9 M 68
================================================================================
AV105.5 75.3 6.0 FASTST M M 2 MAX(MPH)
MISC ----> 21 360 31 360
================================================================================
NOTES:
# LAST OF SEVERAL OCCURRENCES
COLUMN 17 PEAK WIND IN M.P.H.
PRELIMINARY LOCAL CLIMATOLOGICAL DATA (WS FORM: F-6) , PAGE 2
STATION: LLANO MUNICIPAL AIRPORT
MONTH: AUGUST
YEAR: 2023
LATITUDE: 30 47 N
LONGITUDE: 98 40 W
[TEMPERATURE DATA] [PRECIPITATION DATA] SYMBOLS USED IN COLUMN 16
AVERAGE MONTHLY: 90.4 TOTAL FOR MONTH: 0.00 1 = FOG OR MIST
DPTR FM NORMAL: 0.0 DPTR FM NORMAL: M 2 = FOG REDUCING VISIBILITY
HIGHEST: 109 ON 17 GRTST 24HR 0.00 ON 1- 1 TO 1/4 MILE OR LESS
LOWEST: 66 ON 31 3 = THUNDER
SNOW, ICE PELLETS, HAIL 4 = ICE PELLETS
TOTAL MONTH: M 5 = HAIL
GRTST 24HR M ON M 6 = FREEZING RAIN OR DRIZZLE
GRTST DEPTH: M ON M 7 = DUSTSTORM OR SANDSTORM:
VSBY 1/2 MILE OR LESS
8 = SMOKE OR HAZE
[NO. OF DAYS WITH] [WEATHER - DAYS WITH] 9 = BLOWING SNOW
X = TORNADO
MAX 32 OR BELOW: 0 0.01 INCH OR MORE: 0
MAX 90 OR ABOVE: 31 0.10 INCH OR MORE: 0
MIN 32 OR BELOW: 0 0.50 INCH OR MORE: 0
MIN 0 OR BELOW: 0 1.00 INCH OR MORE: 0
[HDD (BASE 65) ]
TOTAL THIS MO. 0 CLEAR (SCALE 0-3) 23
DPTR FM NORMAL M PTCLDY (SCALE 4-7) 8
TOTAL FM JUL 1 0 CLOUDY (SCALE 8-10) 0
DPTR FM NORMAL M
[CDD (BASE 65) ]
TOTAL THIS MO. 801
DPTR FM NORMAL M [PRESSURE DATA]
TOTAL FM JAN 1 2645 HIGHEST SLP M ON M
DPTR FM NORMAL M LOWEST SLP M ON M
[REMARKS]
#FINAL-08-23#