977
CXUS54 KLCH 011340
CF6ARA
PRELIMINARY LOCAL CLIMATOLOGICAL DATA (WS FORM: F-6)
STATION: NEW IBERIA
MONTH: APRIL
YEAR: 2020
LATITUDE: 30 1 N
LONGITUDE: 91 53 W
TEMPERATURE IN F: :PCPN: SNOW: WIND :SUNSHINE: SKY :PK WND
================================================================================
1 2 3 4 5 6A 6B 7 8 9 10 11 12 13 14 15 16 17 18
12Z AVG MX 2MIN
DY MAX MIN AVG DEP HDD CDD WTR SNW DPTH SPD SPD DIR MIN PSBL S-S WX SPD DR
================================================================================
1 75 46 61 -4 4 0 0.00 M 0 5.4 14 70 M M 0 20 110
2 76 55 66 1 0 1 0.00 0.0 0 6.1 16 160 M M 0 23 160
3 80 59 70 5 0 5 0.00 0.0 0 6.7 15 140 M M 3 20 130
4 81 61 71 6 0 6 0.10 0.0 0 7.7 17 100 M M 3 1 23 70
5 82 56 69 3 0 4 0.00 0.0 0 6.3 14 80 M M 1 1 26 70
6 84 63 74 8 0 9 T 0.0 0 8.6 16 170 M M 4 26 130
7 83 70 77 11 0 12 0.01 0.0 0 9.8 20 190 M M 8 26 190
8 86 72 79 13 0 14 T 0.0 0 8.9 17 260 M M 6 1 22 260
9 91 67 79 13 0 14 0.22 0.0 0 7.6 29 360 M M 7 13 35 10
10 74 61 68 1 0 3 0.05 0.0 0 10.2 21 40 M M 2 28 50
11 81 55 68 1 0 3 0.00 0.0 0 11.1 18 130 M M 3 27 180
12 84 63 74 7 0 9 T 0.0 0 15.6 29 200 M M 9 138 42 200
13 73 53 63 -4 2 0 0.00 0.0 0 10.3 23 360 M M 1 1 30 360
14 73 50 62 -6 3 0 0.00 0.0 0 13.9 22 10 M M 2 29 20
15 70 48 59 -9 6 0 0.00 0.0 0 11.9 21 40 M M 0 27 20
16 77 48 63 -5 2 0 0.00 0.0 0 8.2 18 70 M M 0 26 90
17 82 55 69 1 0 4 0.21 0.0 0 7.2 16 160 M M 3 13 22 160
18 72 68 70 2 0 5 0.64 0.0 0 8.0 28 150 M M 9 13 36 160
19 86 69 78 9 0 13 0.09 0.0 0 13.6 24 200 M M 7 12 34 180
20 82 61 72 3 0 7 0.00 0.0 0 4.2 17 360 M M 1 1 25 340
21 85 62 74 5 0 9 0.00 0.0 0 4.9 12 210 M M 0 1 16 60
22 83 63 73 3 0 8 0.00 0.0 0 16.7 31 150 M M 5 12 43 140
23 87 62 75 5 0 10 T 0.0 0 11.2 25 190 M M 6 18 37 190
24 86 56 71 1 0 6 0.00 0.0 0 6.9 23 180 M M 0 1 31 180
25 86 66 76 6 0 11 0.01 0.0 0 8.6 20 350 M M 2 123 28 350
26 83 58 71 0 0 6 0.00 0.0 0 7.7 18 30 M M 0 24 30
27 83 58 71 0 0 6 0.00 0.0 0 9.1 17 180 M M 0 28 80
28 83 61 72 1 0 7 1.91 0.0 0 10.9 24 70 M M 5 13 35 160
29 76 58 67 -5 0 2 1.44 0.0 0 9.1 33 350 M M 5 13 46 340
30 79 52 66 -6 0 1 0.00 0.0 0 4.2 16 330 M M 0 21 340
================================================================================
SM 2423 1776 17 175 4.68 0.0 270.6 M 92
================================================================================
AV 80.8 59.2 9.0 FASTST M M 3 MAX(MPH)
MISC ----> # 33 350 # 46 340
================================================================================
NOTES:
# LAST OF SEVERAL OCCURRENCES
COLUMN 17 PEAK WIND IN M.P.H.
PRELIMINARY LOCAL CLIMATOLOGICAL DATA (WS FORM: F-6) , PAGE 2
STATION: NEW IBERIA
MONTH: APRIL
YEAR: 2020
LATITUDE: 30 1 N
LONGITUDE: 91 53 W
[TEMPERATURE DATA] [PRECIPITATION DATA] SYMBOLS USED IN COLUMN 16
AVERAGE MONTHLY: 70.0 TOTAL FOR MONTH: 4.68 1 = FOG OR MIST
DPTR FM NORMAL: 1.9 DPTR FM NORMAL: 0.61 2 = FOG REDUCING VISIBILITY
HIGHEST: 91 ON 9 GRTST 24HR 1.91 ON 28-28 TO 1/4 MILE OR LESS
LOWEST: 46 ON 1 3 = THUNDER
SNOW, ICE PELLETS, HAIL 4 = ICE PELLETS
TOTAL MONTH: 0.0 INCH 5 = HAIL
GRTST 24HR 0.0 6 = FREEZING RAIN OR DRIZZLE
GRTST DEPTH: 0 7 = DUSTSTORM OR SANDSTORM:
VSBY 1/2 MILE OR LESS
8 = SMOKE OR HAZE
[NO. OF DAYS WITH] [WEATHER - DAYS WITH] 9 = BLOWING SNOW
X = TORNADO
MAX 32 OR BELOW: 0 0.01 INCH OR MORE: 10
MAX 90 OR ABOVE: 1 0.10 INCH OR MORE: 6
MIN 32 OR BELOW: 0 0.50 INCH OR MORE: 3
MIN 0 OR BELOW: 0 1.00 INCH OR MORE: 2
[HDD (BASE 65) ]
TOTAL THIS MO. 17 CLEAR (SCALE 0-3) 18
DPTR FM NORMAL -27 PTCLDY (SCALE 4-7) 9
TOTAL FM JUL 1 1091 CLOUDY (SCALE 8-10) 3
DPTR FM NORMAL -317
[CDD (BASE 65) ]
TOTAL THIS MO. 175
DPTR FM NORMAL 38 [PRESSURE DATA]
TOTAL FM JAN 1 441 HIGHEST SLP 30.24 ON 16
DPTR FM NORMAL 221 LOWEST SLP 29.55 ON 12
[REMARKS]
#FINAL-04-20#