000
CXUS54 KHGX 011410
CF6ARM
PRELIMINARY LOCAL CLIMATOLOGICAL DATA (WS FORM: F-6)
STATION: Wharton
MONTH: MARCH
YEAR: 2023
LATITUDE: 29 15 N
LONGITUDE: 96 9 W
TEMPERATURE IN F: :PCPN: SNOW: WIND :SUNSHINE: SKY :PK WND
================================================================================
1 2 3 4 5 6A 6B 7 8 9 10 11 12 13 14 15 16 17 18
12Z AVG MX 2MIN
DY MAX MIN AVG DEP HDD CDD WTR SNW DPTH SPD SPD DIR MIN PSBL S-S WX SPD DR
================================================================================
1 83 70 77 M 0 12 0.00 0.0 0 12.4 25 160 M M 10 1 31 160
2 76 60 68 M 0 3 M 0.0 0 13.2 24 170 M M 9 1 33 170
3 73 47 60 M 5 0 0.00 0.0 0 10.7 21 320 M M 1 8 30 300
4 80 43 62 M 3 0 0.00 0.0 0 3.8 10 170 M M 0 M M
5 80 45 63 M 2 0 0.00 0.0 0 4.3 13 140 M M 3 12 18 140
6 84 55 70 M 0 5 M 0.0 M 5.6 12 150 M M 7 1 17 150
7 84 68 76 M 0 11 M 0.0 M 7.6 13 150 M M 8 1 17 180
8 84 66 75 M 0 10 M 0.0 M 6.7 14 150 M M 6 1 17 150
9 M M M M M M M M M M M M M M M M M
10 80 63 72 M 0 7 0.00 0.0 0 3.9 12 360 M M 5 12 M M
11 83 64 74 M 0 9 M 0.0 M 13.1 22 180 M M 5 1 30 190
12 81 61 71 M 0 6 0.01 0.0 M 14.9 21 350 M M 7 1 27 350
13 69 52 61 M 4 0 0.00 0.0 0 8.6 16 40 M M 0 27 20
14 66 50 58 M 7 0 M 0.0 0 7.0 14 70 M M 5 18 70
15 73 48 61 M 4 0 0.00 0.0 0 9.3 15 140 M M 2 22 90
16 74 60 67 M 0 2 0.02 0.0 0 12.9 24 170 M M 9 31 170
17 72 44 58 M 7 0 M 0.0 0 17.8 27 350 M M 6 40 350
18 52 44 48 M 17 0 M 0.0 0 6.5 14 10 M M 9 21 10
19 58 39 49 M 16 0 0.00 0.0 0 4.2 8 10 M M 4 M M
20 59 37 48 M 17 0 0.00 0.0 0 7.0 15 120 M M 8 21 120
21 73 55 64 M 1 0 0.01 0.0 0 11.5 20 150 M M 10 29 150
22 80 67 74 M 0 9 0.00 0.0 0 12.9 21 170 M M 9 28 170
23 82 70 76 M 0 11 0.00 0.0 0 14.2 24 160 M M 10 1 33 180
24 85 66 76 M 0 11 0.00 0.0 0 12.9 20 210 M M 7 1 28 210
25 83 55 69 M 0 4 0.00 0.0 0 4.6 14 350 M M 2 1 20 350
26 83 53 68 M 0 3 0.00 0.0 0 5.1 17 160 M M 7 1 21 160
27 80 67 74 M 0 9 M 0.0 M 4.7 10 20 M M 9 1 16 20
28 72 61 67 M 0 2 0.02 0.0 0 12.3 22 360 M M 6 1 31 10
29 71 51 61 M 4 0 0.00 0.0 0 8.1 13 90 M M 7 17 90
30 80 62 71 M 0 6 0.01 0.0 M 11.7 21 150 M M 9 1 29 140
31 83 72 78 M 0 13 0.00 0.0 0 16.2 31 150 M M 7 38 150
================================================================================
SM 2283 1695 87 133 0.07 0.0 283.7 M 187
================================================================================
AV 76.1 56.5 9.5 FASTST M M 6 MAX(MPH)
MISC ----> 31 150 40 350
================================================================================
NOTES:
# LAST OF SEVERAL OCCURRENCES
COLUMN 17 PEAK WIND IN M.P.H.
PRELIMINARY LOCAL CLIMATOLOGICAL DATA (WS FORM: F-6) , PAGE 2
STATION: Wharton
MONTH: MARCH
YEAR: 2023
LATITUDE: 29 15 N
LONGITUDE: 96 9 W
[TEMPERATURE DATA] [PRECIPITATION DATA] SYMBOLS USED IN COLUMN 16
AVERAGE MONTHLY: 66.3 TOTAL FOR MONTH: 0.07 1 = FOG OR MIST
DPTR FM NORMAL: 0.0 DPTR FM NORMAL: M 2 = FOG REDUCING VISIBILITY
HIGHEST: 85 ON 24 GRTST 24HR 0.02 ON 16-16 TO 1/4 MILE OR LESS
LOWEST: 37 ON 20 3 = THUNDER
SNOW, ICE PELLETS, HAIL 4 = ICE PELLETS
TOTAL MONTH: 0.0 INCH 5 = HAIL
GRTST 24HR 0.0 6 = FREEZING RAIN OR DRIZZLE
GRTST DEPTH: 0 7 = DUSTSTORM OR SANDSTORM:
VSBY 1/2 MILE OR LESS
8 = SMOKE OR HAZE
[NO. OF DAYS WITH] [WEATHER - DAYS WITH] 9 = BLOWING SNOW
X = TORNADO
MAX 32 OR BELOW: 0 0.01 INCH OR MORE: 5
MAX 90 OR ABOVE: 0 0.10 INCH OR MORE: 0
MIN 32 OR BELOW: 0 0.50 INCH OR MORE: 0
MIN 0 OR BELOW: 0 1.00 INCH OR MORE: 0
[HDD (BASE 65) ]
TOTAL THIS MO. 87 CLEAR (SCALE 0-3) 6
DPTR FM NORMAL M PTCLDY (SCALE 4-7) 15
TOTAL FM JUL 1 821 CLOUDY (SCALE 8-10) 9
DPTR FM NORMAL M
[CDD (BASE 65) ]
TOTAL THIS MO. 133
DPTR FM NORMAL M [PRESSURE DATA]
TOTAL FM JAN 1 256 HIGHEST SLP M ON M
DPTR FM NORMAL M LOWEST SLP M ON M
[REMARKS]
#FINAL-03-23#