000
CXUS54 KHGX 011410
CF6ARM
PRELIMINARY LOCAL CLIMATOLOGICAL DATA (WS FORM: F-6)
STATION: Wharton
MONTH: SEPTEMBER
YEAR: 2022
LATITUDE: 29 15 N
LONGITUDE: 96 9 W
TEMPERATURE IN F: :PCPN: SNOW: WIND :SUNSHINE: SKY :PK WND
================================================================================
1 2 3 4 5 6A 6B 7 8 9 10 11 12 13 14 15 16 17 18
12Z AVG MX 2MIN
DY MAX MIN AVG DEP HDD CDD WTR SNW DPTH SPD SPD DIR MIN PSBL S-S WX SPD DR
================================================================================
1 91 73 82 M 0 17 0.00 0.0 0 2.7 10 190 M M 1 M M
2 92 73 83 M 0 18 0.00 0.0 0 2.5 9 130 M M 2 27 0
3 87 73 80 M 0 15 0.17 0.0 0 3.0 12 40 M M 4 1 17 170
4 79 72 76 M 0 11 M 0.0 0 3.0 8 200 M M 1 1 M M
5 83 70 77 M 0 12 0.00 0.0 0 3.2 10 190 M M 1 1 M M
6 86 69 78 M 0 13 0.97 0.0 0 3.5 10 160 M M 1 20 120
7 90 70 80 M 0 15 M 0.0 0 2.1 7 130 M M 2 1 24 130
8 90 69 80 M 0 15 0.06 0.0 0 2.3 8 210 M M 2 M M
9 91 69 80 M 0 15 0.00 0.0 0 2.0 7 120 M M 3 1 M M
10 91 68 80 M 0 15 0.00 0.0 0 1.5 7 340 M M 1 1 M M
11 91 69 80 M 0 15 0.00 0.0 0 2.8 8 330 M M 1 1 M M
12 89 69 79 M 0 14 0.00 0.0 0 3.5 9 350 M M 0 M M
13 91 71 81 M 0 16 0.00 0.0 0 2.1 9 170 M M 4 1 M M
14 88 65 77 M 0 12 0.00 0.0 0 4.7 10 70 M M 1 1 16 70
15 88 70 79 M 0 14 0.00 0.0 0 6.3 15 90 M M 4 22 60
16 91 71 81 M 0 16 0.00 0.0 0 2.4 10 140 M M 4 1 M M
17 91 71 81 M 0 16 0.00 0.0 0 5.4 12 140 M M 2 1 17 150
18 93 69 81 M 0 16 0.02 0.0 0 2.5 8 140 M M 4 1 16 140
19 91 71 81 M 0 16 M 0.0 0 3.2 14 160 M M 3 1 18 110
20 94 71 83 M 0 18 M 0.0 0 3.3 16 150 M M 2 1 22 50
21 93 68 81 M 0 16 0.00 0.0 0 2.6 9 170 M M 3 1 M M
22 96 67 82 M 0 17 0.00 0.0 0 2.4 7 50 M M 1 12 M M
23 96 70 83 M 0 18 0.00 0.0 0 3.8 12 160 M M 2 1 M M
24 94 68 81 M 0 16 M 0.0 0 4.6 13 150 M M 2 12 16 180
25 94 69 82 M 0 17 M 0.0 0 1.6 5 170 M M 1 1 M M
26 94 70 82 M 0 17 0.00 0.0 0 6.9 15 360 M M 0 22 10
27 89 56 73 M 0 8 0.00 0.0 0 5.1 12 50 M M 0 18 50
28 88 55 72 M 0 7 0.00 0.0 0 4.3 13 80 M M 0 24 70
29 86 59 73 M 0 8 M 0.0 M 3.8 9 60 M M 0 M M
30 84 55 70 M 0 5 M 0.0 M 3.9 9 10 M M 0 M M
================================================================================
SM 2701 2040 0 428 1.22 0.0 101.0 M 52
================================================================================
AV 90.0 68.0 3.4 FASTST M M 2 MAX(MPH)
MISC ----> 16 150 27 0
================================================================================
NOTES:
# LAST OF SEVERAL OCCURRENCES
COLUMN 17 PEAK WIND IN M.P.H.
PRELIMINARY LOCAL CLIMATOLOGICAL DATA (WS FORM: F-6) , PAGE 2
STATION: Wharton
MONTH: SEPTEMBER
YEAR: 2022
LATITUDE: 29 15 N
LONGITUDE: 96 9 W
[TEMPERATURE DATA] [PRECIPITATION DATA] SYMBOLS USED IN COLUMN 16
AVERAGE MONTHLY: 79.0 TOTAL FOR MONTH: 1.22 1 = FOG OR MIST
DPTR FM NORMAL: 0.0 DPTR FM NORMAL: M 2 = FOG REDUCING VISIBILITY
HIGHEST: 96 ON 23,22 GRTST 24HR 0.97 ON 6- 6 TO 1/4 MILE OR LESS
LOWEST: 55 ON 30,28 3 = THUNDER
SNOW, ICE PELLETS, HAIL 4 = ICE PELLETS
TOTAL MONTH: 0.0 INCH 5 = HAIL
GRTST 24HR 0.0 6 = FREEZING RAIN OR DRIZZLE
GRTST DEPTH: 0 7 = DUSTSTORM OR SANDSTORM:
VSBY 1/2 MILE OR LESS
8 = SMOKE OR HAZE
[NO. OF DAYS WITH] [WEATHER - DAYS WITH] 9 = BLOWING SNOW
X = TORNADO
MAX 32 OR BELOW: 0 0.01 INCH OR MORE: 4
MAX 90 OR ABOVE: 19 0.10 INCH OR MORE: 2
MIN 32 OR BELOW: 0 0.50 INCH OR MORE: 1
MIN 0 OR BELOW: 0 1.00 INCH OR MORE: 0
[HDD (BASE 65) ]
TOTAL THIS MO. 0 CLEAR (SCALE 0-3) 25
DPTR FM NORMAL M PTCLDY (SCALE 4-7) 5
TOTAL FM JUL 1 0 CLOUDY (SCALE 8-10) 0
DPTR FM NORMAL M
[CDD (BASE 65) ]
TOTAL THIS MO. 428
DPTR FM NORMAL M [PRESSURE DATA]
TOTAL FM JAN 1 3009 HIGHEST SLP M ON M
DPTR FM NORMAL M LOWEST SLP M ON M
[REMARKS]
#FINAL-09-22#