704
CXUS55 KGJT 011254
CF6ASE
PRELIMINARY LOCAL CLIMATOLOGICAL DATA (WS FORM: F-6)
STATION: ASPEN CO
MONTH: MARCH
YEAR: 2021
LATITUDE: 39 13 N
LONGITUDE: 106 52 W
TEMPERATURE IN F: :PCPN: SNOW: WIND :SUNSHINE: SKY :PK WND
================================================================================
1 2 3 4 5 6A 6B 7 8 9 10 11 12 13 14 15 16 17 18
12Z AVG MX 2MIN
DY MAX MIN AVG DEP HDD CDD WTR SNW DPTH SPD SPD DIR MIN PSBL S-S WX SPD DR
================================================================================
1 38 -5 17 -9 48 0 0.00 M M 5.7 12 220 M M 0 14 200
2 46 7 27 1 38 0 0.00 M M 6.7 12 210 M M 0 16 350
3 52 10 31 4 34 0 0.00 M M 6.3 15 180 M M 0 18 180
4 41 20 31 4 34 0 0.07 M M 6.4 26 160 M M 8 1 39 150
5 49 15 32 5 33 0 0.00 M M 6.1 12 210 M M 0 16 200
6 53 15 34 6 31 0 0.00 M M 5.1 12 320 M M 0 15 340
7 55 23 39 11 26 0 0.00 M M 6.7 15 170 M M 0 19 180
8 49 29 39 11 26 0 0.00 M M 8.7 21 180 M M 3 28 180
9 51 31 41 12 24 0 0.15 M M 11.3 23 170 M M 2 1 32 200
10 32 14 23 -6 42 0 0.18 M M 6.8 20 340 M M 8 128 30 350
11 39 8 24 -5 41 0 0.00 M M 5.7 16 170 M M 3 30 230
12 48 16 32 2 33 0 0.00 M M 5.9 22 200 M M 3 29 160
13 43 19 31 1 34 0 0.17 M M 6.2 24 120 M M 5 128 36 130
14 33 22 28 -2 37 0 0.06 M M 7.5 20 340 M M 10 18 28 320
15 41 21 31 0 34 0 0.04 M M 2.4 12 180 M M 8 18 15 30
16 39 22 31 0 34 0 0.04 M M 4.5 12 280 M M 8 18 21 250
17 40 24 32 1 33 0 T M M 6.4 14 10 M M 9 19 360
18 48 18 33 1 32 0 0.00 M M 5.8 10 320 M M 1 16 220
19 56 25 41 9 24 0 0.00 M M 6.2 12 210 M M 1 20 220
20 55 32 44 12 21 0 0.06 M M 10.0 26 170 M M 2 1 42 210
21 41 26 34 1 31 0 0.10 M M 4.6 15 300 M M 9 18 24 290
22 38 26 32 -1 33 0 0.06 M M 5.4 15 320 M M 8 18 27 300
23 38 23 31 -2 34 0 0.06 M M 3.4 15 10 M M 9 18 19 10
24 40 20 30 -4 35 0 0.01 M M 4.3 15 290 M M 8 18 28 340
25 39 17 28 -6 37 0 T M M 5.2 13 240 M M 5 8 18 240
26 39 22 31 -3 34 0 0.04 M M 5.7 23 320 M M 9 18 32 330
27 41 20 31 -3 34 0 0.04 M M 5.7 15 340 M M 6 18 22 360
28 52 21 37 2 28 0 0.00 M M 6.8 14 340 M M 1 22 360
29 54 23 39 4 26 0 0.05 M M 8.5 21 210 M M 2 1 40 320
30 34 14 24 -11 41 0 0.27 M M 5.9 17 320 M M 7 12 26 340
31 47 9 28 -8 37 0 0.00 M M 5.7 13 220 M M 0 15 220
================================================================================
SM 1371 587 1029 0 1.40 M 191.6 M 135
================================================================================
AV 44.2 18.9 6.2 FASTST M M 4 MAX(MPH)
MISC ----> # 26 160 42 210
================================================================================
NOTES:
# LAST OF SEVERAL OCCURRENCES
COLUMN 17 PEAK WIND IN M.P.H.
PRELIMINARY LOCAL CLIMATOLOGICAL DATA (WS FORM: F-6) , PAGE 2
STATION: ASPEN CO
MONTH: MARCH
YEAR: 2021
LATITUDE: 39 13 N
LONGITUDE: 106 52 W
[TEMPERATURE DATA] [PRECIPITATION DATA] SYMBOLS USED IN COLUMN 16
AVERAGE MONTHLY: 31.6 TOTAL FOR MONTH: 1.40 1 = FOG OR MIST
DPTR FM NORMAL: 0.7 DPTR FM NORMAL: 0.08 2 = FOG REDUCING VISIBILITY
HIGHEST: 56 ON 19 GRTST 24HR 0.32 ON 29-30 TO 1/4 MILE OR LESS
LOWEST: -5 ON 1 3 = THUNDER
SNOW, ICE PELLETS, HAIL 4 = ICE PELLETS
TOTAL MONTH: M 5 = HAIL
GRTST 24HR M ON M 6 = FREEZING RAIN OR DRIZZLE
GRTST DEPTH: M ON M 7 = DUSTSTORM OR SANDSTORM:
VSBY 1/2 MILE OR LESS
8 = SMOKE OR HAZE
[NO. OF DAYS WITH] [WEATHER - DAYS WITH] 9 = BLOWING SNOW
X = TORNADO
MAX 32 OR BELOW: 1 0.01 INCH OR MORE: 16
MAX 90 OR ABOVE: 0 0.10 INCH OR MORE: 5
MIN 32 OR BELOW: 31 0.50 INCH OR MORE: 0
MIN 0 OR BELOW: 1 1.00 INCH OR MORE: 0
[HDD (BASE 65) ]
TOTAL THIS MO. 1029 CLEAR (SCALE 0-3) 16
DPTR FM NORMAL -27 PTCLDY (SCALE 4-7) 8
TOTAL FM JUL 1 6712 CLOUDY (SCALE 8-10) 7
DPTR FM NORMAL -663
[CDD (BASE 65) ]
TOTAL THIS MO. 0
DPTR FM NORMAL 0 [PRESSURE DATA]
TOTAL FM JAN 1 0 HIGHEST SLP M ON M
DPTR FM NORMAL 0 LOWEST SLP 29.52 ON 9
[REMARKS]
#FINAL-03-21#