000
CXUS52 KFFC 042222
CLMATL
CLIMATE REPORT
NATIONAL WEATHER SERVICE PEACHTREE CITY GA
622 PM EDT THU MAY 04 2023
...................................
...THE ATLANTA CLIMATE SUMMARY FOR THE MONTH OF APRIL 2023...
CLIMATE NORMAL PERIOD: 1991 TO 2020
CLIMATE RECORD PERIOD: 1878 TO 2023
WEATHER OBSERVED NORMAL DEPART LAST YEAR`S
VALUE DATE(S) VALUE FROM VALUE DATE(S)
NORMAL
................................................................
TEMPERATURE (F)
RECORD
HIGH 93 04/27/1986
04/24/1925
LOW 25 04/02/1881
HIGHEST 87 04/05 93 -6 84 04/25
LOWEST 44 04/08 26 18 38 04/10
04/09
AVG. MAXIMUM 73.2 73.8 -0.6 73.7
AVG. MINIMUM 53.7 52.5 1.2 52.6
MEAN 63.5 63.2 0.3 63.2
DAYS MAX >= 90 0 0.0 0.0 0
DAYS MAX <= 32 0 0.0 0.0 0
DAYS MIN <= 32 0 0.2 -0.2 0
DAYS MIN <= 0 0 0.0 0.0 0
PRECIPITATION (INCHES)
RECORD
MAXIMUM 11.86 1979
MINIMUM 0.35 1915
TOTALS 4.37 3.81 0.56 4.36
DAILY AVG. 0.15 0.13 0.02 0.15
DAYS >= .01 11 8.9 2.1 8
DAYS >= .10 9 6.1 2.9 4
DAYS >= .50 4 2.5 1.5 3
DAYS >= 1.00 1 1.0 0.0 2
GREATEST
24 HR. TOTAL 1.36 04/29 TO 04/30 2.18 04/05 TO 04/05
SNOWFALL (INCHES)
RECORDS
TOTAL MM MM
24 HR TOTAL MM
TOTALS 0.0 0.0 0.0 0.0
SINCE 7/1 0.1 2.2 -2.1 MM
SNOWDEPTH AVG. 0 0
DAYS >= TRACE 0 0.0 0.0 0
DAYS >= 1.0 0 0.0 0.0 0
GREATEST
24 HR TOTAL MM MM
DEGREE DAYS
HEATING TOTAL 96 120 -24 101
SINCE 7/1 1911 2506 -595 MM
COOLING TOTAL 56 64 -8 53
SINCE 1/1 115 84 31 MM
................................................................
WIND (MPH)
AVERAGE WIND SPEED 8.8
HIGHEST WIND SPEED/DIRECTION 33/310 DATE 04/01
HIGHEST GUST SPEED/DIRECTION 49/290 DATE 04/01
SKY COVER
POSSIBLE SUNSHINE (PERCENT) MM
AVERAGE SKY COVER 0.60
NUMBER OF DAYS FAIR 6
NUMBER OF DAYS PC 14
NUMBER OF DAYS CLOUDY 10
AVERAGE RH (PERCENT) 60
WEATHER CONDITIONS. NUMBER OF DAYS WITH
THUNDERSTORM 5 MIXED PRECIP 0
HEAVY RAIN 6 RAIN 10
LIGHT RAIN 15 FREEZING RAIN 0
LT FREEZING RAIN 0 HAIL 0
HEAVY SNOW 0 SNOW 0
LIGHT SNOW 0 SLEET 0
FOG 13 FOG W/VIS <= 1/4 MILE 2
HAZE 3
- INDICATES NEGATIVE NUMBERS.
R INDICATES RECORD WAS SET OR TIED.
MM INDICATES DATA IS MISSING.
T INDICATES TRACE AMOUNT.
$$