609
CXUS54 KMAF 011210
CF6ATS
PRELIMINARY LOCAL CLIMATOLOGICAL DATA (WS FORM: F-6)
STATION: ARTESIA
MONTH: JANUARY
YEAR: 2021
LATITUDE: 32 54 N
LONGITUDE: 104 30 W
TEMPERATURE IN F: :PCPN: SNOW: WIND :SUNSHINE: SKY :PK WND
================================================================================
1 2 3 4 5 6A 6B 7 8 9 10 11 12 13 14 15 16 17 18
12Z AVG MX 2MIN
DY MAX MIN AVG DEP HDD CDD WTR SNW DPTH SPD SPD DIR MIN PSBL S-S WX SPD DR
================================================================================
1 46 18 32 M 33 0 0.00 M M 9.3 14 270 M M 0 17 30
2 61 18 40 M 25 0 0.00 M M 10.4 25 230 M M 0 36 240
3 64 27 46 M 19 0 0.00 M M 17.3230 131 M M 0 13 90
4 61 32 47 M 18 0 0.00 M M 9.8 20 30 M M 0 29 30
5 70 28 49 M 16 0 0.00 M M 10.2 20 250 M M 0 24 240
6 54 30 42 M 23 0 0.00 M M 10.2 21 330 M M 1 27 350
7 55 21 38 M 27 0 0.00 M M 5.4 10 150 M M 0 16 150
8 50 23 37 M 28 0 0.00 M M 4.7 9 160 M M 0 M M
9 34 25 30 M 35 0 0.03 M M 6.0 10 140 M M 10 1 M M
10 34 28 31 M 34 0 0.04 M M 8.8 15 360 M M 9 1 20 360
11 39 21 30 M 35 0 0.01 M M 5.7 9 160 M M 2 12 15 160
12 50 19 35 M 30 0 0.00 M M 4.5 12 160 M M 1 12 M M
13 68 23 46 M 19 0 0.00 M M 7.3 17 260 M M 0 22 250
14 57 30 44 M 21 0 0.00 M M 9.9 23 40 M M 0 29 40
15 48 25 37 M 28 0 0.00 M M 7.4 15 160 M M 0 18 160
16 45 19 32 M 33 0 0.00 M M 7.2 15 320 M M 0 M M
17 57 19 38 M 27 0 0.00 M M 5.3 12 220 M M 0 13 60
18 64 25 45 M 20 0 0.00 M M 8.6 18 30 M M 0 28 0
19 46 28 37 M 28 0 0.00 M M 9.4 15 20 M M 7 18 60
20 52 34 43 M 22 0 0.00 M M 5.9 12 250 M M 4 M M
21 68 41 55 M 10 0 0.00 M M 7.7 18 310 M M 1 25 230
22 66 34 50 M 15 0 0.00 M M 7.8 15 200 M M 0 16 120
23 68 36 52 M 13 0 0.00 M M 13.3 26 230 M M 1 12 33 180
24 68 36 52 M 13 0 0.00 M M 10.8 29 260 M M 5 12 40 260
25 55 32 44 M 21 0 0.00 M M 15.7 33 260 M M 0 45 260
26 52 28 40 M 25 0 0.00 M M 18.1 35 260 M M 1 45 270
27 54 21 38 M 27 0 0.00 M M 7.7 16 270 M M 0 13 270
28 55 27 41 M 24 0 0.00 M M 5.5 15 160 M M 0 17 150
29 70 32 51 M 14 0 0.01 M M 7.1 22 260 M M 1 8 26 0
30 64 32 48 M 17 0 0.00 M M 14.8 25 10 M M 0 38 320
31 59 27 43 M 22 0 0.00 M M 4.8 9 360 M M 0 16 20
================================================================================
SM 1734 839 722 0 0.09 M 276.4 M 43
================================================================================
AV 55.9 27.1 8.9 FASTST M M 1 MAX(MPH)
MISC ----> 230 131 45 270
================================================================================
NOTES:
# LAST OF SEVERAL OCCURRENCES
COLUMN 17 PEAK WIND IN M.P.H.
PRELIMINARY LOCAL CLIMATOLOGICAL DATA (WS FORM: F-6) , PAGE 2
STATION: ARTESIA
MONTH: JANUARY
YEAR: 2021
LATITUDE: 32 54 N
LONGITUDE: 104 30 W
[TEMPERATURE DATA] [PRECIPITATION DATA] SYMBOLS USED IN COLUMN 16
AVERAGE MONTHLY: 41.5 TOTAL FOR MONTH: 0.09 1 = FOG OR MIST
DPTR FM NORMAL: 0.0 DPTR FM NORMAL: M 2 = FOG REDUCING VISIBILITY
HIGHEST: 70 ON 29, 5 GRTST 24HR 0.06 ON 9-10 TO 1/4 MILE OR LESS
LOWEST: 18 ON 1, 2 3 = THUNDER
SNOW, ICE PELLETS, HAIL 4 = ICE PELLETS
TOTAL MONTH: M 5 = HAIL
GRTST 24HR M ON M 6 = FREEZING RAIN OR DRIZZLE
GRTST DEPTH: M ON M 7 = DUSTSTORM OR SANDSTORM:
VSBY 1/2 MILE OR LESS
8 = SMOKE OR HAZE
[NO. OF DAYS WITH] [WEATHER - DAYS WITH] 9 = BLOWING SNOW
X = TORNADO
MAX 32 OR BELOW: 0 0.01 INCH OR MORE: 4
MAX 90 OR ABOVE: 0 0.10 INCH OR MORE: 0
MIN 32 OR BELOW: 26 0.50 INCH OR MORE: 0
MIN 0 OR BELOW: 0 1.00 INCH OR MORE: 0
[HDD (BASE 65) ]
TOTAL THIS MO. 722 CLEAR (SCALE 0-3) 26
DPTR FM NORMAL M PTCLDY (SCALE 4-7) 3
TOTAL FM JUL 1 1947 CLOUDY (SCALE 8-10) 2
DPTR FM NORMAL M
[CDD (BASE 65) ]
TOTAL THIS MO. 0
DPTR FM NORMAL M [PRESSURE DATA]
TOTAL FM JAN 1 0 HIGHEST SLP M ON M
DPTR FM NORMAL M LOWEST SLP M ON M
[REMARKS]
#FINAL-01-21#