000
CXUS53 KABR 011200
CF6ATY
PRELIMINARY LOCAL CLIMATOLOGICAL DATA (WS FORM: F-6)
STATION: WATERTOWN SD
MONTH: DECEMBER
YEAR: 2023
LATITUDE: 44 55 N
LONGITUDE: 97 9 W
TEMPERATURE IN F: :PCPN: SNOW: WIND :SUNSHINE: SKY :PK WND
================================================================================
1 2 3 4 5 6A 6B 7 8 9 10 11 12 13 14 15 16 17 18
12Z AVG MX 2MIN
DY MAX MIN AVG DEP HDD CDD WTR SNW DPTH SPD SPD DIR MIN PSBL S-S WX SPD DR
================================================================================
1 33 9 21 -2 44 0 0.00 0.0 0 3.1 9 130 M M 3 15 110
2 40 20 30 7 35 0 0.00 0.0 0 12.0 21 170 M M 2 28 180
3 35 20 28 6 37 0 0.00 0.0 0 5.8 12 200 M M 7 12 16 160
4 35 20 28 6 37 0 T T 0 6.5 13 340 M M 9 12 16 340
5 40 14 27 5 38 0 0.00 0.0 0 6.8 13 360 M M 1 12 19 260
6 55 25 40 19 25 0 0.00 0.0 0 8.2 18 220 M M 1 23 220
7 61 28 45 24 20 0 0.00 0.0 0 10.9 20 170 M M 0 29 130
8 44 32 38 18 27 0 T T 0 19.3 30 260 M M 9 1 40 270
9 32 17 25 5 40 0 T T T 22.1 37 330 M M 8 1 54 340
10 30 11 21 1 44 0 0.00 0.0 T 2.5 10 300 M M 3 12 16 290
11 39 13 26 7 39 0 0.00 0.0 T 11.2 23 310 M M 2 1 31 310
12 30 14 22 3 43 0 0.00 0.0 0 9.9 21 310 M M 0 31 300
13 45 17 31 13 34 0 0.00 0.0 0 9.6 16 220 M M 0 24 230
14 50 25 38 20 27 0 T 0.0 0 14.1 25 210 M M 1 34 200
15 40 34 37 19 28 0 0.02 0.0 0 8.4 24 200 M M 10 1 33 210
16 34 29 32 15 33 0 0.01 0.2 T 8.8 18 220 M M 10 12 24 210
17 38 24 31 14 34 0 0.00 0.0 T 14.1 32 330 M M 8 12 41 340
18 27 12 20 3 45 0 0.00 0.0 0 11.1 22 330 M M 0 30 320
19 42 23 33 17 32 0 0.00 0.0 0 7.9 17 190 M M 0 27 190
20 40 19 30 14 35 0 0.00 0.0 0 7.1 14 130 M M 0 20 130
21 45 29 37 21 28 0 0.00 0.0 0 9.1 18 170 M M 2 12 23 150
22 41 25 33 17 32 0 0.00 0.0 0 3.4 9 150 M M 8 12 12 150
23 50 24 37 22 28 0 0.32 0.0 0 12.4 23 150 M M 5 1 33 150
24 46 27 37 22 28 0 0.58 0.1 0 15.2 31 350 M M 10 16 42 360
25 35 23 29 14 36 0 0.30 0.6 T 23.9 32 30 M M 10 169 45 20
26 36 28 32 17 33 0 0.04 0.1 T 8.1 24 30 M M 10 1 33 30
27 32 26 29 15 36 0 0.11 0.6 T 5.6 16 40 M M 10 1 22 30
28 32 20 26 12 39 0 T T 1 7.6 17 320 M M 7 1 24 340
29 37 14 26 12 39 0 0.00 0.0 1 5.5 10 260 M M 0 1 16 290
30 30 22 26 12 39 0 M M T 17.4 29 340 M M 7 1 38 340
31 26 17 22 8 43 0 0.00 0.0 T 10.8 25 350 M M 8 1 32 360
================================================================================
SM 1200 661 1078 0 1.38 1.6 318.4 M 151
================================================================================
AV 38.7 21.3 10.3 FASTST M M 5 MAX(MPH)
MISC ----> 37 330 54 340
================================================================================
NOTES:
# LAST OF SEVERAL OCCURRENCES
COLUMN 17 PEAK WIND IN M.P.H.
PRELIMINARY LOCAL CLIMATOLOGICAL DATA (WS FORM: F-6) , PAGE 2
STATION: WATERTOWN SD
MONTH: DECEMBER
YEAR: 2023
LATITUDE: 44 55 N
LONGITUDE: 97 9 W
[TEMPERATURE DATA] [PRECIPITATION DATA] SYMBOLS USED IN COLUMN 16
AVERAGE MONTHLY: 30.0 TOTAL FOR MONTH: 1.38 1 = FOG OR MIST
DPTR FM NORMAL: 12.2 DPTR FM NORMAL: 0.70 2 = FOG REDUCING VISIBILITY
HIGHEST: 61 ON 7 GRTST 24HR 0.80 ON 23-24 TO 1/4 MILE OR LESS
LOWEST: 9 ON 1 3 = THUNDER
SNOW, ICE PELLETS, HAIL 4 = ICE PELLETS
TOTAL MONTH: 1.6 INCHES 5 = HAIL
GRTST 24HR 0.6 ON 25-25 6 = FREEZING RAIN OR DRIZZLE
GRTST DEPTH: 1 ON 29,28 7 = DUSTSTORM OR SANDSTORM:
VSBY 1/2 MILE OR LESS
8 = SMOKE OR HAZE
[NO. OF DAYS WITH] [WEATHER - DAYS WITH] 9 = BLOWING SNOW
X = TORNADO
MAX 32 OR BELOW: 8 0.01 INCH OR MORE: 7
MAX 90 OR ABOVE: 0 0.10 INCH OR MORE: 4
MIN 32 OR BELOW: 30 0.50 INCH OR MORE: 1
MIN 0 OR BELOW: 0 1.00 INCH OR MORE: 0
[HDD (BASE 65) ]
TOTAL THIS MO. 1078 CLEAR (SCALE 0-3) 15
DPTR FM NORMAL -385 PTCLDY (SCALE 4-7) 7
TOTAL FM JUL 1 2673 CLOUDY (SCALE 8-10) 9
DPTR FM NORMAL -669
[CDD (BASE 65) ]
TOTAL THIS MO. 0
DPTR FM NORMAL 0 [PRESSURE DATA]
TOTAL FM JAN 1 808 HIGHEST SLP 30.59 ON 13
DPTR FM NORMAL 288 LOWEST SLP 29.31 ON 8
[REMARKS]
#FINAL-12-23#