000
CXUS53 KGID 011145
CF6AUH
PRELIMINARY LOCAL CLIMATOLOGICAL DATA (WS FORM: F-6)
STATION: AURORA NE
MONTH: APRIL
YEAR: 2023
LATITUDE: 40 54 N
LONGITUDE: 97 59 W
TEMPERATURE IN F: :PCPN: SNOW: WIND :SUNSHINE: SKY :PK WND
================================================================================
1 2 3 4 5 6A 6B 7 8 9 10 11 12 13 14 15 16 17 18
12Z AVG MX 2MIN
DY MAX MIN AVG DEP HDD CDD WTR SNW DPTH SPD SPD DIR MIN PSBL S-S WX SPD DR
================================================================================
1 59 26 43 M 22 0 0.00 M M 15.4 32 320 M M 1 44 320
2 69 37 53 M 12 0 0.00 M M 9.7 17 220 M M 0 27 170
3 61 36 49 M 16 0 0.00 M M 17.3 27 80 M M 8 33 50
4 46 27 37 M 28 0 0.00 M M 20.0 28 320 M M 8 37 70
5 43 19 31 M 34 0 0.00 M M 19.1 28 320 M M 2 36 320
6 60 15 38 M 27 0 0.00 M M 9.9 22 250 M M 2 32 250
7 67 30 49 M 16 0 0.00 M M 15.0 27 220 M M 0 36 200
8 74 40 57 M 8 0 0.00 M M 16.4 22 170 M M 0 33 210
9 72 47 60 M 5 0 0.00 M M 13.5 21 190 M M 2 3 27 200
10 76 34 55 M 10 0 0.00 M M 7.1 14 50 M M 0 21 50
11 83 42 63 M 2 0 0.00 M M 12.7 25 210 M M 0 32 210
12 87 56 72 M 0 7 0.00 M M 20.6 25 170 M M 2 36 190
13 87 54 71 M 0 6 0.00 M M 23.0 30 190 M M 0 39 170
14 70 48 59 M 6 0 T M M 17.1 30 360 M M 1 38 360
15 48 34 41 M 24 0 0.03 M M 19.4 27 340 M M 9 35 340
16 60 28 44 M 21 0 0.00 M M 21.1 41 320 M M 0 8 51 330
17 71 23 47 M 18 0 0.00 M M 8.1 17 120 M M 0 28 160
18 79 39 59 M 6 0 0.44 M M 19.5 31 130 M M 2 3 46 180
19 68 53 61 M 4 0 0.00 M M 12.5 20 360 M M 6 2 25 350
20 60 31 46 M 19 0 0.01 M M 19.6 27 320 M M 6 3 36 330
21 48 28 38 M 27 0 0.00 M M 16.9 27 310 M M 4 36 310
22 48 26 37 M 28 0 0.00 M M 16.3 27 310 M M 2 35 340
23 60 20 40 M 25 0 0.00 M M 7.3 17 310 M M 3 22 250
24 70 32 51 M 14 0 0.00 M M 10.2 21 220 M M 6 25 220
25 61 30 46 M 19 0 0.00 M M 6.8 14 100 M M 4 17 100
26 69 33 51 M 14 0 0.00 M M 8.6 13 150 M M 2 20 160
27 70 37 54 M 11 0 0.02 M M 11.8 21 210 M M 2 24 200
28 56 35 46 M 19 0 0.25 M M 17.6 28 360 M M 8 37 350
29 70 33 52 M 13 0 0.00 M M 17.9 40 340 M M 1 8 50 340
30 59 33 46 M 19 0 0.00 M M 18.5 32 320 M M 1 41 320
================================================================================
SM 1951 1026 467 13 0.75 M 448.9 M 82
================================================================================
AV 65.0 34.2 15.0 FASTST M M 3 MAX(MPH)
MISC ----> 41 320 51 330
================================================================================
NOTES:
# LAST OF SEVERAL OCCURRENCES
COLUMN 17 PEAK WIND IN M.P.H.
PRELIMINARY LOCAL CLIMATOLOGICAL DATA (WS FORM: F-6) , PAGE 2
STATION: AURORA NE
MONTH: APRIL
YEAR: 2023
LATITUDE: 40 54 N
LONGITUDE: 97 59 W
[TEMPERATURE DATA] [PRECIPITATION DATA] SYMBOLS USED IN COLUMN 16
AVERAGE MONTHLY: 49.6 TOTAL FOR MONTH: 0.75 1 = FOG OR MIST
DPTR FM NORMAL: M DPTR FM NORMAL: M 2 = FOG REDUCING VISIBILITY
HIGHEST: 87 ON 13,12 GRTST 24HR 0.44 ON 18-18 TO 1/4 MILE OR LESS
LOWEST: 15 ON 6 3 = THUNDER
SNOW, ICE PELLETS, HAIL 4 = ICE PELLETS
TOTAL MONTH: M 5 = HAIL
GRTST 24HR M ON M 6 = FREEZING RAIN OR DRIZZLE
GRTST DEPTH: M ON M 7 = DUSTSTORM OR SANDSTORM:
VSBY 1/2 MILE OR LESS
8 = SMOKE OR HAZE
[NO. OF DAYS WITH] [WEATHER - DAYS WITH] 9 = BLOWING SNOW
X = TORNADO
MAX 32 OR BELOW: 0 0.01 INCH OR MORE: 5
MAX 90 OR ABOVE: 0 0.10 INCH OR MORE: 2
MIN 32 OR BELOW: 13 0.50 INCH OR MORE: 0
MIN 0 OR BELOW: 0 1.00 INCH OR MORE: 0
[HDD (BASE 65) ]
TOTAL THIS MO. 467 CLEAR (SCALE 0-3) 20
DPTR FM NORMAL M PTCLDY (SCALE 4-7) 8
TOTAL FM JUL 1 6087 CLOUDY (SCALE 8-10) 2
DPTR FM NORMAL M
[CDD (BASE 65) ]
TOTAL THIS MO. 13
DPTR FM NORMAL M [PRESSURE DATA]
TOTAL FM JAN 1 13 HIGHEST SLP M ON M
DPTR FM NORMAL M LOWEST SLP M ON M
[REMARKS]
#FINAL-04-23#