000
CXUS53 KGID 011044
CF6AUH
PRELIMINARY LOCAL CLIMATOLOGICAL DATA (WS FORM: F-6)
STATION: AURORA NE
MONTH: DECEMBER
YEAR: 2022
LATITUDE: 40 54 N
LONGITUDE: 97 59 W
TEMPERATURE IN F: :PCPN: SNOW: WIND :SUNSHINE: SKY :PK WND
================================================================================
1 2 3 4 5 6A 6B 7 8 9 10 11 12 13 14 15 16 17 18
12Z AVG MX 2MIN
DY MAX MIN AVG DEP HDD CDD WTR SNW DPTH SPD SPD DIR MIN PSBL S-S WX SPD DR
================================================================================
1 49 20 35 M 30 0 0.00 M M 16.0 24 220 M M 0 29 210
2 53 16 35 M 30 0 0.00 M M 19.1 38 340 M M 1 45 340
3 41 2 22 M 43 0 0.00 M M 12.4 24 220 M M 0 28 220
4 52 13 33 M 32 0 0.00 M M 7.6 14 200 M M 0 M M
5 37 20 29 M 36 0 0.00 M M 11.5 20 20 M M 3 25 10
6 46 19 33 M 32 0 0.00 M M 6.1 12 220 M M 3 16 250
7 31 15 23 M 42 0 0.00 M M 8.8 17 10 M M 0 22 10
8 30 12 21 M 44 0 M M M 5.2 9 270 M M 7 1 M M
9 34 24 29 M 36 0 0.00 M M 6.9 16 330 M M 9 1 22 320
10 46 22 34 M 31 0 0.00 M M 7.1 12 170 M M 3 12 18 320
11 48 18 33 M 32 0 0.00 M M 10.4 17 150 M M 1 1 27 160
12 42 32 37 M 28 0 0.08 M M 17.2 24 120 M M 10 123 30 120
13 47 29 38 M 27 0 0.12 M M 20.6 27 120 M M 9 12 37 190
14 31 24 28 M 37 0 T M M 19.4 24 300 M M 9 31 300
15 29 19 24 M 41 0 T M M 27.3 36 310 M M 7 43 310
16 26 19 23 M 42 0 T M M 23.5 32 320 M M 8 40 320
17 31 9 20 M 45 0 0.00 M M 14.3 24 320 M M 1 30 320
18 39 6 23 M 42 0 0.00 M M 8.0 14 140 M M 0 18 140
19 20 3 12 M 53 0 T M M 11.1 20 340 M M 7 1 23 340
20 12 -2 5 M 60 0 0.00 M M 7.3 13 10 M M 0 16 10
21 18 -7 6 M 59 0 M M M 11.0 32 340 M M 8 1 39 340
22 -6 -17 -11 M 76 0 M M M 25.1 30 320 M M 7 38 330
23 8 -8 0 M 65 0 0.00 M M 20.2 25 320 M M 0 32 320
24 15 -2 7 M 58 0 0.00 M M 8.4 16 310 M M 7 M M
25 40 -5 18 M 47 0 T M M 10.6 24 210 M M 3 32 210
26 36 7 22 M 43 0 0.00 M M 16.1 30 340 M M 3 37 340
27 41 16 29 M 36 0 0.00 M M 16.5 22 170 M M 0 28 170
28 55 29 42 M 23 0 T M M 6.9 16 220 M M 3 20 180
29 40 23 32 M 33 0 0.10 M M 9.8 18 10 M M 8 1 24 10
30 39 19 29 M 36 0 0.00 M M 7.0 12 200 M M 0 21 260
31 44 28 36 M 29 0 0.00 M M 5.9 13 170 M M 2 M M
================================================================================
SM 1074 403 1268 0 M M 397.3 M 119
================================================================================
AV 34.6 13.0 12.8 FASTST M M 4 MAX(MPH)
MISC ----> 38 340 M M
================================================================================
NOTES:
# LAST OF SEVERAL OCCURRENCES
COLUMN 17 PEAK WIND IN M.P.H.
PRELIMINARY LOCAL CLIMATOLOGICAL DATA (WS FORM: F-6) , PAGE 2
STATION: AURORA NE
MONTH: DECEMBER
YEAR: 2022
LATITUDE: 40 54 N
LONGITUDE: 97 59 W
[TEMPERATURE DATA] [PRECIPITATION DATA] SYMBOLS USED IN COLUMN 16
AVERAGE MONTHLY: 23.8 TOTAL FOR MONTH: M 1 = FOG OR MIST
DPTR FM NORMAL: M DPTR FM NORMAL: M 2 = FOG REDUCING VISIBILITY
HIGHEST: 55 ON 28 GRTST 24HR M ON M TO 1/4 MILE OR LESS
LOWEST: -17 ON 22 3 = THUNDER
SNOW, ICE PELLETS, HAIL 4 = ICE PELLETS
TOTAL MONTH: M 5 = HAIL
GRTST 24HR M ON M 6 = FREEZING RAIN OR DRIZZLE
GRTST DEPTH: M ON M 7 = DUSTSTORM OR SANDSTORM:
VSBY 1/2 MILE OR LESS
8 = SMOKE OR HAZE
[NO. OF DAYS WITH] [WEATHER - DAYS WITH] 9 = BLOWING SNOW
X = TORNADO
MAX 32 OR BELOW: 12 0.01 INCH OR MORE: M
MAX 90 OR ABOVE: 0 0.10 INCH OR MORE: M
MIN 32 OR BELOW: 31 0.50 INCH OR MORE: M
MIN 0 OR BELOW: 6 1.00 INCH OR MORE: M
[HDD (BASE 65) ]
TOTAL THIS MO. 1268 CLEAR (SCALE 0-3) 16
DPTR FM NORMAL M PTCLDY (SCALE 4-7) 9
TOTAL FM JUL 1 2557 CLOUDY (SCALE 8-10) 6
DPTR FM NORMAL M
[CDD (BASE 65) ]
TOTAL THIS MO. 0
DPTR FM NORMAL M [PRESSURE DATA]
TOTAL FM JAN 1 1244 HIGHEST SLP M ON M
DPTR FM NORMAL M LOWEST SLP M ON M
[REMARKS]
#FINAL-12-22#