000
CXUS54 KBMX 031403
CF6AUO
PRELIMINARY LOCAL CLIMATOLOGICAL DATA (WS FORM: F-6)
STATION: AUBURN AWOS
MONTH: DECEMBER
YEAR: 2019
LATITUDE: 32 34 N
LONGITUDE: 85 30 W
TEMPERATURE IN F: :PCPN: SNOW: WIND :SUNSHINE: SKY :PK WND
================================================================================
1 2 3 4 5 6A 6B 7 8 9 10 11 12 13 14 15 16 17 18
12Z AVG MX 2MIN
DY MAX MIN AVG DEP HDD CDD WTR SNW DPTH SPD SPD DIR MIN PSBL S-S WX SPD DR
================================================================================
1 69 45 57 M 8 0 0.18 0.0 0 12.9 20 290 M M 5 1 32 260
2 49 34 42 M 23 0 0.00 0.0 0 11.5 20 330 M M 3 25 330
3 50 31 41 M 24 0 0.00 0.0 0 5.7 9 310 M M 1 M M
4 61 35 48 M 17 0 0.00 0.0 0 6.1 13 310 M M 0 18 320
5 67 39 53 M 12 0 0.00 0.0 0 3.8 9 20 M M 0 8 M M
6 61 44 53 M 12 0 0.02 0.0 0 2.5 8 180 M M 7 M M
7 66 46 56 M 9 0 0.00 0.0 0 6.5 10 90 M M 4 M M
8 63 51 57 M 8 0 0.00 0.0 0 9.5 15 80 M M 10 21 80
9 70 56 63 M 2 0 0.03 0.0 0 8.7 15 200 M M 7 1 21 200
10 74 44 59 M 6 0 0.01 0.0 0 12.7 16 360 M M 10 1 24 240
11 54 38 46 M 19 0 T 0.0 0 11.1 17 30 M M 2 23 360
12 48 36 42 M 23 0 0.27 0.0 0 11.6 16 100 M M 6 23 100
13 46 40 43 M 22 0 1.93 0.0 0 7.3 12 60 M M 8 123 18 60
14 56 44 50 M 15 0 0.00 0.0 0 6.1 13 280 M M 7 1 17 280
15 63 41 52 M 13 0 0.00 0.0 0 3.3 10 160 M M 6 12 M M
16 65 55 60 M 5 0 0.05 0.0 0 7.6 10 150 M M 8 138 M M
17 65 37 51 M 14 0 0.98 0.0 0 11.1 20 340 M M 9 1 33 340
18 49 28 39 M 26 0 0.00 0.0 0 8.7 13 360 M M 0 21 330
19 55 28 42 M 23 0 0.00 0.0 0 5.0 9 20 M M 0 M M
20 59 34 47 M 18 0 0.00 0.0 0 7.5 12 90 M M 2 M M
21 55 43 49 M 16 0 0.11 0.0 0 10.0 15 60 M M 7 20 60
22 50 44 47 M 18 0 2.69 0.0 0 16.2 23 80 M M 10 1 33 100
23 56 45 51 M 14 0 0.19 0.0 0 8.0 12 10 M M 10 1 18 10
24 71 54 63 M 2 0 0.00 0.0 0 9.3 15 20 M M 3 22 40
25 69 49 59 M 6 0 0.00 0.0 0 6.8 10 60 M M 0 M M
26 69 45 57 M 8 0 0.00 0.0 0 5.1 8 90 M M 4 M M
27 68 55 62 M 3 0 0.01 0.0 0 7.4 12 30 M M 8 M M
28 66 57 62 M 3 0 T 0.0 0 7.2 9 100 M M 8 1 M M
29 73 64 69 M 0 4 0.01 0.0 0 11.7 17 180 M M 9 1 22 180
30 68 43 56 M 9 0 0.03 0.0 0 8.8 16 190 M M 2 20 300
31 57 39 48 M 17 0 0.00 0.0 0 8.1 14 260 M M 0 21 260
================================================================================
SM 1892 1344 395 4 6.51 0.0 257.8 M 156
================================================================================
AV 61.0 43.4 8.3 FASTST M M 5 MAX(MPH)
MISC ----> # 23 80 # 33 340
================================================================================
NOTES:
# LAST OF SEVERAL OCCURRENCES
COLUMN 17 PEAK WIND IN M.P.H.
PRELIMINARY LOCAL CLIMATOLOGICAL DATA (WS FORM: F-6) , PAGE 2
STATION: AUBURN AWOS
MONTH: DECEMBER
YEAR: 2019
LATITUDE: 32 34 N
LONGITUDE: 85 30 W
[TEMPERATURE DATA] [PRECIPITATION DATA] SYMBOLS USED IN COLUMN 16
AVERAGE MONTHLY: 52.2 TOTAL FOR MONTH: 6.51 1 = FOG OR MIST
DPTR FM NORMAL: M DPTR FM NORMAL: M 2 = FOG REDUCING VISIBILITY
HIGHEST: 74 ON 10 GRTST 24HR 2.69 ON 22-22 TO 1/4 MILE OR LESS
LOWEST: 28 ON 19,18 3 = THUNDER
SNOW, ICE PELLETS, HAIL 4 = ICE PELLETS
TOTAL MONTH: 0.0 INCH 5 = HAIL
GRTST 24HR 0.0 6 = FREEZING RAIN OR DRIZZLE
GRTST DEPTH: 0 7 = DUSTSTORM OR SANDSTORM:
VSBY 1/2 MILE OR LESS
8 = SMOKE OR HAZE
[NO. OF DAYS WITH] [WEATHER - DAYS WITH] 9 = BLOWING SNOW
X = TORNADO
MAX 32 OR BELOW: 0 0.01 INCH OR MORE: 14
MAX 90 OR ABOVE: 0 0.10 INCH OR MORE: 7
MIN 32 OR BELOW: 3 0.50 INCH OR MORE: 3
MIN 0 OR BELOW: 0 1.00 INCH OR MORE: 2
[HDD (BASE 65) ]
TOTAL THIS MO. 395 CLEAR (SCALE 0-3) 11
DPTR FM NORMAL M PTCLDY (SCALE 4-7) 10
TOTAL FM JUL 1 806 CLOUDY (SCALE 8-10) 10
DPTR FM NORMAL M
[CDD (BASE 65) ]
TOTAL THIS MO. 4
DPTR FM NORMAL M [PRESSURE DATA]
TOTAL FM JAN 1 1802 HIGHEST SLP M ON M
DPTR FM NORMAL M LOWEST SLP M ON M
[REMARKS]
#FINAL-12-19#