000
CXUS54 KBMX 011110
CF6AUO
PRELIMINARY LOCAL CLIMATOLOGICAL DATA (WS FORM: F-6)
STATION: AUBURN AWOS
MONTH: FEBRUARY
YEAR: 2023
LATITUDE: 32 34 N
LONGITUDE: 85 30 W
TEMPERATURE IN F: :PCPN: SNOW: WIND :SUNSHINE: SKY :PK WND
================================================================================
1 2 3 4 5 6A 6B 7 8 9 10 11 12 13 14 15 16 17 18
12Z AVG MX 2MIN
DY MAX MIN AVG DEP HDD CDD WTR SNW DPTH SPD SPD DIR MIN PSBL S-S WX SPD DR
================================================================================
1 62 54 58 M 7 0 M 0.0 0 5.0 13 260 M M 10 1 128 360
2 55 47 51 M 14 0 M 0.0 0 7.5 13 10 M M 10 1 M M
3 54 36 45 M 20 0 M 0.0 0 M M M M M 3 M M
4 57 31 44 M 21 0 0.00 0.0 0 M M M M M 0 M M
5 64 43 54 M 11 0 0.00 0.0 0 6.1 12 260 M M 3 16 260
6 69 42 56 M 9 0 M M M 3.9 12 60 M M 0 M M
7 70 48 59 M 6 0 M M M 6.5 12 170 M M 3 M M
8 77 57 67 M 0 2 T 0.0 M 7.8 14 170 M M 5 18 160
9 68 54 61 M 4 0 0.11 0.0 0 9.5 20 150 M M 9 38 60
10 60 51 56 M 9 0 M 0.0 0 5.1 8 340 M M 9 21 350
11 53 44 49 M 16 0 M M M 12.3 21 70 M M 8 1 36 70
12 47 38 43 M 22 0 M M M 7.3 16 260 M M 7 1 21 300
13 65 33 49 M 16 0 0.00 0.0 0 5.7 10 250 M M 0 M M
14 71 40 56 M 9 0 0.00 0.0 0 6.8 16 170 M M 0 22 170
15 72 52 62 M 3 0 0.00 0.0 0 8.0 14 170 M M 7 M M
16 76 60 68 M 0 3 M 0.0 0 12.2 17 210 M M 6 24 180
17 69 34 52 M 13 0 M 0.0 0 15.4 23 310 M M 6 1 30 250
18 58 28 43 M 22 0 M 0.0 0 7.0 13 30 M M 4 M M
19 65 40 53 M 12 0 0.00 0.0 0 4.4 10 190 M M 0 M M
20 67 46 57 M 8 0 0.00 0.0 0 7.9 21 220 M M 2 22 230
21 76 59 68 M 0 3 T 0.0 0 9.6 16 220 M M 6 1 20 220
22 83 60 72 M 0 7 0.00 0.0 0 14.5 27 210 M M 8 36 200
23 81 67 74 M 0 9 M 0.0 0 9.7 17 190 M M 10 24 180
24 77 60 69 M 0 4 M 0.0 0 7.4 12 10 M M 10 1 M M
25 79 55 67 M 0 2 M 0.0 0 6.3 14 250 M M 10 12 18 250
26 79 62 71 M 0 6 M 0.0 0 4.5 13 250 M M 10 17 99
27 79 59 69 M 0 4 M 0.0 0 10.7 17 220 M M 7 24 210
28 80 64 72 M 0 7 M 0.0 0 6.7 15 230 M M 3 21 230
================================================================================
SM 1913 1364 222 47 0.11 0.0 207.8 M 156
================================================================================
AV 68.3 48.7 8.0 FASTST M M 6 MAX(MPH)
MISC ----> 27 210 128 360
================================================================================
NOTES:
# LAST OF SEVERAL OCCURRENCES
COLUMN 17 PEAK WIND IN M.P.H.
PRELIMINARY LOCAL CLIMATOLOGICAL DATA (WS FORM: F-6) , PAGE 2
STATION: AUBURN AWOS
MONTH: FEBRUARY
YEAR: 2023
LATITUDE: 32 34 N
LONGITUDE: 85 30 W
[TEMPERATURE DATA] [PRECIPITATION DATA] SYMBOLS USED IN COLUMN 16
AVERAGE MONTHLY: 58.5 TOTAL FOR MONTH: 0.11 1 = FOG OR MIST
DPTR FM NORMAL: 0.0 DPTR FM NORMAL: 0.11 2 = FOG REDUCING VISIBILITY
HIGHEST: 83 ON 22 GRTST 24HR 0.11 ON 9- 9 TO 1/4 MILE OR LESS
LOWEST: 28 ON 18 3 = THUNDER
SNOW, ICE PELLETS, HAIL 4 = ICE PELLETS
TOTAL MONTH: 0.0 INCH 5 = HAIL
GRTST 24HR 0.0 6 = FREEZING RAIN OR DRIZZLE
GRTST DEPTH: 0 7 = DUSTSTORM OR SANDSTORM:
VSBY 1/2 MILE OR LESS
8 = SMOKE OR HAZE
[NO. OF DAYS WITH] [WEATHER - DAYS WITH] 9 = BLOWING SNOW
X = TORNADO
MAX 32 OR BELOW: 0 0.01 INCH OR MORE: 1
MAX 90 OR ABOVE: 0 0.10 INCH OR MORE: 1
MIN 32 OR BELOW: 2 0.50 INCH OR MORE: 0
MIN 0 OR BELOW: 0 1.00 INCH OR MORE: 0
[HDD (BASE 65) ]
TOTAL THIS MO. 222 CLEAR (SCALE 0-3) 9
DPTR FM NORMAL M PTCLDY (SCALE 4-7) 11
TOTAL FM JUL 1 961 CLOUDY (SCALE 8-10) 8
DPTR FM NORMAL M
[CDD (BASE 65) ]
TOTAL THIS MO. 47
DPTR FM NORMAL M [PRESSURE DATA]
TOTAL FM JAN 1 47 HIGHEST SLP M ON M
DPTR FM NORMAL M LOWEST SLP M ON M
[REMARKS]
#FINAL-02-23#