000
CXUS54 KEWX 212213
CF6AUS
PRELIMINARY LOCAL CLIMATOLOGICAL DATA (WS FORM: F-6)
STATION: AUSTIN BERGSTROM
MONTH: OCTOBER
YEAR: 2022
LATITUDE: 30 13 N
LONGITUDE: 97 40 W
TEMPERATURE IN F: :PCPN: SNOW: WIND :SUNSHINE: SKY :PK WND
================================================================================
1 2 3 4 5 6A 6B 7 8 9 10 11 12 13 14 15 16 17 18
12Z AVG MX 2MIN
DY MAX MIN AVG DEP HDD CDD WTR SNW DPTH SPD SPD DIR MIN PSBL S-S WX SPD DR
================================================================================
1 88 49 69 -6 0 4 0.00 0.0 0 3.2 13 40 M M 0 20 80
2 86 48 67 -8 0 2 0.00 0.0 0 3.0 14 40 M M 4 19 70
3 87 52 70 -4 0 5 0.00 0.0 0 1.6 12 50 M M 5 18 30
4 89 57 73 -1 0 8 0.00 0.0 0 1.7 9 130 M M 4 17 120
5 89 53 71 -3 0 6 0.00 0.0 0 2.6 15 80 M M 1 26 80
6 91 55 73 0 0 8 0.00 0.0 0 2.4 13 40 M M 3 19 100
7 86 61 74 1 0 9 0.00 0.0 0 2.3 8 40 M M 9 13 50
8 89 57 73 0 0 8 0.00 0.0 0 6.9 17 10 M M 4 31 80
9 88 58 73 1 0 8 0.00 0.0 0 4.8 12 90 M M 5 17 150
10 89 57 73 1 0 8 0.00 0.0 0 6.6 18 140 M M 3 25 150
11 89 58 74 2 0 9 0.00 0.0 0 7.5 20 180 M M 5 26 160
12 96 70 83 12 0 18 0.00 0.0 0 7.0 20 180 M M 5 3 32 50
13 90 58 74 3 0 9 0.00 0.0 0 10.3 20 20 M M 2 26 40
14 89 56 73 2 0 8 0.00 0.0 0 5.4 15 180 M M 5 21 180
15 93 68 81 11 0 16 0.00 0.0 0 9.3 17 170 M M 7 1 30 180
16 92 68 80 10 0 15 T 0.0 0 9.3 23 30 M M 6 32 40
17 75 59 67 -3 0 2 0.44 0.0 0 14.9 25 30 M M 7 1 33 20
18 69 44 57 -12 8 0 0.00 0.0 0 11.3 21 20 M M 3 29 20
19 72 38 55 -14 10 0 0.00 0.0 0 2.8 10 70 M M 0 16 100
20 85 41 63 -5 2 0 0.00 0.0 0 7.1 18 200 M M 0 25 200
21 87 56 72 4 0 7 0.00 0.0 0 11.1 21 180 M M 0 28 180
22 88 59 74 6 0 9 0.00 0.0 0 13.6 25 180 M M 6 35 200
23 88 60 74 7 0 9 0.00 0.0 0 13.8 26 180 M M 6 37 180
24 87 59 73 6 0 8 0.46 0.0 0 13.4 29 320 M M 9 13 51 320
25 76 47 62 -5 3 0 0.00 0.0 0 9.1 23 320 M M 1 35 330
26 76 40 58 -8 7 0 0.00 0.0 0 3.2 12 150 M M 0 17 130
27 81 43 62 -4 3 0 0.01 0.0 0 6.2 20 140 M M 4 27 150
28 66 58 62 -4 3 0 1.03 0.0 0 11.1 22 350 M M 9 13 29 340
29 71 54 63 -2 2 0 0.00 0.0 0 9.4 20 320 M M 7 29 340
30 76 48 62 -3 3 0 0.00 0.0 0 3.5 13 350 M M 2 19 360
31 78 48 63 -1 2 0 0.05 0.0 0 3.0 10 100 M M 6 3 17 120
================================================================================
SM 2606 1679 43 176 1.99 0.0 217.4 M 128
================================================================================
AV 84.1 54.2 7.0 FASTST M M 4 MAX(MPH)
MISC ----> 29 320 51 320
================================================================================
NOTES:
# LAST OF SEVERAL OCCURRENCES
COLUMN 17 PEAK WIND IN M.P.H.
PRELIMINARY LOCAL CLIMATOLOGICAL DATA (WS FORM: F-6) , PAGE 2
STATION: AUSTIN BERGSTROM
MONTH: OCTOBER
YEAR: 2022
LATITUDE: 30 13 N
LONGITUDE: 97 40 W
[TEMPERATURE DATA] [PRECIPITATION DATA] SYMBOLS USED IN COLUMN 16
AVERAGE MONTHLY: 69.1 TOTAL FOR MONTH: 1.99 1 = FOG OR MIST
DPTR FM NORMAL: -0.8 DPTR FM NORMAL: -2.26 2 = FOG REDUCING VISIBILITY
HIGHEST: 96 ON 12 GRTST 24HR 1.04 ON 27-28 TO 1/4 MILE OR LESS
LOWEST: 38 ON 19 3 = THUNDER
SNOW, ICE PELLETS, HAIL 4 = ICE PELLETS
TOTAL MONTH: 0.0 INCH 5 = HAIL
GRTST 24HR 0.0 6 = FREEZING RAIN OR DRIZZLE
GRTST DEPTH: 0 7 = DUSTSTORM OR SANDSTORM:
VSBY 1/2 MILE OR LESS
8 = SMOKE OR HAZE
[NO. OF DAYS WITH] [WEATHER - DAYS WITH] 9 = BLOWING SNOW
X = TORNADO
MAX 32 OR BELOW: 0 0.01 INCH OR MORE: 5
MAX 90 OR ABOVE: 5 0.10 INCH OR MORE: 3
MIN 32 OR BELOW: 0 0.50 INCH OR MORE: 1
MIN 0 OR BELOW: 0 1.00 INCH OR MORE: 1
[HDD (BASE 65) ]
TOTAL THIS MO. 43 CLEAR (SCALE 0-3) 11
DPTR FM NORMAL -1 PTCLDY (SCALE 4-7) 17
TOTAL FM JUL 1 43 CLOUDY (SCALE 8-10) 3
DPTR FM NORMAL -1
[CDD (BASE 65) ]
TOTAL THIS MO. 176
DPTR FM NORMAL -19 [PRESSURE DATA]
TOTAL FM JAN 1 3323 HIGHEST SLP 30.38 ON 19
DPTR FM NORMAL 389 LOWEST SLP 29.62 ON 24
[REMARKS]
#FINAL-10-22#