000
CXUS54 KEWX 151524
CF6AUS
PRELIMINARY LOCAL CLIMATOLOGICAL DATA (WS FORM: F-6)
STATION: AUSTIN BERGSTROM
MONTH: DECEMBER
YEAR: 2021
LATITUDE: 30 13 N
LONGITUDE: 97 40 W
TEMPERATURE IN F: :PCPN: SNOW: WIND :SUNSHINE: SKY :PK WND
================================================================================
1 2 3 4 5 6A 6B 7 8 9 10 11 12 13 14 15 16 17 18
12Z AVG MX 2MIN
DY MAX MIN AVG DEP HDD CDD WTR SNW DPTH SPD SPD DIR MIN PSBL S-S WX SPD DR
================================================================================
1 77 44 61 6 4 0 0.00 0.0 0 3.4 14 230 M M 5 1 22 240
2 79 46 63 8 2 0 0.00 0.0 0 4.9 15 200 M M 5 12 21 210
3 76 55 66 12 0 1 0.06 0.0 0 6.6 20 70 M M 7 1 23 70
4 78 56 67 13 0 2 0.00 0.0 0 4.5 13 150 M M 9 1 17 180
5 79 58 69 15 0 4 T 0.0 0 10.6 23 180 M M 10 30 170
6 73 47 60 6 5 0 T 0.0 0 13.6 26 10 M M 9 1 35 340
7 69 40 55 2 10 0 0.00 0.0 0 5.7 14 150 M M 3 17 170
8 78 39 59 6 6 0 0.00 0.0 0 4.4 16 190 M M 2 1 21 180
9 79 59 69 16 0 4 T 0.0 0 8.1 18 200 M M 8 1 26 220
10 85 67 76 23 0 11 T 0.0 0 9.7 24 180 M M 7 1 32 170
11 73 32 53 1 12 0 T 0.0 0 15.5 32 350 M M 9 41 350
12 62 26 44 -8 21 0 0.00 0.0 0 2.0 10 100 M M 1 19 110
13 64 38 51 -1 14 0 T 0.0 0 2.0 9 80 M M 8 1 13 100
14 75 58 67 15 0 2 0.01 0.0 0 4.1 22 170 M M 9 1 29 180
15 81 69 75 23 0 10 T 0.0 0 14.3 25 170 M M 8 34 170
16 82 70 76 24 0 11 T 0.0 0 9.5 18 180 M M 8 24 190
17 79 70 75 24 0 10 T 0.0 0 12.2 23 170 M M 9 32 170
18 72 46 59 8 6 0 1.15 0.0 0 14.7 28 10 M M 9 13 36 10
19 55 40 48 -3 17 0 0.02 0.0 0 11.1 21 20 M M 7 27 10
20 60 37 49 -2 16 0 0.00 0.0 0 3.6 10 20 M M 5 13 90
21 66 34 50 -1 15 0 0.00 0.0 0 4.5 14 190 M M 2 17 190
22 74 40 57 6 8 0 0.00 0.0 0 7.6 18 170 M M 3 24 160
23 72 44 58 8 7 0 0.00 0.0 0 9.9 20 200 M M 5 1 27 190
24 80 56 68 18 0 3 0.00 0.0 0 12.4 25 190 M M 4 38 180
25 78 54 66 16 0 1 0.00 0.0 0 7.7 18 200 M M 7 1 28 210
26 77 52 65 15 0 0 T 0.0 0 9.5 20 180 M M 7 12 26 180
27 81 66 74 24 0 9 0.00 0.0 0 10.1 20 200 M M 7 27 200
28 73 53 63 13 2 0 T 0.0 0 6.3 23 180 M M 8 1 39 180
29 83 54 69 19 0 4 T 0.0 0 4.2 13 340 M M 7 1 18 340
30 83 51 67 17 0 2 T 0.0 0 3.7 16 140 M M 6 1 22 160
31 83 63 73 23 0 8 T 0.0 0 10.9 23 170 M M 9 1 33 160
================================================================================
SM 2326 1564 145 82 1.24 0.0 247.3 M 203
================================================================================
AV 75.0 50.5 8.0 FASTST M M 7 MAX(MPH)
MISC ----> 32 350 41 350
================================================================================
NOTES:
# LAST OF SEVERAL OCCURRENCES
COLUMN 17 PEAK WIND IN M.P.H.
PRELIMINARY LOCAL CLIMATOLOGICAL DATA (WS FORM: F-6) , PAGE 2
STATION: AUSTIN BERGSTROM
MONTH: DECEMBER
YEAR: 2021
LATITUDE: 30 13 N
LONGITUDE: 97 40 W
[TEMPERATURE DATA] [PRECIPITATION DATA] SYMBOLS USED IN COLUMN 16
AVERAGE MONTHLY: 62.7 TOTAL FOR MONTH: 1.24 1 = FOG OR MIST
DPTR FM NORMAL: 10.9 DPTR FM NORMAL: -1.37 2 = FOG REDUCING VISIBILITY
HIGHEST: 85 ON 10 GRTST 24HR 1.17 ON 18-19 TO 1/4 MILE OR LESS
LOWEST: 26 ON 12 3 = THUNDER
SNOW, ICE PELLETS, HAIL 4 = ICE PELLETS
TOTAL MONTH: 0.0 INCH 5 = HAIL
GRTST 24HR 0.0 6 = FREEZING RAIN OR DRIZZLE
GRTST DEPTH: 0 7 = DUSTSTORM OR SANDSTORM:
VSBY 1/2 MILE OR LESS
8 = SMOKE OR HAZE
[NO. OF DAYS WITH] [WEATHER - DAYS WITH] 9 = BLOWING SNOW
X = TORNADO
MAX 32 OR BELOW: 0 0.01 INCH OR MORE: 4
MAX 90 OR ABOVE: 0 0.10 INCH OR MORE: 1
MIN 32 OR BELOW: 2 0.50 INCH OR MORE: 1
MIN 0 OR BELOW: 0 1.00 INCH OR MORE: 1
[HDD (BASE 65) ]
TOTAL THIS MO. 145 CLEAR (SCALE 0-3) 5
DPTR FM NORMAL -278 PTCLDY (SCALE 4-7) 17
TOTAL FM JUL 1 379 CLOUDY (SCALE 8-10) 9
DPTR FM NORMAL -309
[CDD (BASE 65) ]
TOTAL THIS MO. 82
DPTR FM NORMAL 68 [PRESSURE DATA]
TOTAL FM JAN 1 2701 HIGHEST SLP 30.38 ON 19
DPTR FM NORMAL -295 LOWEST SLP 29.62 ON 31
[REMARKS]
#FINAL-12-21#