000
CXUS53 KGRB 312000
CF6AUW
PRELIMINARY LOCAL CLIMATOLOGICAL DATA (WS FORM: F-6)
STATION: WAUSAU WI
MONTH: JUNE
YEAR: 2020
LATITUDE: 44 55 N
LONGITUDE: 89 37 W
TEMPERATURE IN F: :PCPN: SNOW: WIND :SUNSHINE: SKY :PK WND
================================================================================
1 2 3 4 5 6A 6B 7 8 9 10 11 12 13 14 15 16 17 18
12Z AVG MX 2MIN
DY MAX MIN AVG DEP HDD CDD WTR SNW DPTH SPD SPD DIR MIN PSBL S-S WX SPD DR
================================================================================
1 69 48 59 -1 6 0 0.16 0.0 0 7.3 17 180 M M 6 13 23 170
2 91 58 75 14 0 10 0.06 0.0 0 7.1 28 300 M M 1 43 290
3 83 59 71 10 0 6 0.00 0.0 0 9.0 20 300 M M 0 27 270
4 82 53 68 6 0 3 0.00 0.0 0 5.0 15 270 M M 0 26 270
5 81 57 69 7 0 4 0.25 0.0 0 8.0 22 300 M M 4 13 30 290
6 76 52 64 2 1 0 0.00 0.0 0 6.5 15 110 M M 0 23 100
7 74 52 63 1 2 0 0.08 0.0 0 11.5 18 160 M M 2 1 26 160
8 89 55 72 9 0 7 0.00 0.0 0 9.6 17 180 M M 0 27 180
9 84 62 73 10 0 8 1.94 0.0 0 9.2 24 60 M M 4 1 38 80
10 71 57 64 1 1 0 0.05 0.0 0 14.1 24 300 M M 6 1 36 270
11 72 53 63 -1 2 0 0.31 0.0 0 10.1 24 330 M M 3 38 36 340
12 69 49 59 -5 6 0 T 0.0 0 5.2 13 100 M M 6 19 110
13 65 42 54 -10 11 0 0.00 0.0 0 8.1 17 120 M M 0 24 70
14 69 41 55 -10 10 0 0.00 0.0 0 9.2 20 130 M M 0 27 130
15 75 45 60 -5 5 0 0.00 0.0 0 9.5 17 140 M M 1 25 160
16 83 54 69 4 0 4 0.00 0.0 0 6.8 15 170 M M 0 20 200
17 84 55 70 4 0 5 0.00 0.0 0 7.0 18 180 M M 0 26 170
18 86 59 73 7 0 8 0.00 0.0 0 6.2 17 180 M M 0 25 190
19 82 63 73 7 0 8 0.60 0.0 0 3.8 29 180 M M 5 13 38 180
20 68 60 64 -2 1 0 3.04 0.0 0 4.3 12 90 M M 9 1 17 360
21 79 56 68 1 0 3 0.22 0.0 0 8.0 26 310 M M 4 13 37 310
22 67 61 64 -3 1 0 0.06 0.0 0 3.2 9 330 M M 8 18 14 330
23 71 55 63 -4 2 0 0.04 0.0 0 7.6 20 340 M M 6 30 360
24 74 54 64 -3 1 0 0.05 0.0 0 4.9 21 350 M M 5 13 30 330
25 79 53 66 -2 0 1 0.00 0.0 0 5.9 17 280 M M 1 22 270
26 79 58 69 1 0 4 T 0.0 0 6.2 15 270 M M 2 20 270
27 84 63 74 6 0 9 0.00 0.0 0 5.2 12 330 M M 1 8 19 350
28 84 60 72 4 0 7 0.00 0.0 0 8.1 17 140 M M 2 1 24 150
29 82 63 73 5 0 8 0.60 0.0 0 8.2 24 280 M M 4 138 31 270
30 89 67 78 10 0 13 0.00 0.0 0 7.5 17 170 M M 2 1 24 130
================================================================================
SM 2341 1664 49 108 7.46 0.0 222.3 M 82
================================================================================
AV 78.0 55.5 7.4 FASTST M M 3 MAX(MPH)
MISC ----> # 29 180 # 43 290
================================================================================
NOTES:
# LAST OF SEVERAL OCCURRENCES
COLUMN 17 PEAK WIND IN M.P.H.
PRELIMINARY LOCAL CLIMATOLOGICAL DATA (WS FORM: F-6) , PAGE 2
STATION: WAUSAU WI
MONTH: JUNE
YEAR: 2020
LATITUDE: 44 55 N
LONGITUDE: 89 37 W
[TEMPERATURE DATA] [PRECIPITATION DATA] SYMBOLS USED IN COLUMN 16
AVERAGE MONTHLY: 66.8 TOTAL FOR MONTH: 7.46 1 = FOG OR MIST
DPTR FM NORMAL: 1.8 DPTR FM NORMAL: 3.15 2 = FOG REDUCING VISIBILITY
HIGHEST: 91 ON 2 GRTST 24HR 3.04 ON 20-20 TO 1/4 MILE OR LESS
LOWEST: 41 ON 14 3 = THUNDER
SNOW, ICE PELLETS, HAIL 4 = ICE PELLETS
TOTAL MONTH: 0.0 INCH 5 = HAIL
GRTST 24HR 0.0 6 = FREEZING RAIN OR DRIZZLE
GRTST DEPTH: 0 7 = DUSTSTORM OR SANDSTORM:
VSBY 1/2 MILE OR LESS
8 = SMOKE OR HAZE
[NO. OF DAYS WITH] [WEATHER - DAYS WITH] 9 = BLOWING SNOW
X = TORNADO
MAX 32 OR BELOW: 0 0.01 INCH OR MORE: 14
MAX 90 OR ABOVE: 1 0.10 INCH OR MORE: 8
MIN 32 OR BELOW: 0 0.50 INCH OR MORE: 4
MIN 0 OR BELOW: 0 1.00 INCH OR MORE: 2
[HDD (BASE 65) ]
TOTAL THIS MO. 49 CLEAR (SCALE 0-3) 18
DPTR FM NORMAL -40 PTCLDY (SCALE 4-7) 11
TOTAL FM JUL 1 8094 CLOUDY (SCALE 8-10) 1
DPTR FM NORMAL -155
[CDD (BASE 65) ]
TOTAL THIS MO. 108
DPTR FM NORMAL 23 [PRESSURE DATA]
TOTAL FM JAN 1 135 HIGHEST SLP 30.44 ON 14
DPTR FM NORMAL 31 LOWEST SLP 29.12 ON 10
[REMARKS]
#FINAL-06-20#