000
CXUS52 KGSP 010917
CF6AVL
PRELIMINARY LOCAL CLIMATOLOGICAL DATA (WS FORM: F-6)
STATION: ASHEVILLE NC
MONTH: FEBRUARY
YEAR: 2024
LATITUDE: 35 25 N
LONGITUDE: 82 33 W
TEMPERATURE IN F: :PCPN: SNOW: WIND :SUNSHINE: SKY :PK WND
================================================================================
1 2 3 4 5 6A 6B 7 8 9 10 11 12 13 14 15 16 17 18
12Z AVG MX 2MIN
DY MAX MIN AVG DEP HDD CDD WTR SNW DPTH SPD SPD DIR MIN PSBL S-S WX SPD DR
================================================================================
1 60 26 43 3 22 0 0.00 0.0 0 5.2 16 330 M M 0 25 320
2 64 34 49 9 16 0 0.00 0.0 0 6.2 16 340 M M 0 25 340
3 54 31 43 3 22 0 0.00 0.0 0 2.8 10 140 M M 1 15 140
4 51 27 39 -1 26 0 0.00 0.0 0 2.5 12 170 M M 0 21 150
5 63 36 50 10 15 0 0.00 0.0 0 2.1 13 330 M M 2 17 340
6 61 27 44 4 21 0 0.00 0.0 0 3.9 14 320 M M 0 21 330
7 60 26 43 2 22 0 0.00 0.0 0 3.1 12 140 M M 0 17 140
8 58 27 43 2 22 0 0.00 0.0 0 5.1 14 150 M M 0 21 140
9 58 40 49 8 16 0 0.00 0.0 0 3.2 9 200 M M 6 15 330
10 72 43 58 17 7 0 0.01 0.0 0 4.9 20 200 M M 5 32 340
11 61 52 57 16 8 0 0.28 0.0 0 5.2 14 350 M M 9 1 20 10
12 57 51 54 12 11 0 0.62 0.0 0 6.1 16 130 M M 10 1 25 130
13 52 37 45 3 20 0 T 0.0 0 13.8 32 330 M M 2 50 330
14 59 29 44 2 21 0 0.00 0.0 0 5.5 16 330 M M 0 24 330
15 66 28 47 5 18 0 0.00 0.0 0 4.6 18 250 M M 0 27 240
16 61 38 50 8 15 0 0.00 0.0 0 5.4 16 180 M M 1 22 180
17 54 28 41 -1 24 0 T T 0 13.2 26 330 M M 4 4 42 360
18 50 25 38 -5 27 0 0.00 0.0 0 10.5 18 330 M M 0 28 340
19 58 30 44 1 21 0 0.00 0.0 0 5.2 14 350 M M 0 21 360
20 57 24 41 -2 24 0 0.00 0.0 0 3.2 14 170 M M 0 24 170
21 57 26 42 -1 23 0 0.00 0.0 0 4.1 13 180 M M 0 20 160
22 65 32 49 5 16 0 0.00 0.0 0 7.1 22 190 M M 2 30 190
23 59 46 53 9 12 0 0.11 0.0 0 8.8 28 330 M M 6 1 39 340
24 52 33 43 -1 22 0 0.01 0.0 0 9.7 28 310 M M 5 1 40 320
25 59 25 42 -2 23 0 0.00 0.0 0 6.6 26 330 M M 3 35 320
26 71 36 54 10 11 0 T 0.0 0 5.2 22 200 M M 3 33 200
27 62 52 57 13 8 0 T 0.0 0 13.2 24 190 M M 6 1 33 180
28 69 35 52 7 13 0 0.21 0.0 0 16.9 40 320 M M 5 1 54 330
29 50 30 40 -5 25 0 0.00 0.0 0 9.1 24 340 M M 0 37 330
================================================================================
SM 1720 974 531 0 1.24 T 192.4 M 70
================================================================================
AV 59.3 33.6 6.6 FASTST M M 2 MAX(MPH)
MISC ----> 40 320 54 330
================================================================================
NOTES:
# LAST OF SEVERAL OCCURRENCES
COLUMN 17 PEAK WIND IN M.P.H.
PRELIMINARY LOCAL CLIMATOLOGICAL DATA (WS FORM: F-6) , PAGE 2
STATION: ASHEVILLE NC
MONTH: FEBRUARY
YEAR: 2024
LATITUDE: 35 25 N
LONGITUDE: 82 33 W
[TEMPERATURE DATA] [PRECIPITATION DATA] SYMBOLS USED IN COLUMN 16
AVERAGE MONTHLY: 46.4 TOTAL FOR MONTH: 1.24 1 = FOG OR MIST
DPTR FM NORMAL: 4.3 DPTR FM NORMAL: -2.22 2 = FOG REDUCING VISIBILITY
HIGHEST: 72 ON 10 GRTST 24HR 0.62 ON 12-12 TO 1/4 MILE OR LESS
LOWEST: 24 ON 20 3 = THUNDER
SNOW, ICE PELLETS, HAIL 4 = ICE PELLETS
TOTAL MONTH: T 5 = HAIL
GRTST 24HR T ON 17-17 6 = FREEZING RAIN OR DRIZZLE
GRTST DEPTH: 0 7 = DUSTSTORM OR SANDSTORM:
VSBY 1/2 MILE OR LESS
8 = SMOKE OR HAZE
[NO. OF DAYS WITH] [WEATHER - DAYS WITH] 9 = BLOWING SNOW
X = TORNADO
MAX 32 OR BELOW: 0 0.01 INCH OR MORE: 6
MAX 90 OR ABOVE: 0 0.10 INCH OR MORE: 4
MIN 32 OR BELOW: 16 0.50 INCH OR MORE: 1
MIN 0 OR BELOW: 0 1.00 INCH OR MORE: 0
[HDD (BASE 65) ]
TOTAL THIS MO. 531 CLEAR (SCALE 0-3) 20
DPTR FM NORMAL -112 PTCLDY (SCALE 4-7) 7
TOTAL FM JUL 1 2723 CLOUDY (SCALE 8-10) 2
DPTR FM NORMAL -294
[CDD (BASE 65) ]
TOTAL THIS MO. 0
DPTR FM NORMAL 0 [PRESSURE DATA]
TOTAL FM JAN 1 0 HIGHEST SLP 30.45 ON 29
DPTR FM NORMAL 0 LOWEST SLP 29.41 ON 13
[REMARKS]
#FINAL-02-24#