000
CXUS51 KBGM 020250 CCA
CF6AVP
PRELIMINARY LOCAL CLIMATOLOGICAL DATA (WS FORM: F-6)
STATION: AVOCA PA
MONTH: APRIL
YEAR: 2023
LATITUDE: 41 19 N
LONGITUDE: 75 44 W
TEMPERATURE IN F: :PCPN: SNOW: WIND :SUNSHINE: SKY :PK WND
================================================================================
1 2 3 4 5 6A 6B 7 8 9 10 11 12 13 14 15 16 17 18
12Z AVG MX 2MIN
DY MAX MIN AVG DEP HDD CDD WTR SNW DPTH SPD SPD DIR MIN PSBL S-S WX SPD DR
================================================================================
1 72 43 58 14 7 0 0.34 0.0 M 11.7 35 280 M M 8 1 46 270
2 45 30 38 -6 27 0 T T M 13.0 25 350 M M 4 1 36 350
3 64 29 47 2 18 0 0.00 0.0 M 8.2 18 210 M M 1 29 180
4 79 46 63 18 2 0 0.00 0.0 M 4.6 15 250 M M 1 18 250
5 70 54 62 16 3 0 0.00 0.0 M 5.5 18 250 M M 6 18 28 270
6 73 52 63 17 2 0 0.04 0.0 M 5.4 21 350 M M 7 18 26 340
7 52 36 44 -2 21 0 0.00 0.0 M 9.5 21 330 M M 1 28 340
8 52 28 40 -7 25 0 0.00 0.0 M 3.9 14 360 M M 0 20 330
9 58 30 44 -3 21 0 0.00 0.0 M 4.9 12 350 M M 0 17 20
10 68 30 49 1 16 0 0.00 0.0 M 3.9 10 250 M M 0 13 250
11 74 40 57 9 8 0 0.00 0.0 M 8.0 21 240 M M 0 28 250
12 84 59 72 23 0 7 0.00 0.0 M 8.3 20 330 M M 0 27 310
13 87 59 73 24 0 8 0.00 0.0 M 7.5 18 220 M M 0 24 240
14 91 54 73 23 0 8 0.00 0.0 M 5.1 14 280 M M 0 17 170
15 73 57 65 15 0 0 0.01 0.0 M 3.7 18 240 M M 4 3 23 260
16 78 53 66 16 0 1 0.02 0.0 M 4.7 14 210 M M 3 22 230
17 65 43 54 3 11 0 0.17 0.0 M 10.4 24 260 M M 10 18 34 240
18 48 41 45 -6 20 0 T 0.0 M 12.2 22 250 M M 10 28 250
19 62 41 52 0 13 0 0.00 0.0 M 8.6 17 270 M M 5 21 270
20 78 41 60 8 5 0 T 0.0 M 4.0 14 260 M M 3 19 260
21 87 54 71 18 0 6 0.00 0.0 M 5.8 15 260 M M 0 24 130
22 76 54 65 12 0 0 0.45 0.0 M 7.7 22 230 M M 5 138 36 180
23 60 42 51 -3 14 0 0.10 0.0 M 6.1 18 250 M M 8 1 26 260
24 54 37 46 -8 19 0 0.01 0.0 M 5.8 15 320 M M 8 19 290
25 56 33 45 -9 20 0 T 0.0 M 3.5 12 300 M M 5 12 15 290
26 60 37 49 -6 16 0 0.07 0.0 M 5.8 22 330 M M 7 1 27 310
27 63 44 54 -1 11 0 0.04 0.0 M 4.6 9 20 M M 7 13 14 130
28 54 44 49 -7 16 0 0.16 0.0 M 7.0 17 110 M M 6 1 26 130
29 59 45 52 -4 13 0 0.06 0.0 M 8.7 20 120 M M 9 18 31 120
30 58 46 52 -4 13 0 3.06 0.0 M 7.4 26 310 M M 10 13 39 290
================================================================================
SM 2000 1302 321 30 4.52 T 205.5 M 128
================================================================================
AV 66.7 43.4 6.9 FASTST M M 4 MAX(MPH)
MISC ----> 35 280 46 270
================================================================================
NOTES:
# LAST OF SEVERAL OCCURRENCES
COLUMN 17 PEAK WIND IN M.P.H.
PRELIMINARY LOCAL CLIMATOLOGICAL DATA (WS FORM: F-6) , PAGE 2
STATION: AVOCA PA
MONTH: APRIL
YEAR: 2023
LATITUDE: 41 19 N
LONGITUDE: 75 44 W
[TEMPERATURE DATA] [PRECIPITATION DATA] SYMBOLS USED IN COLUMN 16
AVERAGE MONTHLY: 55.0 TOTAL FOR MONTH: 4.53 1 = FOG OR MIST
DPTR FM NORMAL: 4.8 DPTR FM NORMAL: 1.27 2 = FOG REDUCING VISIBILITY
HIGHEST: 91 ON 14 GRTST 24HR 3.06 ON 30-30 TO 1/4 MILE OR LESS
LOWEST: 28 ON 8 3 = THUNDER
SNOW, ICE PELLETS, HAIL 4 = ICE PELLETS
TOTAL MONTH: T 5 = HAIL
GRTST 24HR T ON 2- 2 6 = FREEZING RAIN OR DRIZZLE
GRTST DEPTH: M ON M 7 = DUSTSTORM OR SANDSTORM:
VSBY 1/2 MILE OR LESS
8 = SMOKE OR HAZE
[NO. OF DAYS WITH] [WEATHER - DAYS WITH] 9 = BLOWING SNOW
X = TORNADO
MAX 32 OR BELOW: 0 0.01 INCH OR MORE: 13
MAX 90 OR ABOVE: 1 0.10 INCH OR MORE: 6
MIN 32 OR BELOW: 5 0.50 INCH OR MORE: 1
MIN 0 OR BELOW: 0 1.00 INCH OR MORE: 1
[HDD (BASE 65) ]
TOTAL THIS MO. 321 CLEAR (SCALE 0-3) 12
DPTR FM NORMAL -131 PTCLDY (SCALE 4-7) 12
TOTAL FM JUL 1 4597 CLOUDY (SCALE 8-10) 6
DPTR FM NORMAL -936
[CDD (BASE 65) ]
TOTAL THIS MO. 30
DPTR FM NORMAL 22 [PRESSURE DATA]
TOTAL FM JAN 1 30 HIGHEST SLP 30.55 ON 8
DPTR FM NORMAL 22 LOWEST SLP 29.15 ON 30
[REMARKS]
#FINAL-04-23#
CORRECTIONS TO DAY 22 WINDS AND PRECIPITATION
CORRECTIONS TO DAY 25 SNOWFALL
TIED 3RD WARMEST APRIL WARMEST 55.8F IN 2017
TAC