000
CXUS51 KBGM 011037
CLSAVP
CLIMATE REPORT
NATIONAL WEATHER SERVICE BINGHAMTON, NY
537 AM EST WED MAR 01 2023
...................................
...THE AVOCA PA CLIMATE SUMMARY FOR THE SEASON, FROM
12/1/2022 TO 2/28/2023...
CLIMATE NORMAL PERIOD 1991 TO 2020
CLIMATE RECORD PERIOD 1901 TO 2023
WEATHER OBSERVED NORMAL DEPART LAST YEAR`S
VALUE DATE(S) VALUE FROM VALUE DATE(S)
NORMAL
................................................................
TEMPERATURE (F)
RECORD
HIGH 76 02/21/2018
02/24/2017
02/24/2017
LOW -99 02/21/2022
HIGHEST 67 02/15 34 33 65 12/11
12/16
LOWEST 02/04 20 -21 -3 01/16
01/22
AVG. MAXIMUM 43.4 38.2 5.2 40.0
AVG. MINIMUM 27.3 22.8 4.5 22.9
MEAN 35.3 30.5 4.8 31.4
DAYS MAX >= 90 0 0.0 0.0 0
DAYS MAX <= 32 12 30.7 -18.7 25
DAYS MIN <= 32 63 74.5 -11.5 68
DAYS MIN <= 0 1 2.4 -1.4 2
PRECIPITATION (INCHES)
RECORD
MAXIMUM 12.47 2008
MINIMUM 2.78 1979
TOTALS 7.60 7.46 0.14 6.92
DAILY AVG. 0.08 0.08 -0.00 0.08
DAYS >= .01 33 36.1 -3.1 34
DAYS >= .10 18 18.0 0.0 19
DAYS >= .50 5 4.2 0.8 3
DAYS >= 1.00 0 1.0 -1.0 1
GREATEST
24 HR. TOTAL 1.20 12/15 TO 12/16 1.82 02/03 TO 02/04
SNOWFALL (INCHES)
RECORDS
TOTAL 64.5 1993
24 HR TOTAL 18.3 01/13/1964 TO 01/13/1964
TOTALS 14.1 30.3 -16.2 13.0
SINCE 7/1 15.3 34.2 -18.9 15.4
DAYS >= TRACE 35 23.4 11.6 14
DAYS >= 1.0 8 9.9 -1.9 2
GREATEST
24 HR TOTAL 2.0 12/15 TO 12/15 3.0 01/16 TO 01/16
12/16 TO 12/16
02/27 TO 02/27
DEGREE DAYS
HEATING TOTAL 2556 3100 -544 2937
SINCE 7/1 3490 4251 -761 3948
COOLING TOTAL 0 0 0 0
SINCE 1/1 0 0 0 0
FREEZE DATES
RECORD
EARLIEST 09/21/1956
LATEST 05/25/1956
EARLIEST 10/18
LATEST 04/30
................................................................
WIND (MPH)
AVERAGE WIND SPEED 6.6
RESULTANT WIND SPEED/DIRECTION 3/280
HIGHEST WIND SPEED/DIRECTION 37/260 DATE 02/21
HIGHEST GUST SPEED/DIRECTION 55/260 DATE 02/21
SKY COVER
POSSIBLE SUNSHINE (PERCENT) MM
AVERAGE SKY COVER 0.61
NUMBER OF DAYS FAIR 22
NUMBER OF DAYS PC 27
NUMBER OF DAYS CLOUDY 40
AVERAGE RH (PERCENT) 68
WEATHER CONDITIONS. NUMBER OF DAYS WITH
THUNDERSTORM 1 MIXED PRECIP 0
HEAVY RAIN 6 RAIN 17
LIGHT RAIN 34 FREEZING RAIN 0
LT FREEZING RAIN 1 HAIL 0
HEAVY SNOW 3 SNOW 11
LIGHT SNOW 34 SLEET 0
FOG 41 FOG W/VIS <= 1/4 MILE 8
HAZE 18
- INDICATES NEGATIVE NUMBERS.
R INDICATES RECORD WAS SET OR TIED.
MM INDICATES DATA IS MISSING.
T INDICATES TRACE AMOUNT.
&&
3RD WARMEST DECEMBER TO FEBRUARY
$$
TAC