000
CXUS53 KGRR 011524 RRA
CLSAZO
WRKCLSAZO 000
TTAA00 GRR 011521
CLIMATE REPORT
NATIONAL WEATHER SERVICE GRAND RAPIDS, MICHIGAN
1111 AM EDT WED JUN 01 2022
...................................
...THE KALAMAZOO CLIMATE SUMMARY FOR THE SEASON, FROM
3/1/2022 TO 5/31/2022...
CLIMATE NORMAL PERIOD: 1991 TO 2020
CLIMATE RECORD PERIOD: 1887 TO 2022
WEATHER OBSERVED NORMAL DEPART LAST YEAR`S
VALUE DATE(S) VALUE FROM VALUE DATE(S)
NORMAL
................................................................
TEMPERATURE (F)
RECORD
HIGH 96 05/28/2018
LOW -12 03/03/1943
HIGHEST 92 05/31 MM MM 90 05/25
LOWEST 13 03/12 MM MM 16 03/02
AVG. MAXIMUM 59.4 58.5 0.9 62.1
AVG. MINIMUM 39.8 37.9 1.9 38.7
MEAN 49.6 48.2 1.4 50.4
DAYS MAX >= 90 1 0.5 0.5 1
DAYS MAX <= 32 3 4.6 -1.6 0
DAYS MIN <= 32 27 31.5 -4.5 30
DAYS MIN <= 0 0 0.3 -0.3 0
PRECIPITATION (INCHES)
RECORD
MAXIMUM 15.32 1947
TOTALS 9.31 8.78 0.53 4.40
DAILY AVG. 0.10 0.10 0.00 0.05
DAYS >= .01 42 36.6 5.4 31
DAYS >= .10 25 20.9 4.1 11
DAYS >= .50 5 6.4 -1.4 3
DAYS >= 1.00 1 1.6 -0.6 1
GREATEST
24 HR. TOTAL 1.13 05/03 TO 05/03
STORM TOTAL 1.13 MM
(MM/DD(HH)) MM
DEGREE DAYS
HEATING TOTAL 1502 1595 -93 1406
SINCE 7/1 5826 6287 -461 MM
COOLING TOTAL 115 50 65 85
SINCE 1/1 115 49 66 MM
FREEZE DATES
EARLIEST 10/24
LATEST 05/12
................................................................
WIND (MPH)
AVERAGE WIND SPEED 8.5
RESULTANT WIND SPEED/DIRECTION 2/230
HIGHEST WIND SPEED/DIRECTION 36/230 DATE 04/14
HIGHEST GUST SPEED/DIRECTION 54/210 DATE 04/15
SKY COVER
POSSIBLE SUNSHINE (PERCENT) MM
AVERAGE SKY COVER 0.54
NUMBER OF DAYS FAIR 29
NUMBER OF DAYS PC 31
NUMBER OF DAYS CLOUDY 32
AVERAGE RH (PERCENT) 64
WEATHER CONDITIONS. NUMBER OF DAYS WITH
THUNDERSTORM 7 MIXED PRECIP 0
HEAVY RAIN 8 RAIN 17
LIGHT RAIN 41 FREEZING RAIN 1
LT FREEZING RAIN 2 HAIL 0
HEAVY SNOW 1 SNOW 5
LIGHT SNOW 15 SLEET 0
FOG 39 FOG W/VIS <= 1/4 MILE 2
HAZE 22
- INDICATES NEGATIVE NUMBERS.
R INDICATES RECORD WAS SET OR TIED.
MM INDICATES DATA IS MISSING.
T INDICATES TRACE AMOUNT.
$$