000
CXUS55 KLBF 011410
CF6BBW
PRELIMINARY LOCAL CLIMATOLOGICAL DATA (WS FORM: F-6)
STATION: BROKEN BOW
MONTH: AUGUST
YEAR: 2022
LATITUDE: 41 26 N
LONGITUDE: 99 39 W
TEMPERATURE IN F: :PCPN: SNOW: WIND :SUNSHINE: SKY :PK WND
================================================================================
1 2 3 4 5 6A 6B 7 8 9 10 11 12 13 14 15 16 17 18
12Z AVG MX 2MIN
DY MAX MIN AVG DEP HDD CDD WTR SNW DPTH SPD SPD DIR MIN PSBL S-S WX SPD DR
================================================================================
1 93 61 77 2 0 12 0.00 M M 7.3 18 170 M M 0 24 150
2 96 63 80 5 0 15 T M M 8.0 24 290 M M 1 3 34 270
3 93 62 78 3 0 13 0.00 M M 7.8 17 350 M M 1 25 40
4 90 58 74 -1 0 9 0.00 M M 9.3 21 160 M M 0 28 140
5 95 69 82 7 0 17 0.00 M M 12.4 24 160 M M 0 32 150
6 87 69 78 3 0 13 T M M 10.6 21 360 M M 3 27 30
7 71 56 64 -11 1 0 T M M 10.4 23 350 M M 9 31 340
8 84 51 68 -6 0 3 0.00 M M 6.5 13 150 M M 0 18 160
9 91 56 74 0 0 9 0.00 M M 7.2 17 150 M M 0 23 160
10 97 58 78 4 0 13 0.00 M M 5.9 18 180 M M 1 25 160
11 95 60 78 4 0 13 0.00 M M 7.5 20 150 M M 0 27 160
12 97 61 79 5 0 14 0.00 M M 9.1 21 160 M M 0 32 160
13 92 61 77 3 0 12 0.00 M M 7.8 16 60 M M 1 22 50
14 89 65 77 3 0 12 T M M 10.5 20 100 M M 3 29 100
15 76 64 70 -3 0 5 0.25 M M 8.0 18 70 M M 8 3 25 70
16 67 61 64 -9 1 0 0.01 M M 5.8 13 70 M M 10 1 18 100
17 82 56 69 -4 0 4 T M M 3.9 16 150 M M 5 12 20 160
18 92 53 73 0 0 8 0.00 M M 6.3 18 340 M M 1 1 25 330
19 85 57 71 -2 0 6 T M M 7.7 20 330 M M 4 29 360
20 83 54 69 -3 0 4 0.00 M M 5.1 14 350 M M 3 20 30
21 88 51 70 -2 0 5 0.00 M M 4.6 13 130 M M 0 18 140
22 93 54 74 2 0 9 0.00 M M 5.7 16 140 M M 1 22 140
23 94 57 76 4 0 11 0.00 M M 7.1 20 170 M M 0 29 160
24 94 57 76 4 0 11 0.03 M M 5.3 15 270 M M 2 3 20 270
25 90 66 78 7 0 13 0.02 M M 7.7 17 350 M M 2 3 23 360
26 94 65 80 9 0 15 0.00 M M 9.3 21 200 M M 2 29 180
27 85 64 75 4 0 10 0.02 M M 8.0 23 150 M M 3 33 160
28 99 64 82 12 0 17 0.02 M M 8.1 18 310 M M 0 29 70
29 91 57 74 4 0 9 T M M 6.0 15 360 M M 0 20 40
30 93 52 73 3 0 8 0.00 M M 4.0 14 120 M M 0 19 120
31 98 55 77 7 0 12 0.07 M M 6.0 30 300 M M 1 39 290
================================================================================
SM 2774 1837 2 302 0.42 M 228.9 M 61
================================================================================
AV 89.5 59.3 7.4 FASTST M M 2 MAX(MPH)
MISC ----> 30 300 39 290
================================================================================
NOTES:
# LAST OF SEVERAL OCCURRENCES
COLUMN 17 PEAK WIND IN M.P.H.
PRELIMINARY LOCAL CLIMATOLOGICAL DATA (WS FORM: F-6) , PAGE 2
STATION: BROKEN BOW
MONTH: AUGUST
YEAR: 2022
LATITUDE: 41 26 N
LONGITUDE: 99 39 W
[TEMPERATURE DATA] [PRECIPITATION DATA] SYMBOLS USED IN COLUMN 16
AVERAGE MONTHLY: 74.4 TOTAL FOR MONTH: 0.42 1 = FOG OR MIST
DPTR FM NORMAL: 1.5 DPTR FM NORMAL: -2.15 2 = FOG REDUCING VISIBILITY
HIGHEST: 99 ON 28 GRTST 24HR 0.25 ON 15-15 TO 1/4 MILE OR LESS
LOWEST: 51 ON 21, 8 3 = THUNDER
SNOW, ICE PELLETS, HAIL 4 = ICE PELLETS
TOTAL MONTH: M 5 = HAIL
GRTST 24HR M ON M 6 = FREEZING RAIN OR DRIZZLE
GRTST DEPTH: M ON M 7 = DUSTSTORM OR SANDSTORM:
VSBY 1/2 MILE OR LESS
8 = SMOKE OR HAZE
[NO. OF DAYS WITH] [WEATHER - DAYS WITH] 9 = BLOWING SNOW
X = TORNADO
MAX 32 OR BELOW: 0 0.01 INCH OR MORE: 7
MAX 90 OR ABOVE: 20 0.10 INCH OR MORE: 1
MIN 32 OR BELOW: 0 0.50 INCH OR MORE: 0
MIN 0 OR BELOW: 0 1.00 INCH OR MORE: 0
[HDD (BASE 65) ]
TOTAL THIS MO. 2 CLEAR (SCALE 0-3) 25
DPTR FM NORMAL -7 PTCLDY (SCALE 4-7) 4
TOTAL FM JUL 1 2 CLOUDY (SCALE 8-10) 2
DPTR FM NORMAL -5
[CDD (BASE 65) ]
TOTAL THIS MO. 302
DPTR FM NORMAL 49 [PRESSURE DATA]
TOTAL FM JAN 1 982 HIGHEST SLP 30.20 ON 17
DPTR FM NORMAL 172 LOWEST SLP 29.57 ON 28
[REMARKS]
#FINAL-08-22#