000
CXUS51 KOKX 011010
CF6BDR
PRELIMINARY LOCAL CLIMATOLOGICAL DATA (WS FORM: F-6)
STATION: BRIDGEPORT CT
MONTH: NOVEMBER
YEAR: 2023
LATITUDE: 41 10 N
LONGITUDE: 73 8 W
TEMPERATURE IN F: :PCPN: SNOW: WIND :SUNSHINE: SKY :PK WND
================================================================================
1 2 3 4 5 6A 6B 7 8 9 10 11 12 13 14 15 16 17 18
12Z AVG MX 2MIN
DY MAX MIN AVG DEP HDD CDD WTR SNW DPTH SPD SPD DIR MIN PSBL S-S WX SPD DR
================================================================================
1 48 33 41 -10 24 0 0.01 0.0 0 7.5 20 360 M M 7 27 360
2 49 30 40 -10 25 0 0.00 0.0 0 4.7 12 210 M M 1 15 230
3 56 32 44 -6 21 0 0.00 0.0 0 10.0 21 210 M M 0 25 220
4 59 42 51 1 14 0 0.00 0.0 0 4.8 16 230 M M 1 22 220
5 63 44 54 5 11 0 0.00 0.0 0 5.1 14 340 M M 6 18 350
6 55 42 49 0 16 0 0.00 0.0 0 6.7 13 70 M M 1 17 50
7 62 52 57 8 8 0 0.20 0.0 0 9.6 16 220 M M 5 22 230
8 52 39 46 -2 19 0 T 0.0 0 9.9 21 340 M M 3 28 350
9 54 39 47 -1 18 0 0.00 0.0 0 5.2 13 160 M M 6 17 160
10 52 39 46 -2 19 0 0.00 0.0 0 6.1 13 250 M M 4 19 290
11 54 37 46 -1 19 0 0.00 0.0 0 7.8 16 350 M M 2 21 360
12 46 31 39 -8 26 0 0.00 0.0 0 6.7 14 30 M M 1 16 350
13 46 30 38 -9 27 0 0.00 0.0 0 4.8 10 210 M M 2 14 210
14 55 33 44 -2 21 0 0.00 0.0 0 7.4 24 340 M M 3 35 340
15 53 31 42 -4 23 0 0.00 0.0 0 8.4 20 230 M M 0 24 230
16 60 39 50 4 15 0 0.00 0.0 0 4.8 15 230 M M 0 1 19 230
17 63 37 50 4 15 0 0.00 0.0 0 6.1 15 180 M M 1 1 20 180
18 57 34 46 1 19 0 0.03 0.0 0 9.8 24 330 M M 6 1 32 330
19 54 32 43 -2 22 0 0.00 0.0 0 8.0 17 320 M M 1 24 310
20 46 31 39 -5 26 0 0.00 0.0 0 7.4 14 30 M M 0 20 340
21 46 28 37 -7 28 0 0.24 0.0 0 15.0 28 110 M M 5 37 110
22 54 43 49 5 16 0 2.37 0.0 0 11.7 30 110 M M 8 1 39 110
23 53 43 48 4 17 0 0.00 0.0 0 7.7 20 320 M M 3 26 310
24 52 30 41 -2 24 0 0.00 0.0 0 9.2 22 320 M M 3 30 320
25 42 24 33 -10 32 0 0.00 0.0 0 2.7 14 340 M M 0 18 350
26 53 27 40 -3 25 0 0.19 0.0 0 10.0 31 120 M M 6 1 42 110
27 55 37 46 4 19 0 0.03 0.0 0 10.9 29 120 M M 4 1 40 120
28 40 31 36 -6 29 0 T T 0 13.4 24 290 M M 3 35 290
29 38 27 33 -9 32 0 0.00 0.0 0 9.6 17 230 M M 1 24 270
30 49 31 40 -1 25 0 0.00 0.0 0 11.8 20 220 M M 1 24 230
================================================================================
SM 1566 1048 635 0 3.07 T 242.8 M 84
================================================================================
AV 52.2 34.9 8.1 FASTST M M 3 MAX(MPH)
MISC ----> 31 120 42 110
================================================================================
NOTES:
# LAST OF SEVERAL OCCURRENCES
COLUMN 17 PEAK WIND IN M.P.H.
PRELIMINARY LOCAL CLIMATOLOGICAL DATA (WS FORM: F-6) , PAGE 2
STATION: BRIDGEPORT CT
MONTH: NOVEMBER
YEAR: 2023
LATITUDE: 41 10 N
LONGITUDE: 73 8 W
[TEMPERATURE DATA] [PRECIPITATION DATA] SYMBOLS USED IN COLUMN 16
AVERAGE MONTHLY: 43.6 TOTAL FOR MONTH: 3.07 1 = FOG OR MIST
DPTR FM NORMAL: -2.4 DPTR FM NORMAL: -0.04 2 = FOG REDUCING VISIBILITY
HIGHEST: 63 ON 17, 5 GRTST 24HR 2.61 ON 21-22 TO 1/4 MILE OR LESS
LOWEST: 24 ON 25 3 = THUNDER
SNOW, ICE PELLETS, HAIL 4 = ICE PELLETS
TOTAL MONTH: T 5 = HAIL
GRTST 24HR T ON 28-28 6 = FREEZING RAIN OR DRIZZLE
GRTST DEPTH: 0 7 = DUSTSTORM OR SANDSTORM:
VSBY 1/2 MILE OR LESS
8 = SMOKE OR HAZE
[NO. OF DAYS WITH] [WEATHER - DAYS WITH] 9 = BLOWING SNOW
X = TORNADO
MAX 32 OR BELOW: 0 0.01 INCH OR MORE: 7
MAX 90 OR ABOVE: 0 0.10 INCH OR MORE: 4
MIN 32 OR BELOW: 14 0.50 INCH OR MORE: 1
MIN 0 OR BELOW: 0 1.00 INCH OR MORE: 1
[HDD (BASE 65) ]
TOTAL THIS MO. 635 CLEAR (SCALE 0-3) 20
DPTR FM NORMAL 65 PTCLDY (SCALE 4-7) 10
TOTAL FM JUL 1 902 CLOUDY (SCALE 8-10) 0
DPTR FM NORMAL 3
[CDD (BASE 65) ]
TOTAL THIS MO. 0
DPTR FM NORMAL 0 [PRESSURE DATA]
TOTAL FM JAN 1 913 HIGHEST SLP M ON M
DPTR FM NORMAL -41 LOWEST SLP 29.49 ON 27
[REMARKS]
#FINAL-11-23#