000
CXUS53 KIWX 010810
CF6BEH
PRELIMINARY LOCAL CLIMATOLOGICAL DATA (WS FORM: F-6)
STATION: BENTON HARBOR
MONTH: JUNE
YEAR: 2022
LATITUDE: 42 7 N
LONGITUDE: 86 26 W
TEMPERATURE IN F: :PCPN: SNOW: WIND :SUNSHINE: SKY :PK WND
================================================================================
1 2 3 4 5 6A 6B 7 8 9 10 11 12 13 14 15 16 17 18
12Z AVG MX 2MIN
DY MAX MIN AVG DEP HDD CDD WTR SNW DPTH SPD SPD DIR MIN PSBL S-S WX SPD DR
================================================================================
1 76 51 64 1 1 0 0.05 M M 3.8 13 300 M M 5 1 22 50
2 71 50 61 -3 4 0 T M M 3.0 12 270 M M 1 17 270
3 76 48 62 -2 3 0 0.00 M M 6.0 20 240 M M 0 26 250
4 71 42 57 -7 8 0 0.01 M M 1.2 6 20 M M 6 11 300
5 82 56 69 4 0 4 0.00 M M 5.0 12 120 M M 7 15 100
6 75 58 67 2 0 2 0.48 M M 4.4 15 280 M M 4 18 19 270
7 61 50 56 -9 9 0 T M M 3.9 12 350 M M 6 12 20 340
8 70 48 59 -7 6 0 0.53 M M 5.1 22 100 M M 5 1 32 90
9 73 51 62 -4 3 0 0.00 0.0 0 5.4 20 240 M M 4 1 26 260
10 78 50 64 -2 1 0 0.00 M M 6.0 17 230 M M 2 23 260
11 75 52 64 -2 1 0 0.00 M M 4.5 13 230 M M 3 12 19 180
12 72 59 66 -1 0 1 0.00 M M 3.0 8 330 M M 4 18 14 340
13 89 59 74 7 0 9 0.85 M M 5.8 17 150 M M 4 13 31 60
14 96 73 85 18 0 20 0.00 M M 8.0 16 230 M M 1 23 250
15 94 78 86 18 0 21 0.00 M M 9.4 18 180 M M 0 28 200
16 91 70 81 13 0 16 0.07 0.0 0 11.4 23 270 M M 2 13 33 260
17 77 65 71 3 0 6 0.00 0.0 0 6.5 13 300 M M 0 22 330
18 69 50 60 -8 5 0 0.00 M M 4.7 14 310 M M 0 25 310
19 81 48 65 -4 0 0 0.00 M M 3.3 12 260 M M 0 15 150
20 90 58 74 5 0 9 0.00 M M 8.0 16 240 M M 0 24 220
21 96 70 83 14 0 18 0.00 M M 12.2 20 230 M M 0 28 240
22 85 61 73 4 0 8 0.00 M M 5.7 18 270 M M 2 25 270
23 78 55 67 -3 0 2 0.00 M M 3.3 10 300 M M 0 1 16 300
24 87 51 69 -1 0 4 0.00 M M 1.8 9 300 M M 0 16 300
25 78 59 69 -1 0 4 0.02 M M 4.5 14 140 M M 4 20 130
26 77 65 71 1 0 6 0.00 M M 6.1 14 280 M M 6 1 25 280
27 71 50 61 -9 4 0 0.00 M M 5.1 15 280 M M 0 23 300
28 84 46 65 -5 0 0 0.00 M M 6.7 17 250 M M 0 24 260
29 81 62 72 1 0 7 0.00 M M 5.1 16 260 M M 2 18 22 280
30 93 69 81 10 0 16 0.00 M M 9.4 20 240 M M 0 28 250
================================================================================
SM 2397 1704 45 153 2.01 0.0 168.3 M 68
================================================================================
AV 79.9 56.8 5.6 FASTST M M 2 MAX(MPH)
MISC ----> 23 270 33 260
================================================================================
NOTES:
# LAST OF SEVERAL OCCURRENCES
COLUMN 17 PEAK WIND IN M.P.H.
PRELIMINARY LOCAL CLIMATOLOGICAL DATA (WS FORM: F-6) , PAGE 2
STATION: BENTON HARBOR
MONTH: JUNE
YEAR: 2022
LATITUDE: 42 7 N
LONGITUDE: 86 26 W
[TEMPERATURE DATA] [PRECIPITATION DATA] SYMBOLS USED IN COLUMN 16
AVERAGE MONTHLY: 68.4 TOTAL FOR MONTH: 2.01 1 = FOG OR MIST
DPTR FM NORMAL: 0.8 DPTR FM NORMAL: -1.03 2 = FOG REDUCING VISIBILITY
HIGHEST: 96 ON 21,14 GRTST 24HR 0.85 ON 13-13 TO 1/4 MILE OR LESS
LOWEST: 42 ON 4 3 = THUNDER
SNOW, ICE PELLETS, HAIL 4 = ICE PELLETS
TOTAL MONTH: 0.0 INCH 5 = HAIL
GRTST 24HR 0.0 6 = FREEZING RAIN OR DRIZZLE
GRTST DEPTH: 0 7 = DUSTSTORM OR SANDSTORM:
VSBY 1/2 MILE OR LESS
8 = SMOKE OR HAZE
[NO. OF DAYS WITH] [WEATHER - DAYS WITH] 9 = BLOWING SNOW
X = TORNADO
MAX 32 OR BELOW: 0 0.01 INCH OR MORE: 7
MAX 90 OR ABOVE: 6 0.10 INCH OR MORE: 3
MIN 32 OR BELOW: 0 0.50 INCH OR MORE: 2
MIN 0 OR BELOW: 0 1.00 INCH OR MORE: 0
[HDD (BASE 65) ]
TOTAL THIS MO. 45 CLEAR (SCALE 0-3) 19
DPTR FM NORMAL -16 PTCLDY (SCALE 4-7) 11
TOTAL FM JUL 1 5769 CLOUDY (SCALE 8-10) 0
DPTR FM NORMAL -415
[CDD (BASE 65) ]
TOTAL THIS MO. 153
DPTR FM NORMAL 17 [PRESSURE DATA]
TOTAL FM JAN 1 250 HIGHEST SLP 30.29 ON 19
DPTR FM NORMAL 67 LOWEST SLP 29.66 ON 6
[REMARKS]
#FINAL-06-22#