000
CXAK56 PAFC 010955
CF6BET
PRELIMINARY LOCAL CLIMATOLOGICAL DATA (WS FORM: F-6)
STATION: BETHEL
MONTH: DECEMBER
YEAR: 2021
LATITUDE: 60 46 N
LONGITUDE: 161 48 W
TEMPERATURE IN F: :PCPN: SNOW: WIND :SUNSHINE: SKY :PK WND
================================================================================
1 2 3 4 5 6A 6B 7 8 9 10 11 12 13 14 15 16 17 18
12Z AVG MX 2MIN
DY MAX MIN AVG DEP HDD CDD WTR SNW DPTH SPD SPD DIR MIN PSBL S-S WX SPD DR
================================================================================
1 7 -9 -1 -15 66 0 T M M 12.8 22 310 M M 9 18 27 310
2 7 -17 -5 -19 70 0 T M M 5.6 16 290 M M 7 1 21 300
3 20 -17 2 -11 63 0 0.19 M M 9.2 21 180 M M 8 126 23 180
4 27 20 24 11 41 0 0.06 M M 14.9 37 150 M M 9 128 44 150
5 34 25 30 17 35 0 0.21 M M 33.7 52 160 M M 8 1289 70 160
6 32 18 25 12 40 0 0.01 M M 9.5 21 180 M M 10 1 26 180
7 24 13 19 7 46 0 0.09 M M 12.7 21 250 M M 9 1 26 240
8 32 15 24 12 41 0 0.08 M M 19.9 32 230 M M 6 16 40 220
9 23 12 18 6 47 0 0.03 M M 21.5 33 20 M M 10 19 40 360
10 12 -3 5 -7 60 0 T M M 22.0 30 320 M M 6 19 38 320
11 -3 -9 -6 -17 71 0 0.00 M M 15.7 22 300 M M 1 19 28 300
12 -8 -22 -15 -26 80 0 0.00 M M 10.2 18 310 M M 0 24 320
13 -8 -22 -15 -26 80 0 T M M 18.4 28 40 M M 3 9 35 40
14 -2 -17 -9 -19 74 0 0.00 M M 14.5 22 20 M M 4 9 28 10
15 30 -2 14 4 51 0 0.23 M M 13.2 25 160 M M 9 19 31 170
16 31 28 30 20 35 0 0.17 M M 14.5 24 170 M M 10 1 29 170
17 33 28 31 21 34 0 0.20 M M 22.9 41 170 M M 10 19 49 160
18 33 29 31 21 34 0 0.22 M M 18.0 37 190 M M 10 129 44 190
19 35 33 34 25 31 0 0.30 M M 26.7 37 190 M M 10 189 46 180
20 32 32 32 23 33 0 0.05 M M 12.8 21 200 M M 10 12689 25 200
21 32 20 26 17 39 0 0.11 M M 6.5 13 70 M M 10 19 15 70
22 35 27 31 23 34 0 0.92 M M 20.5 32 240 M M 8 169 43 250
23 34 29 32 24 33 0 0.00 M M 12.5 28 230 M M 10 129 34 240
24 34 29 32 24 33 0 0.07 M M 15.5 30 190 M M 10 126 36 190
25 36 32 34 26 31 0 0.13 M M 20.6 28 190 M M 10 12 35 190
26 37 34 36 29 29 0 0.23 M M 25.3 36 190 M M 10 1 45 200
27 36 32 34 27 31 0 0.17 M M 15.0 23 190 M M 10 1 28 190
28 39 32 36 29 29 0 0.23 M M 23.7 36 220 M M 9 1 50 180
29 34 26 30 23 35 0 0.00 M M 9.9 28 230 M M 9 12 35 240
30 27 13 20 13 45 0 0.19 M M 17.3 24 40 M M 6 16 31 40
31 13 -5 4 -2 61 0 0.03 M M 22.7 32 20 M M 8 189 39 20
================================================================================
SM 748 404 1432 0 3.92 M 518.2 M 249
================================================================================
AV 24.1 13.0 16.7 FASTST M M 8 MAX(MPH)
MISC ----> 52 160 70 160
================================================================================
NOTES:
# LAST OF SEVERAL OCCURRENCES
COLUMN 17 PEAK WIND IN M.P.H.
PRELIMINARY LOCAL CLIMATOLOGICAL DATA (WS FORM: F-6) , PAGE 2
STATION: BETHEL
MONTH: DECEMBER
YEAR: 2021
LATITUDE: 60 46 N
LONGITUDE: 161 48 W
[TEMPERATURE DATA] [PRECIPITATION DATA] SYMBOLS USED IN COLUMN 16
AVERAGE MONTHLY: 18.6 TOTAL FOR MONTH: 3.92 1 = FOG OR MIST
DPTR FM NORMAL: 8.6 DPTR FM NORMAL: 2.86 2 = FOG REDUCING VISIBILITY
HIGHEST: 39 ON 28 GRTST 24HR 1.01 ON 21-22 TO 1/4 MILE OR LESS
LOWEST: -22 ON 13,12 3 = THUNDER
SNOW, ICE PELLETS, HAIL 4 = ICE PELLETS
TOTAL MONTH: M 5 = HAIL
GRTST 24HR M ON M 6 = FREEZING RAIN OR DRIZZLE
GRTST DEPTH: M ON M 7 = DUSTSTORM OR SANDSTORM:
VSBY 1/2 MILE OR LESS
8 = SMOKE OR HAZE
[NO. OF DAYS WITH] [WEATHER - DAYS WITH] 9 = BLOWING SNOW
X = TORNADO
MAX 32 OR BELOW: 19 0.01 INCH OR MORE: 22
MAX 90 OR ABOVE: 0 0.10 INCH OR MORE: 14
MIN 32 OR BELOW: 29 0.50 INCH OR MORE: 1
MIN 0 OR BELOW: 10 1.00 INCH OR MORE: 0
[HDD (BASE 65) ]
TOTAL THIS MO. 1432 CLEAR (SCALE 0-3) 3
DPTR FM NORMAL -273 PTCLDY (SCALE 4-7) 9
TOTAL FM JUL 1 5689 CLOUDY (SCALE 8-10) 19
DPTR FM NORMAL 387
[CDD (BASE 65) ]
TOTAL THIS MO. 0
DPTR FM NORMAL 0 [PRESSURE DATA]
TOTAL FM JAN 1 3 HIGHEST SLP M ON M
DPTR FM NORMAL -3 LOWEST SLP 28.73 ON 9
[REMARKS]
#FINAL-12-21#