000
CXAK56 PAFC 050328
CF6BET
PRELIMINARY LOCAL CLIMATOLOGICAL DATA (WS FORM: F-6)
STATION: BETHEL
MONTH: JUNE
YEAR: 2020
LATITUDE: 60 46 N
LONGITUDE: 161 48 W
TEMPERATURE IN F: :PCPN: SNOW: WIND :SUNSHINE: SKY :PK WND
================================================================================
1 2 3 4 5 6A 6B 7 8 9 10 11 12 13 14 15 16 17 18
12Z AVG MX 2MIN
DY MAX MIN AVG DEP HDD CDD WTR SNW DPTH SPD SPD DIR MIN PSBL S-S WX SPD DR
================================================================================
1 66 45 56 8 9 0 0.00 M M 7.6 17 100 M M 7 23 100
2 66 50 58 10 7 0 0.11 M M 9.9 23 330 M M 7 1 29 330
3 57 46 52 3 13 0 0.00 M M 9.7 18 180 M M 10 18 23 200
4 50 43 47 -2 18 0 0.01 M M 11.5 16 230 M M 10 1 20 210
5 49 43 46 -3 19 0 T M M 7.7 15 210 M M 10 18 210
6 57 42 50 0 15 0 T M M 4.8 13 270 M M 10 16 270
7 59 47 53 3 12 0 0.06 M M 6.7 13 270 M M 8 1 14 290
8 68 44 56 6 9 0 0.13 M M 5.2 21 340 M M 7 12 25 340
9 59 44 52 1 13 0 0.00 M M 12.1 18 330 M M 5 18 24 320
10 63 36 50 -1 15 0 0.00 M M 4.4 12 240 M M 4 8 14 240
11 63 42 53 2 12 0 0.00 M M 8.1 17 200 M M 5 22 190
12 64 49 57 5 8 0 0.03 M M 6.9 13 200 M M 9 1 18 220
13 71 49 60 8 5 0 0.00 M M 6.2 15 200 M M 5 23 210
14 70 52 61 9 4 0 0.46 M M 9.8 24 150 M M 9 1 31 150
15 68 48 58 5 7 0 T M M 8.8 15 220 M M 6 18 220
16 69 51 60 7 5 0 0.00 M M 8.5 16 250 M M 2 20 100
17 71 50 61 8 4 0 0.03 M M 10.1 26 90 M M 6 36 80
18 68 44 56 2 9 0 T M M 7.0 16 20 M M 3 25 310
19 71 49 60 6 5 0 0.02 M M 9.6 24 330 M M 5 1 30 340
20 66 52 59 5 6 0 0.31 M M 10.4 20 110 M M 8 18 26 310
21 64 44 54 0 11 0 T M M 9.0 14 20 M M 5 8 20 10
22 66 45 56 2 9 0 0.00 M M 6.8 15 240 M M 6 12 18 270
23 60 48 54 -1 11 0 0.01 M M 12.7 23 210 M M 9 31 210
24 52 46 49 -6 16 0 0.40 M M 16.1 28 180 M M 10 1 36 180
25 57 45 51 -4 14 0 0.04 M M 5.4 15 270 M M 9 19 270
26 57 41 49 -6 16 0 0.06 M M 10.1 22 190 M M 8 1 26 200
27 52 45 49 -7 16 0 0.15 M M 13.9 24 170 M M 10 1 30 170
28 57 48 53 -3 12 0 0.08 M M 11.7 23 200 M M 10 1 29 200
29 60 45 53 -3 12 0 0.15 M M 11.8 18 250 M M 6 1 24 230
30 56 42 49 -7 16 0 T M M 10.8 23 190 M M 8 1 29 170
================================================================================
SM 1856 1375 328 0 2.05 M 273.3 M 217
================================================================================
AV 61.9 45.8 9.1 FASTST M M 7 MAX(MPH)
MISC ----> 28 180 # 36 80
================================================================================
NOTES:
# LAST OF SEVERAL OCCURRENCES
COLUMN 17 PEAK WIND IN M.P.H.
PRELIMINARY LOCAL CLIMATOLOGICAL DATA (WS FORM: F-6) , PAGE 2
STATION: BETHEL
MONTH: JUNE
YEAR: 2020
LATITUDE: 60 46 N
LONGITUDE: 161 48 W
[TEMPERATURE DATA] [PRECIPITATION DATA] SYMBOLS USED IN COLUMN 16
AVERAGE MONTHLY: 53.9 TOTAL FOR MONTH: 2.05 1 = FOG OR MIST
DPTR FM NORMAL: 1.3 DPTR FM NORMAL: 0.33 2 = FOG REDUCING VISIBILITY
HIGHEST: 71 ON 19,17 GRTST 24HR 0.46 ON 14-14 TO 1/4 MILE OR LESS
LOWEST: 36 ON 10 3 = THUNDER
SNOW, ICE PELLETS, HAIL 4 = ICE PELLETS
TOTAL MONTH: M 5 = HAIL
GRTST 24HR M ON M 6 = FREEZING RAIN OR DRIZZLE
GRTST DEPTH: M ON M 7 = DUSTSTORM OR SANDSTORM:
VSBY 1/2 MILE OR LESS
8 = SMOKE OR HAZE
[NO. OF DAYS WITH] [WEATHER - DAYS WITH] 9 = BLOWING SNOW
X = TORNADO
MAX 32 OR BELOW: 0 0.01 INCH OR MORE: 16
MAX 90 OR ABOVE: 0 0.10 INCH OR MORE: 7
MIN 32 OR BELOW: 0 0.50 INCH OR MORE: 0
MIN 0 OR BELOW: 0 1.00 INCH OR MORE: 0
[HDD (BASE 65) ]
TOTAL THIS MO. 328 CLEAR (SCALE 0-3) 1
DPTR FM NORMAL -50 PTCLDY (SCALE 4-7) 17
TOTAL FM JUL 1 12102 CLOUDY (SCALE 8-10) 12
DPTR FM NORMAL -416
[CDD (BASE 65) ]
TOTAL THIS MO. 0
DPTR FM NORMAL -1 [PRESSURE DATA]
TOTAL FM JAN 1 0 HIGHEST SLP M ON M
DPTR FM NORMAL -1 LOWEST SLP 29.43 ON 20
[REMARKS]
#FINAL-06-20#