000
CXUS51 KCTP 010800
CF6BFD
PRELIMINARY LOCAL CLIMATOLOGICAL DATA (WS FORM: F-6)
STATION: BRADFORD
MONTH: JUNE
YEAR: 2023
LATITUDE: 41 47 N
LONGITUDE: 78 38 W
TEMPERATURE IN F: :PCPN: SNOW: WIND :SUNSHINE: SKY :PK WND
================================================================================
1 2 3 4 5 6A 6B 7 8 9 10 11 12 13 14 15 16 17 18
12Z AVG MX 2MIN
DY MAX MIN AVG DEP HDD CDD WTR SNW DPTH SPD SPD DIR MIN PSBL S-S WX SPD DR
================================================================================
1 86 47 67 7 0 2 0.00 M M 2.9 13 70 M M 0 1 17 80
2 88 53 71 11 0 6 0.00 M M 4.3 15 330 M M 1 3 21 320
3 82 54 68 8 0 3 0.00 M M 6.8 16 30 M M 0 22 40
4 72 46 59 -1 6 0 0.00 M M 6.8 16 340 M M 1 23 60
5 71 40 56 -5 9 0 0.00 M M 4.6 18 330 M M 1 8 22 330
6 75 45 60 -1 5 0 T M M 8.0 23 310 M M 4 18 35 320
7 68 37 53 -8 12 0 0.00 M M 5.6 23 320 M M 8 18 28 320
8 59 35 47 -15 18 0 T M M 3.5 12 320 M M 8 18 16 350
9 64 48 56 -6 9 0 0.09 M M 5.4 22 320 M M 9 128 29 320
10 75 40 58 -4 7 0 0.00 M M 4.1 16 300 M M 3 12 23 300
11 81 49 65 3 0 0 0.05 M M 4.7 14 130 M M 3 1 21 150
12 68 54 61 -1 4 0 0.54 M M 9.2 18 280 M M 10 18 25 280
13 64 49 57 -6 8 0 0.03 M M 5.9 14 260 M M 9 18 19 210
14 64 51 58 -5 7 0 1.13 M M 9.2 20 290 M M 8 1 27 300
15 72 44 58 -5 7 0 T M M 4.3 16 320 M M 6 128 19 290
16 63 56 60 -4 5 0 0.10 M M 3.9 12 330 M M 9 1 15 350
17 73 51 62 -2 3 0 0.00 M M 9.8 22 330 M M 3 18 29 320
18 77 41 59 -5 6 0 0.00 M M 2.7 12 350 M M 0 18 16 350
19 82 48 65 1 0 0 0.00 M M 3.6 15 100 M M 1 128 20 110
20 81 57 69 5 0 4 0.08 M M 4.0 12 110 M M 3 128 15 140
21 79 53 66 1 0 1 0.00 M M 5.6 18 100 M M 2 12 24 90
22 69 56 63 -2 2 0 0.02 M M 7.9 15 120 M M 10 18 20 100
23 70 62 66 1 0 1 0.12 M M 5.3 12 150 M M 10 1 16 140
24 74 61 68 3 0 3 0.59 M M 2.5 12 330 M M 8 12 14 320
25 82 58 70 5 0 5 0.12 M M 3.5 10 240 M M 6 123 16 240
26 80 61 71 5 0 6 0.06 M M 5.3 18 300 M M 6 13 27 200
27 74 61 68 2 0 3 0.11 M M 7.3 17 290 M M 9 18 24 280
28 70 50 60 -6 5 0 0.00 M M 7.5 15 280 M M 9 128 22 320
29 80 43 62 -4 3 0 0.00 M M 2.4 9 230 M M 2 128 13 190
30 83 52 68 2 0 3 0.00 M M 3.4 12 150 M M 2 18 16 150
================================================================================
SM 2226 1502 116 37 3.04 M 160.0 M 151
================================================================================
AV 74.2 50.1 5.3 FASTST M M 5 MAX(MPH)
MISC ----> # 23 310 35 320
================================================================================
NOTES:
# LAST OF SEVERAL OCCURRENCES
COLUMN 17 PEAK WIND IN M.P.H.
PRELIMINARY LOCAL CLIMATOLOGICAL DATA (WS FORM: F-6) , PAGE 2
STATION: BRADFORD
MONTH: JUNE
YEAR: 2023
LATITUDE: 41 47 N
LONGITUDE: 78 38 W
[TEMPERATURE DATA] [PRECIPITATION DATA] SYMBOLS USED IN COLUMN 16
AVERAGE MONTHLY: 62.1 TOTAL FOR MONTH: 3.04 1 = FOG OR MIST
DPTR FM NORMAL: -1.1 DPTR FM NORMAL: -1.14 2 = FOG REDUCING VISIBILITY
HIGHEST: 88 ON 2 GRTST 24HR 1.16 ON 13-14 TO 1/4 MILE OR LESS
LOWEST: 35 ON 8 3 = THUNDER
SNOW, ICE PELLETS, HAIL 4 = ICE PELLETS
TOTAL MONTH: M 5 = HAIL
GRTST 24HR M ON M 6 = FREEZING RAIN OR DRIZZLE
GRTST DEPTH: M ON M 7 = DUSTSTORM OR SANDSTORM:
VSBY 1/2 MILE OR LESS
8 = SMOKE OR HAZE
[NO. OF DAYS WITH] [WEATHER - DAYS WITH] 9 = BLOWING SNOW
X = TORNADO
MAX 32 OR BELOW: 0 0.01 INCH OR MORE: 13
MAX 90 OR ABOVE: 0 0.10 INCH OR MORE: 7
MIN 32 OR BELOW: 0 0.50 INCH OR MORE: 3
MIN 0 OR BELOW: 0 1.00 INCH OR MORE: 1
[HDD (BASE 65) ]
TOTAL THIS MO. 116 CLEAR (SCALE 0-3) 10
DPTR FM NORMAL 7 PTCLDY (SCALE 4-7) 8
TOTAL FM JUL 1 6231 CLOUDY (SCALE 8-10) 12
DPTR FM NORMAL -992
[CDD (BASE 65) ]
TOTAL THIS MO. 37
DPTR FM NORMAL -18 [PRESSURE DATA]
TOTAL FM JAN 1 54 HIGHEST SLP 30.24 ON 21
DPTR FM NORMAL -21 LOWEST SLP 29.39 ON 14
[REMARKS]
#FINAL-06-23#