000
CXUS51 KCTP 010900
CF6BFD
PRELIMINARY LOCAL CLIMATOLOGICAL DATA (WS FORM: F-6)
STATION: BRADFORD
MONTH: DECEMBER
YEAR: 2020
LATITUDE: 41 47 N
LONGITUDE: 78 38 W
TEMPERATURE IN F: :PCPN: SNOW: WIND :SUNSHINE: SKY :PK WND
================================================================================
1 2 3 4 5 6A 6B 7 8 9 10 11 12 13 14 15 16 17 18
12Z AVG MX 2MIN
DY MAX MIN AVG DEP HDD CDD WTR SNW DPTH SPD SPD DIR MIN PSBL S-S WX SPD DR
================================================================================
1 36 29 33 2 32 0 0.27 M M 7.5 17 270 M M 10 1 26 270
2 34 27 31 1 34 0 0.07 M M 13.5 24 290 M M 8 1 35 300
3 39 26 33 3 32 0 0.00 M M 9.1 17 210 M M 3 26 240
4 42 32 37 7 28 0 0.02 M M 6.1 16 230 M M 10 24 240
5 35 29 32 3 33 0 T M M 10.6 21 330 M M 10 18 26 320
6 30 25 28 -1 37 0 T M M 10.3 17 310 M M 10 8 22 300
7 28 24 26 -2 39 0 0.00 M M 10.1 17 330 M M 9 23 330
8 33 23 28 0 37 0 0.00 M M 12.1 22 300 M M 7 30 290
9 35 28 32 4 33 0 0.02 M M 9.2 15 300 M M 10 168 23 290
10 36 28 32 5 33 0 T M M 4.9 12 300 M M 7 18 15 320
11 55 27 41 14 24 0 0.00 M M 4.5 13 220 M M 0 18 19 210
12 54 33 44 17 21 0 0.09 M M 6.8 20 240 M M 7 18 31 210
13 51 33 42 16 23 0 0.01 M M 6.9 16 280 M M 10 8 31 260
14 34 28 31 5 34 0 T M M 9.0 23 300 M M 10 8 35 300
15 29 22 26 0 39 0 T M M 8.2 24 300 M M 7 30 300
16 24 20 22 -3 43 0 0.38 M M 10.4 18 140 M M 8 24 150
17 30 20 25 0 40 0 0.15 M M 4.1 10 320 M M 10 8 14 340
18 25 9 17 -8 48 0 0.00 M M 3.1 9 310 M M 8 18 12 30
19 32 10 21 -3 44 0 0.00 M M 5.4 10 150 M M 9 18 15 190
20 34 30 32 8 33 0 0.12 M M 6.8 12 220 M M 10 18 19 250
21 36 33 35 11 30 0 0.01 M M 5.6 12 220 M M 10 8 23 250
22 35 29 32 8 33 0 0.10 M M 8.8 21 290 M M 10 8 27 300
23 42 22 32 9 33 0 0.00 M M 8.1 18 150 M M 3 18 27 150
24 47 35 41 18 24 0 1.23 M M 10.6 17 160 M M 9 16 28 140
25 35 15 25 2 40 0 0.16 M M 10.0 21 310 M M 10 68 29 240
26 18 13 16 -7 49 0 0.01 M M 9.1 17 240 M M 10 26 230
27 34 18 26 3 39 0 T M M 8.2 16 140 M M 4 8 23 150
28 41 28 35 13 30 0 0.10 M M 10.7 21 310 M M 9 30 270
29 28 11 20 -2 45 0 T M M 8.1 21 280 M M 7 8 27 280
30 42 16 29 7 36 0 0.23 M M 9.4 20 300 M M 8 18 25 150
31 37 27 32 10 33 0 0.08 M M 7.0 18 290 M M 10 8 25 290
================================================================================
SM 1111 750 1079 0 3.05 M 254.2 M 253
================================================================================
AV 35.8 24.2 8.2 FASTST M M 8 MAX(MPH)
MISC ----> # 24 290 # 35 300
================================================================================
NOTES:
# LAST OF SEVERAL OCCURRENCES
COLUMN 17 PEAK WIND IN M.P.H.
PRELIMINARY LOCAL CLIMATOLOGICAL DATA (WS FORM: F-6) , PAGE 2
STATION: BRADFORD
MONTH: DECEMBER
YEAR: 2020
LATITUDE: 41 47 N
LONGITUDE: 78 38 W
[TEMPERATURE DATA] [PRECIPITATION DATA] SYMBOLS USED IN COLUMN 16
AVERAGE MONTHLY: 30.0 TOTAL FOR MONTH: 3.05 1 = FOG OR MIST
DPTR FM NORMAL: 4.4 DPTR FM NORMAL: -0.35 2 = FOG REDUCING VISIBILITY
HIGHEST: 55 ON 11 GRTST 24HR 1.37 ON 24-25 TO 1/4 MILE OR LESS
LOWEST: 9 ON 18 3 = THUNDER
SNOW, ICE PELLETS, HAIL 4 = ICE PELLETS
TOTAL MONTH: M 5 = HAIL
GRTST 24HR M ON M 6 = FREEZING RAIN OR DRIZZLE
GRTST DEPTH: M ON M 7 = DUSTSTORM OR SANDSTORM:
VSBY 1/2 MILE OR LESS
8 = SMOKE OR HAZE
[NO. OF DAYS WITH] [WEATHER - DAYS WITH] 9 = BLOWING SNOW
X = TORNADO
MAX 32 OR BELOW: 9 0.01 INCH OR MORE: 17
MAX 90 OR ABOVE: 0 0.10 INCH OR MORE: 9
MIN 32 OR BELOW: 27 0.50 INCH OR MORE: 1
MIN 0 OR BELOW: 0 1.00 INCH OR MORE: 1
[HDD (BASE 65) ]
TOTAL THIS MO. 1079 CLEAR (SCALE 0-3) 2
DPTR FM NORMAL -142 PTCLDY (SCALE 4-7) 11
TOTAL FM JUL 1 2434 CLOUDY (SCALE 8-10) 18
DPTR FM NORMAL -466
[CDD (BASE 65) ]
TOTAL THIS MO. 0
DPTR FM NORMAL 0 [PRESSURE DATA]
TOTAL FM JAN 1 395 HIGHEST SLP 30.53 ON 29
DPTR FM NORMAL 202 LOWEST SLP 29.39 ON 25
[REMARKS]
#FINAL-12-20#