000
CXUS54 KAMA 011545
CF6BGD
PRELIMINARY LOCAL CLIMATOLOGICAL DATA (WS FORM: F-6)
STATION: BORGER
MONTH: JANUARY
YEAR: 2022
LATITUDE: 35 42 N
LONGITUDE: 101 24 W
TEMPERATURE IN F: :PCPN: SNOW: WIND :SUNSHINE: SKY :PK WND
================================================================================
1 2 3 4 5 6A 6B 7 8 9 10 11 12 13 14 15 16 17 18
12Z AVG MX 2MIN
DY MAX MIN AVG DEP HDD CDD WTR SNW DPTH SPD SPD DIR MIN PSBL S-S WX SPD DR
================================================================================
1 55 11 33 -6 32 0 0.07 M M 16.3 24 350 M M 9 168 33 360
2 45 9 27 -12 38 0 0.00 M M 7.8 17 250 M M 0 22 270
3 60 24 42 3 23 0 0.00 M M 10.7 22 190 M M 0 33 200
4 67 40 54 15 11 0 0.00 M M 10.4 21 230 M M 0 32 230
5 51 27 39 0 26 0 0.00 M M 9.7 22 180 M M 0 30 190
6 27 10 19 -20 46 0 T M M 11.2 26 20 M M 4 34 20
7 56 17 37 -2 28 0 0.00 M M 15.1 29 170 M M 0 43 170
8 74 43 59 20 6 0 0.00 M M 14.9 26 240 M M 0 39 200
9 47 29 38 -2 27 0 0.00 M M 9.0 22 20 M M 0 35 10
10 57 23 40 0 25 0 0.00 M M 4.8 13 250 M M 0 15 250
11 65 32 49 9 16 0 0.00 M M 10.9 24 230 M M 0 35 210
12 66 26 46 6 19 0 0.00 M M 5.1 14 280 M M 0 18 280
13 70 31 51 11 14 0 0.00 M M 4.8 12 170 M M 0 15 160
14 64 38 51 11 14 0 0.00 M M 17.2 44 10 M M 4 8 63 10
15 42 26 34 -6 31 0 0.00 M M 15.9 36 360 M M 0 52 330
16 66 19 43 3 22 0 0.00 M M 6.2 15 10 M M 0 21 340
17 65 26 46 6 19 0 0.00 M M 9.2 23 220 M M 0 37 220
18 70 32 51 11 14 0 0.00 M M 4.7 10 350 M M 0 14 200
19 46 19 33 -7 32 0 T M M 16.1 29 20 M M 6 41 30
20 26 14 20 -20 45 0 0.01 M M 8.2 18 20 M M 6 18 23 20
21 43 17 30 -10 35 0 0.00 M M 11.2 18 180 M M 0 29 190
22 50 20 35 -5 30 0 0.00 M M 4.9 12 250 M M 0 17 250
23 59 28 44 3 21 0 0.00 M M 5.9 12 250 M M 0 16 250
24 62 26 44 3 21 0 0.00 M M 8.8 21 20 M M 0 28 20
25 47 23 35 -6 30 0 0.00 M M 10.5 22 50 M M 2 31 50
26 35 20 28 -13 37 0 T M M 8.7 15 200 M M 7 18 23 200
27 49 23 36 -5 29 0 0.00 M M 9.8 26 20 M M 2 37 10
28 54 22 38 -3 27 0 0.00 M M 9.0 20 330 M M 0 27 340
29 68 30 49 8 16 0 0.00 M M 7.8 17 250 M M 0 21 270
30 65 23 44 3 21 0 0.00 M M 6.7 15 170 M M 0 21 190
31 70 27 49 8 16 0 0.00 M M 10.1 21 180 M M 0 31 190
================================================================================
SM 1721 755 771 0 0.08 M 301.6 M 40
================================================================================
AV 55.5 24.4 9.7 FASTST M M 1 MAX(MPH)
MISC ----> 44 10 63 10
================================================================================
NOTES:
# LAST OF SEVERAL OCCURRENCES
COLUMN 17 PEAK WIND IN M.P.H.
PRELIMINARY LOCAL CLIMATOLOGICAL DATA (WS FORM: F-6) , PAGE 2
STATION: BORGER
MONTH: JANUARY
YEAR: 2022
LATITUDE: 35 42 N
LONGITUDE: 101 24 W
[TEMPERATURE DATA] [PRECIPITATION DATA] SYMBOLS USED IN COLUMN 16
AVERAGE MONTHLY: 39.9 TOTAL FOR MONTH: 0.08 1 = FOG OR MIST
DPTR FM NORMAL: -0.2 DPTR FM NORMAL: -0.50 2 = FOG REDUCING VISIBILITY
HIGHEST: 74 ON 8 GRTST 24HR 0.23 ON 26-26 TO 1/4 MILE OR LESS
LOWEST: 9 ON 2 3 = THUNDER
SNOW, ICE PELLETS, HAIL 4 = ICE PELLETS
TOTAL MONTH: M 5 = HAIL
GRTST 24HR M ON M 6 = FREEZING RAIN OR DRIZZLE
GRTST DEPTH: M ON M 7 = DUSTSTORM OR SANDSTORM:
VSBY 1/2 MILE OR LESS
8 = SMOKE OR HAZE
[NO. OF DAYS WITH] [WEATHER - DAYS WITH] 9 = BLOWING SNOW
X = TORNADO
MAX 32 OR BELOW: 2 0.01 INCH OR MORE: 2
MAX 90 OR ABOVE: 0 0.10 INCH OR MORE: 0
MIN 32 OR BELOW: 28 0.50 INCH OR MORE: 0
MIN 0 OR BELOW: 0 1.00 INCH OR MORE: 0
[HDD (BASE 65) ]
TOTAL THIS MO. 771 CLEAR (SCALE 0-3) 25
DPTR FM NORMAL -2 PTCLDY (SCALE 4-7) 5
TOTAL FM JUL 1 1622 CLOUDY (SCALE 8-10) 1
DPTR FM NORMAL -594
[CDD (BASE 65) ]
TOTAL THIS MO. 0
DPTR FM NORMAL 0 [PRESSURE DATA]
TOTAL FM JAN 1 0 HIGHEST SLP 30.70 ON 10
DPTR FM NORMAL 0 LOWEST SLP 29.43 ON 1
[REMARKS]
#FINAL-01-22#