000
CXUS51 KBGM 010800
CF6BGM
PRELIMINARY LOCAL CLIMATOLOGICAL DATA (WS FORM: F-6)
STATION: BINGHAMTON NY
MONTH: JUNE
YEAR: 2020
LATITUDE: 42 13 N
LONGITUDE: 75 59 W
TEMPERATURE IN F: :PCPN: SNOW: WIND :SUNSHINE: SKY :PK WND
================================================================================
1 2 3 4 5 6A 6B 7 8 9 10 11 12 13 14 15 16 17 18
12Z AVG MX 2MIN
DY MAX MIN AVG DEP HDD CDD WTR SNW DPTH SPD SPD DIR MIN PSBL S-S WX SPD DR
================================================================================
1 65 39 52 -9 13 0 0.00 0.0 0 7.8 20 290 M M 3 30 270
2 62 50 56 -5 9 0 0.21 0.0 0 7.0 13 240 M M 7 18 18 210
3 77 54 66 5 0 1 0.09 0.0 0 7.6 17 320 M M 6 13 24 280
4 81 57 69 7 0 4 0.13 0.0 0 7.2 18 190 M M 3 12 24 190
5 81 63 72 10 0 7 T 0.0 0 5.8 12 220 M M 6 17 230
6 76 55 66 4 0 1 0.01 0.0 0 10.0 22 320 M M 3 29 330
7 67 50 59 -3 6 0 0.00 0.0 0 9.5 20 340 M M 3 25 340
8 72 46 59 -4 6 0 0.00 0.0 0 6.1 15 360 M M 0 20 330
9 86 54 70 7 0 5 0.00 0.0 0 4.9 13 260 M M 1 16 250
10 83 65 74 11 0 9 0.31 0.0 0 8.3 18 190 M M 3 13 32 200
11 76 60 68 4 0 3 0.49 0.0 0 10.2 25 200 M M 6 13 37 190
12 70 49 60 -4 5 0 0.00 0.0 0 9.9 17 350 M M 2 23 300
13 60 42 51 -13 14 0 0.00 0.0 0 8.6 16 350 M M 1 24 360
14 62 39 51 -13 14 0 0.00 0.0 0 5.8 14 70 M M 3 23 80
15 71 43 57 -7 8 0 0.00 0.0 0 4.4 13 360 M M 0 17 20
16 75 49 62 -3 3 0 0.00 0.0 0 4.7 12 90 M M 0 20 80
17 80 53 67 2 0 2 0.00 0.0 0 3.3 12 110 M M 0 16 140
18 80 57 69 4 0 4 1.60 0.0 0 6.5 17 360 M M 2 13 19 360
19 78 60 69 3 0 4 T 0.0 0 4.3 13 230 M M 5 123 17 230
20 81 61 71 5 0 6 T 0.0 0 4.5 12 160 M M 2 3 16 140
21 81 61 71 5 0 6 T 0.0 0 6.0 13 250 M M 1 18 180
22 84 64 74 8 0 9 0.00 0.0 0 5.8 10 210 M M 2 14 190
23 82 65 74 8 0 9 T 0.0 0 7.3 17 220 M M 6 24 220
24 75 59 67 0 0 2 0.01 0.0 0 9.4 18 290 M M 5 27 290
25 75 55 65 -2 0 0 0.15 0.0 0 7.2 15 330 M M 3 13 20 310
26 77 56 67 0 0 2 0.00 0.0 0 6.5 15 260 M M 2 19 270
27 75 58 67 0 0 2 0.66 0.0 0 6.6 17 320 M M 5 1 23 310
28 79 63 71 4 0 6 0.17 0.0 0 7.4 17 340 M M 2 13 21 340
29 80 60 70 3 0 5 0.01 0.0 0 9.2 21 360 M M 2 26 360
30 76 61 69 1 0 4 0.18 0.0 0 7.5 15 340 M M 8 1 19 340
================================================================================
SM 2267 1648 78 91 4.02 0.0 209.3 M 92
================================================================================
AV 75.6 54.9 7.0 FASTST M M 3 MAX(MPH)
MISC ----> # 25 200 # 37 190
================================================================================
NOTES:
# LAST OF SEVERAL OCCURRENCES
COLUMN 17 PEAK WIND IN M.P.H.
PRELIMINARY LOCAL CLIMATOLOGICAL DATA (WS FORM: F-6) , PAGE 2
STATION: BINGHAMTON NY
MONTH: JUNE
YEAR: 2020
LATITUDE: 42 13 N
LONGITUDE: 75 59 W
[TEMPERATURE DATA] [PRECIPITATION DATA] SYMBOLS USED IN COLUMN 16
AVERAGE MONTHLY: 65.3 TOTAL FOR MONTH: 4.02 1 = FOG OR MIST
DPTR FM NORMAL: 0.8 DPTR FM NORMAL: -0.29 2 = FOG REDUCING VISIBILITY
HIGHEST: 86 ON 9 GRTST 24HR 1.60 ON 18-18 TO 1/4 MILE OR LESS
LOWEST: 39 ON 14, 1 3 = THUNDER
SNOW, ICE PELLETS, HAIL 4 = ICE PELLETS
TOTAL MONTH: 0.0 INCH 5 = HAIL
GRTST 24HR 0.0 6 = FREEZING RAIN OR DRIZZLE
GRTST DEPTH: 0 7 = DUSTSTORM OR SANDSTORM:
VSBY 1/2 MILE OR LESS
8 = SMOKE OR HAZE
[NO. OF DAYS WITH] [WEATHER - DAYS WITH] 9 = BLOWING SNOW
X = TORNADO
MAX 32 OR BELOW: 0 0.01 INCH OR MORE: 13
MAX 90 OR ABOVE: 0 0.10 INCH OR MORE: 9
MIN 32 OR BELOW: 0 0.50 INCH OR MORE: 2
MIN 0 OR BELOW: 0 1.00 INCH OR MORE: 1
[HDD (BASE 65) ]
TOTAL THIS MO. 78 CLEAR (SCALE 0-3) 20
DPTR FM NORMAL -13 PTCLDY (SCALE 4-7) 9
TOTAL FM JUL 1 6882 CLOUDY (SCALE 8-10) 1
DPTR FM NORMAL -313
[CDD (BASE 65) ]
TOTAL THIS MO. 91
DPTR FM NORMAL 17 [PRESSURE DATA]
TOTAL FM JAN 1 118 HIGHEST SLP 30.47 ON 15
DPTR FM NORMAL 21 LOWEST SLP 29.60 ON 3
[REMARKS]
#FINAL-06-20#