000
CXUS51 KCAR 010700
CF6BGR
PRELIMINARY LOCAL CLIMATOLOGICAL DATA (WS FORM: F-6)
STATION: BANGOR ME
MONTH: AUGUST
YEAR: 2023
LATITUDE: 44 47 N
LONGITUDE: 68 49 W
TEMPERATURE IN F: :PCPN: SNOW: WIND :SUNSHINE: SKY :PK WND
================================================================================
1 2 3 4 5 6A 6B 7 8 9 10 11 12 13 14 15 16 17 18
12Z AVG MX 2MIN
DY MAX MIN AVG DEP HDD CDD WTR SNW DPTH SPD SPD DIR MIN PSBL S-S WX SPD DR
================================================================================
1 75 51 63 -7 2 0 0.00 0.0 0 5.8 18 330 M M 4 1 23 290
2 76 47 62 -8 3 0 0.00 0.0 0 3.7 13 320 M M 2 1 16 300
3 77 51 64 -6 1 0 0.00 0.0 0 10.5 24 170 M M 8 1 36 180
4 66 62 64 -6 1 0 0.13 0.0 0 11.9 22 180 M M 10 1 34 170
5 78 62 70 0 0 5 0.04 0.0 0 5.1 13 320 M M 7 13 21 310
6 81 59 70 0 0 5 0.00 0.0 0 9.0 24 320 M M 2 8 30 300
7 79 53 66 -4 0 1 0.05 0.0 0 4.0 14 190 M M 8 1 18 200
8 66 62 64 -5 1 0 3.56 0.0 0 8.1 18 120 M M 10 13 25 120
9 73 62 68 -1 0 3 0.00 0.0 0 9.8 24 320 M M 7 1 37 330
10 82 59 71 2 0 6 T 0.0 0 6.9 23 360 M M 4 3 29 10
11 76 63 70 1 0 5 0.30 0.0 0 8.1 18 320 M M 6 1 31 260
12 80 59 70 1 0 5 0.00 0.0 0 7.0 16 180 M M 5 21 190
13 79 62 71 2 0 6 0.37 0.0 0 5.8 23 330 M M 8 123 30 330
14 80 60 70 1 0 5 T 0.0 0 5.8 15 310 M M 6 12 22 300
15 77 60 69 0 0 4 0.01 0.0 0 2.5 8 190 M M 7 1 11 130
16 78 59 69 1 0 4 0.00 0.0 0 5.6 15 200 M M 6 1 21 190
17 72 63 68 0 0 3 T 0.0 0 6.3 13 140 M M 10 1 16 130
18 72 65 69 1 0 4 0.10 0.0 0 7.8 23 170 M M 10 1 34 150
19 75 62 69 1 0 4 0.03 0.0 0 5.5 15 240 M M 7 12 23 240
20 80 60 70 2 0 5 0.15 0.0 0 6.0 17 320 M M 6 1 24 330
21 84 61 73 5 0 8 0.04 0.0 0 6.8 18 350 M M 9 1 24 340
22 77 51 64 -4 1 0 0.00 0.0 0 7.0 22 20 M M 4 27 360
23 77 47 62 -5 3 0 0.00 0.0 0 3.3 13 270 M M 1 19 300
24 80 52 66 -1 0 1 0.00 0.0 0 3.9 15 170 M M 4 19 180
25 64 58 61 -6 4 0 0.97 0.0 0 11.2 22 160 M M 10 1 35 170
26 79 64 72 5 0 7 0.11 0.0 0 4.7 12 10 M M 9 12 16 170
27 78 58 68 2 0 3 0.00 0.0 0 6.0 16 360 M M 7 1 21 10
28 79 53 66 0 0 1 0.00 0.0 0 4.2 18 180 M M 5 12 24 160
29 76 62 69 3 0 4 0.01 0.0 0 7.4 17 200 M M 8 1 22 190
30 73 62 68 2 0 3 0.35 0.0 0 3.6 12 270 M M 8 1 15 260
31 71 48 60 -5 5 0 0.00 0.0 0 11.7 26 340 M M 2 39 320
================================================================================
SM 2360 1797 21 92 6.22 0.0 205.0 M 200
================================================================================
AV 76.1 58.0 6.6 FASTST M M 6 MAX(MPH)
MISC ----> 26 340 39 320
================================================================================
NOTES:
# LAST OF SEVERAL OCCURRENCES
COLUMN 17 PEAK WIND IN M.P.H.
PRELIMINARY LOCAL CLIMATOLOGICAL DATA (WS FORM: F-6) , PAGE 2
STATION: BANGOR ME
MONTH: AUGUST
YEAR: 2023
LATITUDE: 44 47 N
LONGITUDE: 68 49 W
[TEMPERATURE DATA] [PRECIPITATION DATA] SYMBOLS USED IN COLUMN 16
AVERAGE MONTHLY: 67.0 TOTAL FOR MONTH: 6.22 1 = FOG OR MIST
DPTR FM NORMAL: -1.2 DPTR FM NORMAL: 3.16 2 = FOG REDUCING VISIBILITY
HIGHEST: 84 ON 21 GRTST 24HR 3.61 ON 7- 8 TO 1/4 MILE OR LESS
LOWEST: 47 ON 23, 2 3 = THUNDER
SNOW, ICE PELLETS, HAIL 4 = ICE PELLETS
TOTAL MONTH: 0.0 INCH 5 = HAIL
GRTST 24HR 0.0 6 = FREEZING RAIN OR DRIZZLE
GRTST DEPTH: 0 7 = DUSTSTORM OR SANDSTORM:
VSBY 1/2 MILE OR LESS
8 = SMOKE OR HAZE
[NO. OF DAYS WITH] [WEATHER - DAYS WITH] 9 = BLOWING SNOW
X = TORNADO
MAX 32 OR BELOW: 0 0.01 INCH OR MORE: 15
MAX 90 OR ABOVE: 0 0.10 INCH OR MORE: 9
MIN 32 OR BELOW: 0 0.50 INCH OR MORE: 2
MIN 0 OR BELOW: 0 1.00 INCH OR MORE: 1
[HDD (BASE 65) ]
TOTAL THIS MO. 21 CLEAR (SCALE 0-3) 4
DPTR FM NORMAL -5 PTCLDY (SCALE 4-7) 20
TOTAL FM JUL 1 21 CLOUDY (SCALE 8-10) 7
DPTR FM NORMAL -17
[CDD (BASE 65) ]
TOTAL THIS MO. 92
DPTR FM NORMAL -33 [PRESSURE DATA]
TOTAL FM JAN 1 394 HIGHEST SLP 30.18 ON 2
DPTR FM NORMAL 48 LOWEST SLP 29.41 ON 9
[REMARKS]
#FINAL-08-23#