000
CXUS51 KCAR 032247
CLMBGR
CLIMATE REPORT
NATIONAL WEATHER SERVICE CARIBOU ME
647 PM EDT THU AUG 03 2023
...................................
...THE BANGOR ME CLIMATE SUMMARY FOR THE MONTH OF JULY 2023...
CLIMATE NORMAL PERIOD: 1991 TO 2020
CLIMATE RECORD PERIOD: 1925 TO 2023
WEATHER OBSERVED NORMAL DEPART LAST YEAR`S
VALUE DATE(S) VALUE FROM VALUE DATE(S)
NORMAL
................................................................
TEMPERATURE (F)
RECORD
HIGH 99 07/14/1995
07/30/1949
07/04/1949
LOW 37 07/16/1946
HIGHEST 92 07/06 MM MM 92 07/23
LOWEST 54 07/31 MM MM 48 07/07
07/10
AVG. MAXIMUM 82.0 80.4 1.6 84.1
AVG. MINIMUM 64.0 58.6 5.4 58.9
MEAN 73.0 69.5 3.5 71.5
DAYS MAX >= 90 2 2.2 -0.2 3
DAYS MAX <= 32 0 0.0 0.0 0
DAYS MIN <= 32 0 0.0 0.0 0
DAYS MIN <= 0 0 0.0 0.0 0
PRECIPITATION (INCHES)
RECORD
MAXIMUM 7.67 2021
MINIMUM 0.27 1952
TOTALS 3.98 0.82
DAILY AVG. 0.13 0.10 0.03 0.08
DAYS >= .01 11 10.9 0.1 9
DAYS >= .10 7 6.8 0.2 6
DAYS >= .50 2 2.2 -0.2 1
DAYS >= 1.00 2 0.7 1.3 1
GREATEST
24 HR. TOTAL 1.49 07/16 TO 07/17 1.34 07/18 TO 07/19
SNOWFALL (INCHES)
RECORDS
TOTAL MM MM
TOTALS 0.0 0.0 0.0 0.0
SINCE 7/1 0.0 0.0 0.0 MM
SNOWDEPTH AVG. 0 0
DAYS >= 1.0 0 0.0 0.0 0
GREATEST
SNOW DEPTH 0 0 MM
24 HR TOTAL 0.0 MM
DEGREE DAYS
HEATING TOTAL 0 16 -16 3
SINCE 7/1 0 11 -11 MM
COOLING TOTAL 256 156 100 212
SINCE 1/1 302 221 81 MM
................................................................
WIND (MPH)
AVERAGE WIND SPEED 6.2
HIGHEST WIND SPEED/DIRECTION 23/310 DATE 07/31
HIGHEST GUST SPEED/DIRECTION 35/300 DATE 07/31
SKY COVER
POSSIBLE SUNSHINE (PERCENT) MM
AVERAGE SKY COVER 0.68
NUMBER OF DAYS FAIR 3
NUMBER OF DAYS PC 13
NUMBER OF DAYS CLOUDY 15
AVERAGE RH (PERCENT) 81
WEATHER CONDITIONS. NUMBER OF DAYS WITH
THUNDERSTORM 3 MIXED PRECIP 0
HEAVY RAIN 5 RAIN 7
LIGHT RAIN 13 FREEZING RAIN 0
LT FREEZING RAIN 0 HAIL 0
HEAVY SNOW 0 SNOW 0
LIGHT SNOW 0 SLEET 0
FOG 26 FOG W/VIS <= 1/4 MILE 5
HAZE 2
- INDICATES NEGATIVE NUMBERS.
* INDICATES RECORD WAS SET OR TIED.
MM INDICATES DATA IS MISSING.
T INDICATES TRACE AMOUNT.
$$