000
CXUS55 KBYZ 011100
CF6BHK
PRELIMINARY LOCAL CLIMATOLOGICAL DATA (WS FORM: F-6)
STATION: BAKER MT
MONTH: DECEMBER
YEAR: 2023
LATITUDE: 46 20 N
LONGITUDE: 104 15 W
TEMPERATURE IN F: :PCPN: SNOW: WIND :SUNSHINE: SKY :PK WND
================================================================================
1 2 3 4 5 6A 6B 7 8 9 10 11 12 13 14 15 16 17 18
12Z AVG MX 2MIN
DY MAX MIN AVG DEP HDD CDD WTR SNW DPTH SPD SPD DIR MIN PSBL S-S WX SPD DR
================================================================================
1 38 17 28 3 37 0 0.00 M M 8.0 20 160 M M 5 25 150
2 43 15 29 5 36 0 T M M 9.2 20 270 M M 1 27 250
3 39 23 31 7 34 0 T M M 11.5 28 300 M M 2 39 290
4 44 17 31 7 34 0 T M M 16.7 40 320 M M 4 56 310
5 57 15 36 12 29 0 0.00 M M 7.3 18 240 M M 5 26 240
6 58 30 44 21 21 0 0.00 M M 8.3 17 250 M M 0 23 250
7 54 22 38 15 27 0 0.16 M M 13.2 36 310 M M 4 1 49 310
8 35 23 29 7 36 0 0.02 M M 19.9 31 310 M M 8 1 44 310
9 31 12 22 0 43 0 T M M 7.8 21 290 M M 2 1 26 290
10 37 13 25 3 40 0 0.00 M M 7.9 15 280 M M 3 20 270
11 35 14 25 3 40 0 0.00 M M 11.1 17 310 M M 3 24 310
12 38 8 23 2 42 0 0.00 M M 8.9 23 220 M M 4 29 230
13 47 13 30 9 35 0 0.00 M M 3.4 14 220 M M 0 1 19 210
14 42 20 31 10 34 0 0.00 M M 6.5 16 280 M M 2 21 250
15 29 16 23 3 42 0 0.00 M M 7.5 17 280 M M 3 1 23 280
16 48 14 31 11 34 0 0.00 M M 9.2 22 270 M M 2 1 29 260
17 40 14 27 7 38 0 0.00 M M 9.1 26 320 M M 2 36 330
18 50 10 30 10 35 0 0.00 M M 5.6 14 210 M M 0 18 130
19 51 25 38 18 27 0 0.00 M M 3.3 14 110 M M 3 15 120
20 51 23 37 18 28 0 0.00 M M 7.0 14 140 M M 1 17 120
21 52 25 39 20 26 0 0.00 M M 3.9 14 290 M M 2 16 280
22 54 23 39 20 26 0 0.00 M M 4.0 14 260 M M 0 18 260
23 42 21 32 13 33 0 T M M 12.6 31 320 M M 3 1 40 310
24 28 13 21 2 44 0 T M M 10.7 21 320 M M 2 1 28 320
25 29 8 19 0 46 0 0.00 M M 5.0 12 300 M M 1 16 300
26 34 17 26 8 39 0 0.00 M M 6.7 12 310 M M 6 15 310
27 40 12 26 8 39 0 0.00 M M 3.8 12 280 M M 0 15 290
28 49 10 30 12 35 0 0.00 M M 4.7 15 270 M M 0 19 260
29 45 17 31 13 34 0 0.00 M M 6.6 20 270 M M 1 23 270
30 39 11 25 7 40 0 0.00 M M 3.7 10 150 M M 0 13 10
31 36 9 23 5 42 0 0.00 M M 10.4 24 150 M M 0 31 150
================================================================================
SM 1315 510 1096 0 0.18 M 253.5 M 69
================================================================================
AV 42.4 16.5 8.2 FASTST M M 2 MAX(MPH)
MISC ----> 40 320 56 310
================================================================================
NOTES:
# LAST OF SEVERAL OCCURRENCES
COLUMN 17 PEAK WIND IN M.P.H.
PRELIMINARY LOCAL CLIMATOLOGICAL DATA (WS FORM: F-6) , PAGE 2
STATION: BAKER MT
MONTH: DECEMBER
YEAR: 2023
LATITUDE: 46 20 N
LONGITUDE: 104 15 W
[TEMPERATURE DATA] [PRECIPITATION DATA] SYMBOLS USED IN COLUMN 16
AVERAGE MONTHLY: 29.4 TOTAL FOR MONTH: 0.18 1 = FOG OR MIST
DPTR FM NORMAL: 8.7 DPTR FM NORMAL: -0.00 2 = FOG REDUCING VISIBILITY
HIGHEST: 58 ON 6 GRTST 24HR 0.18 ON 7- 8 TO 1/4 MILE OR LESS
LOWEST: 8 ON 25,12 3 = THUNDER
SNOW, ICE PELLETS, HAIL 4 = ICE PELLETS
TOTAL MONTH: M 5 = HAIL
GRTST 24HR M ON M 6 = FREEZING RAIN OR DRIZZLE
GRTST DEPTH: M ON M 7 = DUSTSTORM OR SANDSTORM:
VSBY 1/2 MILE OR LESS
8 = SMOKE OR HAZE
[NO. OF DAYS WITH] [WEATHER - DAYS WITH] 9 = BLOWING SNOW
X = TORNADO
MAX 32 OR BELOW: 4 0.01 INCH OR MORE: 2
MAX 90 OR ABOVE: 0 0.10 INCH OR MORE: 1
MIN 32 OR BELOW: 31 0.50 INCH OR MORE: 0
MIN 0 OR BELOW: 0 1.00 INCH OR MORE: 0
[HDD (BASE 65) ]
TOTAL THIS MO. 1096 CLEAR (SCALE 0-3) 22
DPTR FM NORMAL -277 PTCLDY (SCALE 4-7) 9
TOTAL FM JUL 1 2883 CLOUDY (SCALE 8-10) 0
DPTR FM NORMAL -463
[CDD (BASE 65) ]
TOTAL THIS MO. 0
DPTR FM NORMAL 0 [PRESSURE DATA]
TOTAL FM JAN 1 484 HIGHEST SLP 30.48 ON 15
DPTR FM NORMAL 16 LOWEST SLP 29.38 ON 7
[REMARKS]
#FINAL-12-23#