000
CXUS54 KBMX 011010
CF6BHM
PRELIMINARY LOCAL CLIMATOLOGICAL DATA (WS FORM: F-6)
STATION: BIRMINGHAM
MONTH: JUNE
YEAR: 2021
LATITUDE: 33 34 N
LONGITUDE: 86 45 W
TEMPERATURE IN F: :PCPN: SNOW: WIND :SUNSHINE: SKY :PK WND
================================================================================
1 2 3 4 5 6A 6B 7 8 9 10 11 12 13 14 15 16 17 18
12Z AVG MX 2MIN
DY MAX MIN AVG DEP HDD CDD WTR SNW DPTH SPD SPD DIR MIN PSBL S-S WX SPD DR
================================================================================
1 87 67 77 1 0 12 0.00 0.0 0 7.6 16 180 M M 8 20 170
2 86 69 78 2 0 13 0.06 0.0 0 6.5 20 210 M M 9 25 190
3 85 68 77 1 0 12 0.05 0.0 0 7.4 16 130 M M 8 3 23 130
4 84 65 75 -1 0 10 0.00 0.0 0 2.3 9 180 M M 7 11 180
5 87 71 79 3 0 14 0.01 0.0 0 3.1 12 130 M M 8 15 140
6 76 69 73 -4 0 8 1.03 0.0 0 5.4 13 110 M M 9 123 19 80
7 86 70 78 1 0 13 0.17 0.0 0 7.5 17 170 M M 8 13 22 170
8 85 70 78 1 0 13 0.21 0.0 0 5.7 22 180 M M 8 13 30 170
9 85 70 78 1 0 13 0.63 0.0 M 5.4 32 290 M M 9 138 41 290
10 82 69 76 -1 0 11 0.39 0.0 0 6.1 18 260 M M 8 1 23 250
11 80 71 76 -2 0 11 0.11 0.0 0 4.7 18 240 M M 9 1 22 240
12 91 71 81 3 0 16 0.00 0.0 0 4.6 15 330 M M 8 18 21 320
13 93 69 81 3 0 16 0.00 0.0 0 3.6 13 20 M M 4 1 17 10
14 94 71 83 5 0 18 0.32 0.0 M 4.2 13 340 M M 3 13 17 320
15 89 66 78 0 0 13 0.00 0.0 0 5.6 18 10 M M 1 18 22 360
16 87 62 75 -4 0 10 0.00 0.0 0 5.4 18 360 M M 1 23 360
17 89 62 76 -3 0 11 0.00 0.0 0 2.9 13 40 M M 1 15 20
18 90 64 77 -2 0 12 0.00 0.0 0 4.7 17 200 M M 5 22 190
19 77 69 73 -6 0 8 4.36 0.0 M 9.5 21 40 M M 10 13 28 40
20 89 69 79 0 0 14 0.19 0.0 0 8.4 16 330 M M 6 1 22 330
21 86 72 79 0 0 14 0.02 0.0 0 8.2 21 200 M M 9 3 24 200
22 81 64 73 -7 0 8 0.08 0.0 0 5.6 16 340 M M 7 1 20 340
23 87 60 74 -6 0 9 0.00 0.0 0 4.0 9 350 M M 3 14 90
24 88 70 79 -1 0 14 0.00 0.0 0 7.2 13 140 M M 4 18 160
25 87 72 80 0 0 15 0.00 0.0 0 7.1 14 180 M M 5 20 130
26 88 71 80 0 0 15 0.00 0.0 0 5.9 14 180 M M 3 19 140
27 90 73 82 2 0 17 0.01 0.0 0 6.9 26 150 M M 4 3 38 150
28 90 72 81 1 0 16 0.00 0.0 0 4.3 14 140 M M 4 18 130
29 85 71 78 -2 0 13 0.76 0.0 0 3.5 13 200 M M 8 18 17 180
30 89 70 80 0 0 15 0.06 0.0 0 4.2 14 170 M M 5 3 17 170
================================================================================
SM 2593 2057 0 384 8.46 0.0 167.5 M 182
================================================================================
AV 86.4 68.6 5.6 FASTST M M 6 MAX(MPH)
MISC ----> 32 290 41 290
================================================================================
NOTES:
# LAST OF SEVERAL OCCURRENCES
COLUMN 17 PEAK WIND IN M.P.H.
PRELIMINARY LOCAL CLIMATOLOGICAL DATA (WS FORM: F-6) , PAGE 2
STATION: BIRMINGHAM
MONTH: JUNE
YEAR: 2021
LATITUDE: 33 34 N
LONGITUDE: 86 45 W
[TEMPERATURE DATA] [PRECIPITATION DATA] SYMBOLS USED IN COLUMN 16
AVERAGE MONTHLY: 77.5 TOTAL FOR MONTH: 8.46 1 = FOG OR MIST
DPTR FM NORMAL: -0.8 DPTR FM NORMAL: 3.68 2 = FOG REDUCING VISIBILITY
HIGHEST: 94 ON 14 GRTST 24HR 4.55 ON 19-20 TO 1/4 MILE OR LESS
LOWEST: 60 ON 23 3 = THUNDER
SNOW, ICE PELLETS, HAIL 4 = ICE PELLETS
TOTAL MONTH: 0.0 INCH 5 = HAIL
GRTST 24HR 0.0 6 = FREEZING RAIN OR DRIZZLE
GRTST DEPTH: 0 7 = DUSTSTORM OR SANDSTORM:
VSBY 1/2 MILE OR LESS
8 = SMOKE OR HAZE
[NO. OF DAYS WITH] [WEATHER - DAYS WITH] 9 = BLOWING SNOW
X = TORNADO
MAX 32 OR BELOW: 0 0.01 INCH OR MORE: 17
MAX 90 OR ABOVE: 6 0.10 INCH OR MORE: 10
MIN 32 OR BELOW: 0 0.50 INCH OR MORE: 4
MIN 0 OR BELOW: 0 1.00 INCH OR MORE: 2
[HDD (BASE 65) ]
TOTAL THIS MO. 0 CLEAR (SCALE 0-3) 4
DPTR FM NORMAL 0 PTCLDY (SCALE 4-7) 19
TOTAL FM JUL 1 2340 CLOUDY (SCALE 8-10) 7
DPTR FM NORMAL -193
[CDD (BASE 65) ]
TOTAL THIS MO. 384
DPTR FM NORMAL -15 [PRESSURE DATA]
TOTAL FM JAN 1 671 HIGHEST SLP 30.22 ON 29
DPTR FM NORMAL -54 LOWEST SLP 29.74 ON 19
[REMARKS]
#FINAL-06-21#