000
CXUS55 KVEF 040012
CF6BIH
PRELIMINARY LOCAL CLIMATOLOGICAL DATA (WS FORM: F-6)
STATION: BISHOP CA
MONTH: APRIL
YEAR: 2020
LATITUDE: 37 22 N
LONGITUDE: 118 22 W
TEMPERATURE IN F: :PCPN: SNOW: WIND :SUNSHINE: SKY :PK WND
================================================================================
1 2 3 4 5 6A 6B 7 8 9 10 11 12 13 14 15 16 17 18
12Z AVG MX 2MIN
DY MAX MIN AVG DEP HDD CDD WTR SNW DPTH SPD SPD DIR MIN PSBL S-S WX SPD DR
================================================================================
1 76 29 53 2 12 0 0.00 0.0 0 10.8 31 250 M M 0 37 240
2 63 36 50 -1 15 0 0.00 0.0 0 12.3 29 360 M M 0 37 350
3 69 28 49 -3 16 0 0.00 0.0 0 4.9 14 10 M M 1 19 10
4 70 30 50 -2 15 0 0.00 0.0 0 10.9 25 180 M M 2 32 170
5 66 31 49 -3 16 0 0.00 0.0 0 14.6 33 170 M M 5 49 150
6 53 40 47 -5 18 0 0.12 0.0 0 12.5 25 150 M M 8 1 34 140
7 59 34 47 -5 18 0 0.02 0.0 0 8.8 21 150 M M 6 1 26 150
8 60 37 49 -3 16 0 0.12 0.0 0 8.5 26 140 M M 9 1 32 140
9 55 35 45 -8 20 0 0.17 0.0 0 11.1 23 160 M M 8 1 30 160
10 62 28 45 -8 20 0 0.00 0.0 0 5.3 10 270 M M 4 14 350
11 77 36 57 4 8 0 0.00 0.0 0 8.4 16 330 M M 3 21 350
12 72 39 56 3 9 0 T 0.0 0 7.3 23 20 M M 5 29 30
13 69 32 51 -3 14 0 0.00 0.0 0 14.3 28 350 M M 0 39 340
14 69 32 51 -3 14 0 0.00 0.0 0 7.5 17 30 M M 0 21 30
15 77 30 54 0 11 0 0.00 0.0 0 7.4 20 150 M M 0 24 150
16 75 36 56 2 9 0 T 0.0 0 8.1 23 360 M M 4 29 10
17 66 46 56 1 9 0 0.05 0.0 0 9.2 23 150 M M 9 32 150
18 72 44 58 3 7 0 T 0.0 0 6.0 16 150 M M 6 22 150
19 73 37 55 0 10 0 0.00 0.0 0 6.9 22 350 M M 1 27 350
20 66 36 51 -5 14 0 T 0.0 0 7.3 21 280 M M 6 30 280
21 77 43 60 4 5 0 0.00 0.0 0 8.0 20 290 M M 4 26 340
22 84 42 63 7 2 0 0.00 0.0 0 6.6 20 300 M M 0 26 310
23 86 56 71 15 0 6 0.00 0.0 0 13.1 25 10 M M 0 32 10
24 89 48 69 12 0 4 0.00 0.0 0 6.3 18 10 M M 0 8 24 10
25 89 43 66 9 0 1 0.00 0.0 0 9.5 22 250 M M 0 30 240
26 87 46 67 10 0 2 0.00 0.0 0 7.7 21 230 M M 0 25 260
27 91 43 67 9 0 2 0.00 0.0 0 6.3 14 330 M M 0 16 330
28 94 53 74 16 0 9 0.00 0.0 0 8.7 20 150 M M 0 26 190
29 93 50 72 14 0 7 0.00 0.0 0 8.8 23 150 M M 0 29 130
30 90 58 74 15 0 9 0.00 0.0 0 10.1 21 270 M M 0 27 260
================================================================================
SM 2229 1178 278 40 0.48 0.0 267.2 M 81
================================================================================
AV 74.3 39.3 8.9 FASTST M M 3 MAX(MPH)
MISC ----> 33 170 49 150
================================================================================
NOTES:
# LAST OF SEVERAL OCCURRENCES
COLUMN 17 PEAK WIND IN M.P.H.
PRELIMINARY LOCAL CLIMATOLOGICAL DATA (WS FORM: F-6) , PAGE 2
STATION: BISHOP CA
MONTH: APRIL
YEAR: 2020
LATITUDE: 37 22 N
LONGITUDE: 118 22 W
[TEMPERATURE DATA] [PRECIPITATION DATA] SYMBOLS USED IN COLUMN 16
AVERAGE MONTHLY: 56.8 TOTAL FOR MONTH: 0.48 1 = FOG OR MIST
DPTR FM NORMAL: 2.3 DPTR FM NORMAL: 0.22 2 = FOG REDUCING VISIBILITY
HIGHEST: 94 ON 28 GRTST 24HR 0.28 ON 8- 9 TO 1/4 MILE OR LESS
LOWEST: 28 ON 10, 3 3 = THUNDER
SNOW, ICE PELLETS, HAIL 4 = ICE PELLETS
TOTAL MONTH: 0.0 INCH 5 = HAIL
GRTST 24HR 0.0 6 = FREEZING RAIN OR DRIZZLE
GRTST DEPTH: 0 7 = DUSTSTORM OR SANDSTORM:
VSBY 1/2 MILE OR LESS
8 = SMOKE OR HAZE
[NO. OF DAYS WITH] [WEATHER - DAYS WITH] 9 = BLOWING SNOW
X = TORNADO
MAX 32 OR BELOW: 0 0.01 INCH OR MORE: 5
MAX 90 OR ABOVE: 4 0.10 INCH OR MORE: 3
MIN 32 OR BELOW: 8 0.50 INCH OR MORE: 0
MIN 0 OR BELOW: 0 1.00 INCH OR MORE: 0
[HDD (BASE 65) ]
TOTAL THIS MO. 278 CLEAR (SCALE 0-3) 18
DPTR FM NORMAL -41 PTCLDY (SCALE 4-7) 9
TOTAL FM JUL 1 3996 CLOUDY (SCALE 8-10) 3
DPTR FM NORMAL -46
[CDD (BASE 65) ]
TOTAL THIS MO. 40
DPTR FM NORMAL 36 [PRESSURE DATA]
TOTAL FM JAN 1 40 HIGHEST SLP M ON M
DPTR FM NORMAL 36 LOWEST SLP 29.48 ON 5
[REMARKS]
#FINAL-04-20#